{"id":2459,"date":"2021-05-22T08:13:58","date_gmt":"2021-05-22T06:13:58","guid":{"rendered":"https:\/\/layer.si\/bien\/?page_id=2459"},"modified":"2026-03-06T11:03:27","modified_gmt":"2026-03-06T10:03:27","slug":"obisk","status":"publish","type":"page","link":"https:\/\/layer.si\/bien\/obisk\/","title":{"rendered":"Obisk"},"content":{"rendered":"\t\t<div data-elementor-type=\"wp-page\" data-elementor-id=\"2459\" class=\"elementor elementor-2459\">\n\t\t\t\t\t\t\t<div class=\"elementor-element elementor-element-6bd2333 e-con-full e-flex e-con e-parent\" data-id=\"6bd2333\" data-element_type=\"container\" data-settings=\"{&quot;content_width&quot;:&quot;full&quot;}\" data-core-v316-plus=\"true\">\n\t\t\t\t<div class=\"elementor-element elementor-element-33356ab elementor-widget elementor-widget-image\" data-id=\"33356ab\" data-element_type=\"widget\" data-widget_type=\"image.default\">\n\t\t\t\t<div class=\"elementor-widget-container\">\n\t\t\t<style>\/*! elementor - v3.17.0 - 25-10-2023 *\/\n.elementor-widget-image{text-align:center}.elementor-widget-image a{display:inline-block}.elementor-widget-image a img[src$=\".svg\"]{width:48px}.elementor-widget-image img{vertical-align:middle;display:inline-block}<\/style>\t\t\t\t\t\t\t\t\t\t\t\t<img loading=\"lazy\" decoding=\"async\" width=\"1800\" height=\"1200\" src=\"https:\/\/layer.si\/bien\/wp-content\/uploads\/2024\/09\/Eta-Sadar-Breznik_Ujeti-vihar_f_Jernej-Humar_BIEN2025-67.jpg\" class=\"attachment-full size-full wp-image-9772\" alt=\"\" srcset=\"https:\/\/layer.si\/bien\/wp-content\/uploads\/2024\/09\/Eta-Sadar-Breznik_Ujeti-vihar_f_Jernej-Humar_BIEN2025-67.jpg 1800w, https:\/\/layer.si\/bien\/wp-content\/uploads\/2024\/09\/Eta-Sadar-Breznik_Ujeti-vihar_f_Jernej-Humar_BIEN2025-67-300x200.jpg 300w, https:\/\/layer.si\/bien\/wp-content\/uploads\/2024\/09\/Eta-Sadar-Breznik_Ujeti-vihar_f_Jernej-Humar_BIEN2025-67-1024x683.jpg 1024w, https:\/\/layer.si\/bien\/wp-content\/uploads\/2024\/09\/Eta-Sadar-Breznik_Ujeti-vihar_f_Jernej-Humar_BIEN2025-67-768x512.jpg 768w, https:\/\/layer.si\/bien\/wp-content\/uploads\/2024\/09\/Eta-Sadar-Breznik_Ujeti-vihar_f_Jernej-Humar_BIEN2025-67-1536x1024.jpg 1536w\" sizes=\"auto, (max-width: 1800px) 100vw, 1800px\" \/>\t\t\t\t\t\t\t\t\t\t\t\t\t\t\t<\/div>\n\t\t\t\t<\/div>\n\t\t\t\t<div class=\"elementor-element elementor-element-c9df19b elementor-widget elementor-widget-text-editor\" data-id=\"c9df19b\" data-element_type=\"widget\" data-widget_type=\"text-editor.default\">\n\t\t\t\t<div class=\"elementor-widget-container\">\n\t\t\t<style>\/*! elementor - v3.17.0 - 25-10-2023 *\/\n.elementor-widget-text-editor.elementor-drop-cap-view-stacked .elementor-drop-cap{background-color:#69727d;color:#fff}.elementor-widget-text-editor.elementor-drop-cap-view-framed .elementor-drop-cap{color:#69727d;border:3px solid;background-color:transparent}.elementor-widget-text-editor:not(.elementor-drop-cap-view-default) .elementor-drop-cap{margin-top:8px}.elementor-widget-text-editor:not(.elementor-drop-cap-view-default) .elementor-drop-cap-letter{width:1em;height:1em}.elementor-widget-text-editor .elementor-drop-cap{float:left;text-align:center;line-height:1;font-size:50px}.elementor-widget-text-editor .elementor-drop-cap-letter{display:inline-block}<\/style>\t\t\t\t<section class=\"elementor-section elementor-top-section elementor-element elementor-element-71ec963 elementor-section-boxed elementor-section-height-default elementor-section-height-default\" data-id=\"71ec963\" data-element_type=\"section\"><div class=\"elementor-container elementor-column-gap-default\"><div class=\"elementor-column elementor-col-100 elementor-top-column elementor-element elementor-element-89bc3be\" data-id=\"89bc3be\" data-element_type=\"column\"><div class=\"elementor-widget-wrap elementor-element-populated\"><div class=\"elementor-element elementor-element-832bf2f elementor-widget elementor-widget-text-editor\" data-id=\"832bf2f\" data-element_type=\"widget\" data-widget_type=\"text-editor.default\"><div class=\"elementor-widget-container\"><p>Eta Sadar Breznik: Ujeti vihar (2024) @ Rotunda SNG Nova Gorica<\/p><\/div><\/div><\/div><\/div><\/div><\/section>\t\t\t\t\t\t<\/div>\n\t\t\t\t<\/div>\n\t\t\t\t<\/div>\n\t\t<div class=\"elementor-element elementor-element-903ef2c e-flex e-con-boxed e-con e-parent\" data-id=\"903ef2c\" data-element_type=\"container\" data-settings=\"{&quot;content_width&quot;:&quot;boxed&quot;}\" data-core-v316-plus=\"true\">\n\t\t\t\t\t<div class=\"e-con-inner\">\n\t\t\t\t<div class=\"elementor-element elementor-element-6a9b647 elementor-widget elementor-widget-text-editor\" data-id=\"6a9b647\" data-element_type=\"widget\" data-widget_type=\"text-editor.default\">\n\t\t\t\t<div class=\"elementor-widget-container\">\n\t\t\t\t\t\t\t<p>Projekti BIEN 2026 se odvijajo na razli\u010dnih lokacijah Gorenjske, na\u0161a baza pa ostaja <a href=\"http:\/\/layer.si\">Layerjeva hi\u0161a v Kranju<\/a>.\u00a0<\/p><p>Naslednja edicija bienala BIEN 2027 (29. 5.\u201314. 8 2027) bo v Kranju, \u0160kofji Loki, Tr\u017ei\u010du in na Jesenicah.<\/p>\t\t\t\t\t\t<\/div>\n\t\t\t\t<\/div>\n\t\t\t\t\t<\/div>\n\t\t\t\t<\/div>\n\t\t\t\t\t\t\t<\/div>\n\t\t","protected":false},"excerpt":{"rendered":"<p>Eta Sadar Breznik: Ujeti vihar (2024) @ Rotunda SNG Nova Gorica Projekti BIEN 2026 se odvijajo na razli\u010dnih lokacijah Gorenjske, na\u0161a baza pa ostaja Layerjeva hi\u0161a v Kranju.\u00a0 Naslednja edicija bienala BIEN 2027 (29. 5.\u201314. 8 2027) bo v Kranju, \u0160kofji Loki, Tr\u017ei\u010du in na Jesenicah.<\/p>\n","protected":false},"author":1,"featured_media":0,"parent":0,"menu_order":56,"comment_status":"closed","ping_status":"closed","template":"","meta":{"footnotes":""},"class_list":["post-2459","page","type-page","status-publish","hentry"],"_links":{"self":[{"href":"https:\/\/layer.si\/bien\/wp-json\/wp\/v2\/pages\/2459","targetHints":{"allow":["GET"]}}],"collection":[{"href":"https:\/\/layer.si\/bien\/wp-json\/wp\/v2\/pages"}],"about":[{"href":"https:\/\/layer.si\/bien\/wp-json\/wp\/v2\/types\/page"}],"author":[{"embeddable":true,"href":"https:\/\/layer.si\/bien\/wp-json\/wp\/v2\/users\/1"}],"replies":[{"embeddable":true,"href":"https:\/\/layer.si\/bien\/wp-json\/wp\/v2\/comments?post=2459"}],"version-history":[{"count":155,"href":"https:\/\/layer.si\/bien\/wp-json\/wp\/v2\/pages\/2459\/revisions"}],"predecessor-version":[{"id":15438,"href":"https:\/\/layer.si\/bien\/wp-json\/wp\/v2\/pages\/2459\/revisions\/15438"}],"wp:attachment":[{"href":"https:\/\/layer.si\/bien\/wp-json\/wp\/v2\/media?parent=2459"}],"curies":[{"name":"wp","href":"https:\/\/api.w.org\/{rel}","templated":true}]}}