{"id":1161,"date":"2024-09-30T09:57:15","date_gmt":"2024-09-30T07:57:15","guid":{"rendered":"https:\/\/layer.si\/dvocikel\/?post_type=dogodki&#038;p=1161"},"modified":"2024-09-30T10:21:31","modified_gmt":"2024-09-30T08:21:31","slug":"dejan-koban-x-kikiriki","status":"publish","type":"dogodki","link":"https:\/\/layer.si\/dvocikel\/dogodki\/dejan-koban-x-kikiriki\/","title":{"rendered":"DEJAN KOBAN X KIKIRIKI"},"content":{"rendered":"\n<p><\/p>\n\n\n\n<p>Na tokratni rezidenci bosta sodelovala\u00a0<strong>pesnik Dejan Koban<\/strong>\u00a0in\u00a0<strong>glasbena ter zvo\u010dna umetnica Nina Fari\u010d<\/strong>, ki ustvarja pod umetni\u0161kim imenom\u00a0<strong>Kikiriki<\/strong>. Rezultat njunega enotedenskega ustvarjanja bo predstavljen na zaklju\u010dnem literarno-glasbenem performansu.<\/p>\n\n\n\n<p><strong>Dejan Koban<\/strong>&nbsp;je edukativni pankrt. Rodil se je na Jesenicah. Njegov o\u010de je bil gastarbajter, mati pa je brusila vijake in prebirala matice v tovarni Plamen Kropa. Nikoli ni obiskoval fakultete. Nikoli ni maral ljudi. Nikoli ni nikogar pretepel, le enemu je v osnovni \u0161oli razbil nos. Ker si je zaslu\u017eil. Pi\u0161e poezijo, ker drugega ne zna. V bendu nevemnevem kri\u010di svoje verze, ker je na dobre verze drugih pesnikov ljubosumen. Ne mara JAK-a in malin. Vsak dan zaspi z \u017eelezno vrtnico, ker je to edina nagrada, ki jo je kdaj osvojil. Sicer je krotek. In rad bere poezijo v \u017eivo.<\/p>\n\n\n\n<p><strong>Nina Fari\u010d ali Kikiriki<\/strong>\u00a0je \u017ee dvajset let dejavna v raznih glasbenih kolektivih. Najprej kot vokalistka, kasneje kot in\u0161trumentalistka in od leta 2009 kot solo noise izvajalka. Osredoto\u010da se na eksperimentiranje z v \u017eivo sproduciranim zvokom iz predvsem analognih sintetizatorjev in naredi-sam elektronskih vezij. Kot Kikiriki je izdala \u017ee devet izdaj, od tega par kolaboracij. Ve\u010dina posnetkov je posnetih v \u017eivo, v studiu ali na koncertu. Zraven eksperimentalnega zvo\u010denja se ukvarja tudi z did\u017eejanjem v kolektivu Dubomb pod imenom Madamdub. Sodelovala je in si delila odre ter druge prostore s \u0161tevilnimi drugimi zvo\u010dnimi umetniki, nastopila na veliko festivalih in samostojnih dogodkih v Sloveniji, Avstriji, \u010ce\u0161ki in Nem\u010diji, leta 2015 tudi na Ars Electronici v Linzu. Za doma\u010do DIY zalo\u017ebo Kamizdat je decembra 2016 izdala album Woodsinus.<\/p>\n\n\n\n<p><\/p>\n\n\n\n<p>Dogodek poteka v sklopu Jenkovih dni in je del programa literarnih prireditev, ki ga sofinancirana Javna agencija za knjigo RS.<\/p>\n","protected":false},"featured_media":1162,"parent":0,"template":"","leto":[63],"_links":{"self":[{"href":"https:\/\/layer.si\/dvocikel\/wp-json\/wp\/v2\/dogodki\/1161"}],"collection":[{"href":"https:\/\/layer.si\/dvocikel\/wp-json\/wp\/v2\/dogodki"}],"about":[{"href":"https:\/\/layer.si\/dvocikel\/wp-json\/wp\/v2\/types\/dogodki"}],"wp:featuredmedia":[{"embeddable":true,"href":"https:\/\/layer.si\/dvocikel\/wp-json\/wp\/v2\/media\/1162"}],"wp:attachment":[{"href":"https:\/\/layer.si\/dvocikel\/wp-json\/wp\/v2\/media?parent=1161"}],"wp:term":[{"taxonomy":"leto","embeddable":true,"href":"https:\/\/layer.si\/dvocikel\/wp-json\/wp\/v2\/leto?post=1161"}],"curies":[{"name":"wp","href":"https:\/\/api.w.org\/{rel}","templated":true}]}}

<p></p>



<p>Na tokratni rezidenci bosta sodelovala <strong>pesnik Dejan Koban</strong> in <strong>glasbena ter zvočna umetnica Nina Farič</strong>, ki ustvarja pod umetniškim imenom <strong>Kikiriki</strong>. Rezultat njunega enotedenskega ustvarjanja bo predstavljen na zaključnem literarno-glasbenem performansu.</p>



<p><strong>Dejan Koban</strong>&nbsp;je edukativni pankrt. Rodil se je na Jesenicah. Njegov oče je bil gastarbajter, mati pa je brusila vijake in prebirala matice v tovarni Plamen Kropa. Nikoli ni obiskoval fakultete. Nikoli ni maral ljudi. Nikoli ni nikogar pretepel, le enemu je v osnovni šoli razbil nos. Ker si je zaslužil. Piše poezijo, ker drugega ne zna. V bendu nevemnevem kriči svoje verze, ker je na dobre verze drugih pesnikov ljubosumen. Ne mara JAK-a in malin. Vsak dan zaspi z železno vrtnico, ker je to edina nagrada, ki jo je kdaj osvojil. Sicer je krotek. In rad bere poezijo v živo.</p>



<p><strong>Nina Farič ali Kikiriki</strong> je že dvajset let dejavna v raznih glasbenih kolektivih. Najprej kot vokalistka, kasneje kot inštrumentalistka in od leta 2009 kot solo noise izvajalka. Osredotoča se na eksperimentiranje z v živo sproduciranim zvokom iz predvsem analognih sintetizatorjev in naredi-sam elektronskih vezij. Kot Kikiriki je izdala že devet izdaj, od tega par kolaboracij. Večina posnetkov je posnetih v živo, v studiu ali na koncertu. Zraven eksperimentalnega zvočenja se ukvarja tudi z didžejanjem v kolektivu Dubomb pod imenom Madamdub. Sodelovala je in si delila odre ter druge prostore s številnimi drugimi zvočnimi umetniki, nastopila na veliko festivalih in samostojnih dogodkih v Sloveniji, Avstriji, Češki in Nemčiji, leta 2015 tudi na Ars Electronici v Linzu. Za domačo DIY založbo Kamizdat je decembra 2016 izdala album Woodsinus.</p>



<p></p>



<p>Dogodek poteka v sklopu Jenkovih dni in je del programa literarnih prireditev, ki ga sofinancirana Javna agencija za knjigo RS.</p>
