{"id":363,"date":"2019-03-31T13:37:54","date_gmt":"2019-03-31T13:37:54","guid":{"rendered":"https:\/\/layer.si\/kaos\/?page_id=363"},"modified":"2020-07-07T21:37:13","modified_gmt":"2020-07-07T21:37:13","slug":"na-pozivu-izbrani-umetniki-2018","status":"publish","type":"page","link":"https:\/\/layer.si\/kaos\/si\/umetniki\/na-pozivu-izbrani-umetniki\/na-pozivu-izbrani-umetniki-2018\/","title":{"rendered":"NA POZIVU IZBRANI UMETNIKI 2018"},"content":{"rendered":"\t\t<div data-elementor-type=\"wp-post\" data-elementor-id=\"363\" class=\"elementor elementor-363\" data-elementor-settings=\"[]\">\n\t\t\t<div class=\"elementor-inner\">\n\t\t\t\t<div class=\"elementor-section-wrap\">\n\t\t\t\t\t\t\t<section class=\"elementor-element elementor-element-37b3e10 elementor-section-boxed elementor-section-height-default elementor-section-height-default elementor-section elementor-top-section\" data-id=\"37b3e10\" data-element_type=\"section\">\n\t\t\t\t\t\t<div class=\"elementor-container elementor-column-gap-default\">\n\t\t\t\t<div class=\"elementor-row\">\n\t\t\t\t<div class=\"elementor-element elementor-element-0a06692 elementor-column elementor-col-100 elementor-top-column\" data-id=\"0a06692\" data-element_type=\"column\">\n\t\t\t<div class=\"elementor-column-wrap  elementor-element-populated\">\n\t\t\t\t\t<div class=\"elementor-widget-wrap\">\n\t\t\t\t<div class=\"elementor-element elementor-element-06d1c2e elementor-nav-menu__align-center elementor-nav-menu__text-align-center elementor-nav-menu--indicator-classic elementor-nav-menu--dropdown-tablet elementor-widget elementor-widget-nav-menu\" data-id=\"06d1c2e\" data-element_type=\"widget\" data-settings=\"{&quot;layout&quot;:&quot;horizontal&quot;}\" data-widget_type=\"nav-menu.default\">\n\t\t\t\t<div class=\"elementor-widget-container\">\n\t\t\t\t\t\t<nav role=\"navigation\" class=\"elementor-nav-menu--main elementor-nav-menu__container elementor-nav-menu--layout-horizontal e--pointer-underline e--animation-fade\"><ul id=\"menu-1-06d1c2e\" class=\"elementor-nav-menu\"><li class=\"menu-item menu-item-type-post_type menu-item-object-page menu-item-5567\"><a href=\"https:\/\/layer.si\/kaos\/si\/umetniki\/na-pozivu-izbrani-umetniki\/na-pozivu-izbrani-umetniki-2024\/\" class=\"elementor-item\">2024<\/a><\/li>\n<li class=\"menu-item menu-item-type-post_type menu-item-object-page menu-item-4645\"><a href=\"https:\/\/layer.si\/kaos\/si\/umetniki\/na-pozivu-izbrani-umetniki\/na-pozivu-izbrani-umetniki-2022\/\" class=\"elementor-item\">2022<\/a><\/li>\n<li class=\"menu-item menu-item-type-post_type menu-item-object-page menu-item-3881\"><a href=\"https:\/\/layer.si\/kaos\/si\/umetniki\/na-pozivu-izbrani-umetniki\/na-pozivu-izbrani-umetniki-2020\/\" class=\"elementor-item\">2020<\/a><\/li>\n<li class=\"menu-item menu-item-type-post_type menu-item-object-page menu-item-727\"><a href=\"https:\/\/layer.si\/kaos\/si\/umetniki\/na-pozivu-izbrani-umetniki\/na-pozivu-izbrani-umetniki-2019\/\" class=\"elementor-item\">2019<\/a><\/li>\n<li class=\"menu-item menu-item-type-post_type menu-item-object-page menu-item-728\"><a href=\"https:\/\/layer.si\/kaos\/si\/umetniki\/na-pozivu-izbrani-umetniki\/na-pozivu-izbrani-umetniki-2018\/\" class=\"elementor-item\">2018<\/a><\/li>\n<\/ul><\/nav>\n\t\t\t\t\t<div class=\"elementor-menu-toggle\" role=\"button\" tabindex=\"0\" aria-label=\"Menu Toggle\" aria-expanded=\"false\">\n\t\t\t<i class=\"eicon-menu-bar\" aria-hidden=\"true\"><\/i>\n\t\t\t<span class=\"elementor-screen-only\">Menu<\/span>\n\t\t<\/div>\n\t\t\t<nav class=\"elementor-nav-menu--dropdown elementor-nav-menu__container\" role=\"navigation\" aria-hidden=\"true\"><ul id=\"menu-2-06d1c2e\" class=\"elementor-nav-menu\"><li class=\"menu-item menu-item-type-post_type menu-item-object-page menu-item-5567\"><a href=\"https:\/\/layer.si\/kaos\/si\/umetniki\/na-pozivu-izbrani-umetniki\/na-pozivu-izbrani-umetniki-2024\/\" class=\"elementor-item\">2024<\/a><\/li>\n<li class=\"menu-item menu-item-type-post_type menu-item-object-page menu-item-4645\"><a href=\"https:\/\/layer.si\/kaos\/si\/umetniki\/na-pozivu-izbrani-umetniki\/na-pozivu-izbrani-umetniki-2022\/\" class=\"elementor-item\">2022<\/a><\/li>\n<li class=\"menu-item menu-item-type-post_type menu-item-object-page menu-item-3881\"><a href=\"https:\/\/layer.si\/kaos\/si\/umetniki\/na-pozivu-izbrani-umetniki\/na-pozivu-izbrani-umetniki-2020\/\" class=\"elementor-item\">2020<\/a><\/li>\n<li class=\"menu-item menu-item-type-post_type menu-item-object-page menu-item-727\"><a href=\"https:\/\/layer.si\/kaos\/si\/umetniki\/na-pozivu-izbrani-umetniki\/na-pozivu-izbrani-umetniki-2019\/\" class=\"elementor-item\">2019<\/a><\/li>\n<li class=\"menu-item menu-item-type-post_type menu-item-object-page menu-item-728\"><a href=\"https:\/\/layer.si\/kaos\/si\/umetniki\/na-pozivu-izbrani-umetniki\/na-pozivu-izbrani-umetniki-2018\/\" class=\"elementor-item\">2018<\/a><\/li>\n<\/ul><\/nav>\n\t\t\t\t<\/div>\n\t\t\t\t<\/div>\n\t\t\t\t\t\t<\/div>\n\t\t\t<\/div>\n\t\t<\/div>\n\t\t\t\t\t\t<\/div>\n\t\t\t<\/div>\n\t\t<\/section>\n\t\t\t\t<section class=\"elementor-element elementor-element-4a3f3c01 elementor-section-boxed elementor-section-height-default elementor-section-height-default elementor-section elementor-top-section\" data-id=\"4a3f3c01\" data-element_type=\"section\">\n\t\t\t\t\t\t<div class=\"elementor-container elementor-column-gap-default\">\n\t\t\t\t<div class=\"elementor-row\">\n\t\t\t\t<div class=\"elementor-element elementor-element-2e04d00 elementor-column elementor-col-100 elementor-top-column\" data-id=\"2e04d00\" data-element_type=\"column\">\n\t\t\t<div class=\"elementor-column-wrap  elementor-element-populated\">\n\t\t\t\t\t<div class=\"elementor-widget-wrap\">\n\t\t\t\t<div class=\"elementor-element elementor-element-42c4df9a elementor-widget elementor-widget-text-editor\" data-id=\"42c4df9a\" data-element_type=\"widget\" data-widget_type=\"text-editor.default\">\n\t\t\t\t<div class=\"elementor-widget-container\">\n\t\t\t\t\t<div class=\"elementor-text-editor elementor-clearfix\"><!-- wp:paragraph -->\n<p>\u00a0<\/p>\n<!-- \/wp:paragraph --><!-- wp:heading -->\n<h1>NA RAZPISU IZBRANI UMETNIKI<\/h1>\n<!-- \/wp:heading --><!-- wp:paragraph -->\n<p>Marta \u017divi\u010dnjak, Hrva\u0161ka<\/p>\n<!-- \/wp:paragraph --><!-- wp:paragraph -->\n<p>Nicolas Hecquet, Francija<\/p>\n<!-- \/wp:paragraph --><!-- wp:paragraph -->\n<p>Grzegors\u00a0\u0141oznikow, Poljska<\/p>\n<!-- \/wp:paragraph --><!-- wp:paragraph -->\n<p>Bruno Butorac, Hrva\u0161ka<\/p>\n<!-- \/wp:paragraph --><!-- wp:paragraph -->\n<p>Joana Coccarelli, Brazilija<\/p>\n<!-- \/wp:paragraph --><!-- wp:paragraph -->\n<p>Miroslav Cukovic, ZDA<\/p>\n<!-- \/wp:paragraph --><!-- wp:paragraph -->\n<p>Silvia Wladimirski Barenboim, \u0160panija<\/p>\n<!-- \/wp:paragraph --><!-- wp:paragraph -->\n<p>Christine Voelk, Nem\u010dija<\/p>\n<!-- \/wp:paragraph --><!-- wp:paragraph -->\n<p>Eugenia Conde Maria, \u0160panija<\/p>\n<!-- \/wp:paragraph --><!-- wp:paragraph -->\n<p>Lidija Feren\u010dak, Hrva\u0161ka<\/p>\n<!-- \/wp:paragraph --><!-- wp:paragraph -->\n<p>William Turmeau, Francija<\/p>\n<!-- \/wp:paragraph --><!-- wp:paragraph -->\n<p>Floriana Di Giorgio, Italija<\/p>\n<!-- \/wp:paragraph --><!-- wp:paragraph -->\n<p>Holger Becker, Nem\u010dija<\/p>\n<!-- \/wp:paragraph --><!-- wp:paragraph -->\n<p>Jeronim Batista Rosa Chaveiro, Portugalska<\/p>\n<!-- \/wp:paragraph --><!-- wp:paragraph -->\n<p>Klaudie Hlavata, \u010ce\u0161ka<\/p>\n<!-- \/wp:paragraph --><!-- wp:paragraph -->\n<p>Anna Sandalaki, Gr\u010dija<\/p>\n<!-- \/wp:paragraph --><!-- wp:paragraph -->\n<p>Nina Fraser, Velika Britanija<\/p>\n<!-- \/wp:paragraph --><!-- wp:paragraph -->\n<p>Schrieck\u00a0, Belgija<\/p>\n<!-- \/wp:paragraph --><!-- wp:paragraph -->\n<p>Tina Dempsey, Velika Britanija<\/p>\n<!-- \/wp:paragraph --><!-- wp:paragraph -->\n<p>Lidija Zajdzinska, Poljska<\/p>\n<!-- \/wp:paragraph --><!-- wp:paragraph -->\n<p>Avi Yair, Izrael<\/p>\n<!-- \/wp:paragraph --><!-- wp:paragraph -->\n<p>Marta Janik, Poljska<\/p>\n<!-- \/wp:paragraph --><!-- wp:paragraph -->\n<p>Radoslav Golubovic, Srbija<\/p>\n<!-- \/wp:paragraph --><!-- wp:paragraph -->\n<p>Maria Andrade, Portugalska<\/p>\n<!-- \/wp:paragraph --><!-- wp:paragraph -->\n<p>Grasa and Carlos Quiterio, Portugalska<\/p>\n<!-- \/wp:paragraph --><!-- wp:paragraph -->\n<p>Denis Kollasch, Nem\u010dija<\/p>\n<!-- \/wp:paragraph --><!-- wp:paragraph -->\n<p>Paola Lesina, Italija<\/p>\n<!-- \/wp:paragraph --><!-- wp:paragraph -->\n<p>Kai Holland, Nem\u010dija<\/p>\n<!-- \/wp:paragraph --><!-- wp:paragraph -->\n<p>Tinca Veerman, Nizozemska<\/p>\n<!-- \/wp:paragraph --><!-- wp:paragraph -->\n<p>Martin Do\u0161ek, \u010ce\u0161ka<\/p>\n<!-- \/wp:paragraph --><!-- wp:paragraph -->\n<p>Constantino Chaidalis, Gr\u010dija<\/p>\n<!-- \/wp:paragraph --><!-- wp:paragraph -->\n<p>Mariano Alonso, Argentina<\/p>\n<!-- \/wp:paragraph --><!-- wp:paragraph -->\n<p>Pasquale de Sensi, Italija<\/p>\n<!-- \/wp:paragraph --><!-- wp:paragraph -->\n<p>Phil\u00a0Carney, Velika Britanija<\/p>\n<!-- \/wp:paragraph --><!-- wp:paragraph -->\n<p>Sophie Vanhomwegen, Belgija<\/p>\n<!-- \/wp:paragraph --><!-- wp:paragraph -->\n<p>Antoni Hidalgo, \u0160panija<\/p>\n<!-- \/wp:paragraph --><!-- wp:paragraph -->\n<p>Joanna Zajec Slapni\u010dar, Poljska<\/p>\n<!-- \/wp:paragraph --><!-- wp:paragraph -->\n<p>Dora Bakek, Hrva\u0161ka<\/p>\n<!-- \/wp:paragraph --><!-- wp:paragraph -->\n<p>Miha Brinovec, Slovenija<\/p>\n<!-- \/wp:paragraph --><!-- wp:paragraph -->\n<p>Danila Krpi\u010d, Slovenia<\/p>\n<!-- \/wp:paragraph --><!-- wp:paragraph -->\n<p>Andreja Er\u017een, Slovenija<\/p>\n<!-- \/wp:paragraph --><!-- wp:paragraph -->\n<p>Matija Medved, Slovenija<\/p>\n<!-- \/wp:paragraph --><!-- wp:paragraph -->\n<p>Sta\u0161a Gu\u010dek, Slovenija<\/p>\n<!-- \/wp:paragraph --><!-- wp:paragraph -->\n<p>Pavel Tanko, Slovenija<\/p>\n<!-- \/wp:paragraph --><!-- wp:paragraph -->\n<p>Vasko Vidmar, Slovenija<\/p>\n<!-- \/wp:paragraph --><!-- wp:paragraph -->\n<p>Monika Slemc, Slovenija<\/p>\n<!-- \/wp:paragraph --><!-- wp:paragraph -->\n<p>Iva Tratnik, Slovenija<\/p>\n<!-- \/wp:paragraph --><!-- wp:paragraph -->\n<p>Janko Kastelic, Slovenija<\/p>\n<!-- \/wp:paragraph --><!-- wp:paragraph -->\n<p>Tanja \u0160penko, Slovenija<\/p>\n<!-- \/wp:paragraph --><!-- wp:paragraph -->\n<p>Kaja Urh, Slovenia<\/p>\n<!-- \/wp:paragraph --><!-- wp:paragraph -->\n<p>Maja Zaplotnik, Slovenia<\/p>\n<!-- \/wp:paragraph --><!-- wp:paragraph -->\n<p>Bolezen na\u0161ih dni (ve\u010d avtorjev) (razstava Kola\u017e v knjigi umetnika)<\/p>\n<!-- \/wp:paragraph --><!-- wp:paragraph -->\n<p>Francesca Sacco, Italija (razstava kola\u017e v ilustraciji)<\/p>\n<!-- \/wp:paragraph --><!-- wp:paragraph -->\n<p>Marina Markovic, Srbija\u00a0 (razstava Kola\u017e v knjigi umetnika)<\/p>\n<!-- \/wp:paragraph --><!-- wp:paragraph -->\n<p>Jesicca Orec, ZDA (uvod v razstavo Mail Art)<\/p>\n<!-- \/wp:paragraph --><!-- wp:paragraph -->\n<p>Miranda Rumina, Slovenija\u00a0(uvod v razstavo Mail Art)<\/p>\n<!-- \/wp:paragraph --><!-- wp:paragraph -->\n<p>Andreja Gregori\u010d, Slovenija (razstava Kola\u017e v ilustraciji)<\/p>\n<!-- \/wp:paragraph --><!-- wp:heading -->\n<h2><br \/><strong>29. 6. &#8211; 14. 8. 2018<\/strong><\/h2>\n<!-- \/wp:heading --><!-- wp:paragraph -->\n<p><strong>WHAT IF &#8230; THE TOWER WAS BUILT FROM COLLAGE LAYERS?<\/strong><br \/>KAJ \u010cE &#8230; BI STOLP GRADILE PLASTI KOLA\u017dA?<\/p>\n<!-- \/wp:paragraph --><!-- wp:paragraph -->\n<p>Stolp \u0160krlovec<br \/>5. 7. \u2013 14. 8. 2018<\/p>\n<!-- \/wp:paragraph --><!-- wp:paragraph -->\n<p>Znaten del festivala zavzema razstava v stolpu \u0160krlovec, kjer se bodo predstavili umetniki izbrani na mednarodnem odprtem pozivu. Na poziv naslovljen s temo \u201cKaj \u010de \u2026\u201d je do 12. maja prispelo\u00a0<strong>222 prijav ustvarjalcev<\/strong>, ki se v svoji praksi tako ali druga\u010de poslu\u017eujejo tehnike kola\u017ea. Udele\u017eba je mednarodna in raznorodna, dela so stara najve\u010d tri leta. Zato bo razstava osvetlila ravno tisto heterogenost, ki velja tako za sodobni kola\u017e, kot tudi za sodobno vizualno produkcijo v \u0161ir\u0161em mednarodnem prostoru na splo\u0161no. Postavitev bo upo\u0161tevala formalne zna\u010dilnosti in konceptualne pobude ter na enem mestu vzpostavila organizirani kaos likovnih izzivov in idej. Nenazadnje bo prva izdaja festivala nakazala pot prihodnjemu razmi\u0161ljanju o tem, kaj vse \u0161e zmore tovrstna predstavitev kola\u017ea.<\/p>\n<!-- \/wp:paragraph --><!-- wp:paragraph -->\n<p>\u017dirija:\u00a0Maja Anton\u010di\u010d (kuratorica razstave), Claudio Beorchia\u00a0(umetnik kola\u017ea iz Italije)\u00a0in LANE (umetnica kola\u017ea in soustanoviteljica festivala Collagistas iz Gr\u010dije)<\/p>\n<!-- \/wp:paragraph --><!-- wp:paragraph -->\n<p>\u00a0<\/p>\n<!-- \/wp:paragraph --><!-- wp:paragraph -->\n<p>\u00a0<\/p>\n<!-- \/wp:paragraph --><!-- wp:paragraph -->\n<p>\u00a0<\/p>\n<!-- \/wp:paragraph --><\/div>\n\t\t\t\t<\/div>\n\t\t\t\t<\/div>\n\t\t\t\t\t\t<\/div>\n\t\t\t<\/div>\n\t\t<\/div>\n\t\t\t\t\t\t<\/div>\n\t\t\t<\/div>\n\t\t<\/section>\n\t\t\t\t<section class=\"elementor-element elementor-element-9f2956d elementor-section-boxed elementor-section-height-default elementor-section-height-default elementor-section elementor-top-section\" data-id=\"9f2956d\" data-element_type=\"section\">\n\t\t\t\t\t\t<div class=\"elementor-container elementor-column-gap-default\">\n\t\t\t\t<div class=\"elementor-row\">\n\t\t\t\t<div class=\"elementor-element elementor-element-629c029 elementor-column elementor-col-100 elementor-top-column\" data-id=\"629c029\" data-element_type=\"column\">\n\t\t\t<div class=\"elementor-column-wrap  elementor-element-populated\">\n\t\t\t\t\t<div class=\"elementor-widget-wrap\">\n\t\t\t\t<div class=\"elementor-element elementor-element-914d984 elementor-widget elementor-widget-image\" data-id=\"914d984\" data-element_type=\"widget\" data-widget_type=\"image.default\">\n\t\t\t\t<div class=\"elementor-widget-container\">\n\t\t\t\t\t<div class=\"elementor-image\">\n\t\t\t\t\t\t\t\t\t\t<img width=\"800\" height=\"449\" src=\"https:\/\/layer.si\/kaos\/wp-content\/uploads\/22045650-24895501-1024x575.jpg\" class=\"attachment-large size-large\" alt=\"\" loading=\"lazy\" srcset=\"https:\/\/layer.si\/kaos\/wp-content\/uploads\/22045650-24895501-1024x575.jpg 1024w, https:\/\/layer.si\/kaos\/wp-content\/uploads\/22045650-24895501-300x169.jpg 300w, https:\/\/layer.si\/kaos\/wp-content\/uploads\/22045650-24895501-768x431.jpg 768w, https:\/\/layer.si\/kaos\/wp-content\/uploads\/22045650-24895501.jpg 1200w\" sizes=\"(max-width: 800px) 100vw, 800px\" \/>\t\t\t\t\t\t\t\t\t\t\t<\/div>\n\t\t\t\t<\/div>\n\t\t\t\t<\/div>\n\t\t\t\t\t\t<\/div>\n\t\t\t<\/div>\n\t\t<\/div>\n\t\t\t\t\t\t<\/div>\n\t\t\t<\/div>\n\t\t<\/section>\n\t\t\t\t<section class=\"elementor-element elementor-element-d5bb76b elementor-section-boxed elementor-section-height-default elementor-section-height-default elementor-section elementor-top-section\" data-id=\"d5bb76b\" data-element_type=\"section\">\n\t\t\t\t\t\t<div class=\"elementor-container elementor-column-gap-default\">\n\t\t\t\t<div class=\"elementor-row\">\n\t\t\t\t<div class=\"elementor-element elementor-element-f121350 elementor-column elementor-col-100 elementor-top-column\" data-id=\"f121350\" data-element_type=\"column\">\n\t\t\t<div class=\"elementor-column-wrap  elementor-element-populated\">\n\t\t\t\t\t<div class=\"elementor-widget-wrap\">\n\t\t\t\t<div class=\"elementor-element elementor-element-131bd8f elementor-widget elementor-widget-image\" data-id=\"131bd8f\" data-element_type=\"widget\" data-widget_type=\"image.default\">\n\t\t\t\t<div class=\"elementor-widget-container\">\n\t\t\t\t\t<div class=\"elementor-image\">\n\t\t\t\t\t\t\t\t\t\t<img width=\"800\" height=\"533\" src=\"https:\/\/layer.si\/kaos\/wp-content\/uploads\/22045650-24895515-1024x682.jpg\" class=\"attachment-large size-large\" alt=\"\" loading=\"lazy\" srcset=\"https:\/\/layer.si\/kaos\/wp-content\/uploads\/22045650-24895515-1024x682.jpg 1024w, https:\/\/layer.si\/kaos\/wp-content\/uploads\/22045650-24895515-300x200.jpg 300w, https:\/\/layer.si\/kaos\/wp-content\/uploads\/22045650-24895515-768x511.jpg 768w, https:\/\/layer.si\/kaos\/wp-content\/uploads\/22045650-24895515.jpg 1200w\" sizes=\"(max-width: 800px) 100vw, 800px\" \/>\t\t\t\t\t\t\t\t\t\t\t<\/div>\n\t\t\t\t<\/div>\n\t\t\t\t<\/div>\n\t\t\t\t\t\t<\/div>\n\t\t\t<\/div>\n\t\t<\/div>\n\t\t\t\t\t\t<\/div>\n\t\t\t<\/div>\n\t\t<\/section>\n\t\t\t\t\t\t<\/div>\n\t\t\t<\/div>\n\t\t<\/div>\n\t\t","protected":false},"excerpt":{"rendered":"<p>&nbsp; NA RAZPISU IZBRANI UMETNIKI Marta \u017divi\u010dnjak, Hrva\u0161ka Nicolas Hecquet, Francija Grzegors&nbsp;\u0141oznikow, Poljska Bruno Butorac, Hrva\u0161ka Joana Coccarelli, Brazilija Miroslav Cukovic, ZDA Silvia Wladimirski Barenboim, \u0160panija Christine Voelk, Nem\u010dija Eugenia Conde Maria, \u0160panija Lidija Feren\u010dak, Hrva\u0161ka William Turmeau, Francija Floriana Di Giorgio, Italija Holger Becker, Nem\u010dija Jeronim Batista Rosa Chaveiro, Portugalska Klaudie Hlavata, \u010ce\u0161ka Anna [&hellip;]<\/p>\n","protected":false},"author":1,"featured_media":0,"parent":722,"menu_order":4,"comment_status":"closed","ping_status":"closed","template":"","meta":[],"_links":{"self":[{"href":"https:\/\/layer.si\/kaos\/wp-json\/wp\/v2\/pages\/363"}],"collection":[{"href":"https:\/\/layer.si\/kaos\/wp-json\/wp\/v2\/pages"}],"about":[{"href":"https:\/\/layer.si\/kaos\/wp-json\/wp\/v2\/types\/page"}],"author":[{"embeddable":true,"href":"https:\/\/layer.si\/kaos\/wp-json\/wp\/v2\/users\/1"}],"replies":[{"embeddable":true,"href":"https:\/\/layer.si\/kaos\/wp-json\/wp\/v2\/comments?post=363"}],"version-history":[{"count":13,"href":"https:\/\/layer.si\/kaos\/wp-json\/wp\/v2\/pages\/363\/revisions"}],"predecessor-version":[{"id":3880,"href":"https:\/\/layer.si\/kaos\/wp-json\/wp\/v2\/pages\/363\/revisions\/3880"}],"up":[{"embeddable":true,"href":"https:\/\/layer.si\/kaos\/wp-json\/wp\/v2\/pages\/722"}],"wp:attachment":[{"href":"https:\/\/layer.si\/kaos\/wp-json\/wp\/v2\/media?parent=363"}],"curies":[{"name":"wp","href":"https:\/\/api.w.org\/{rel}","templated":true}]}}