{"id":3826,"date":"2020-07-07T14:44:23","date_gmt":"2020-07-07T14:44:23","guid":{"rendered":"https:\/\/layer.si\/kaos\/?page_id=3826"},"modified":"2020-07-08T20:02:29","modified_gmt":"2020-07-08T20:02:29","slug":"umetniki-na-rezidenci-2020","status":"publish","type":"page","link":"https:\/\/layer.si\/kaos\/si\/umetniki\/umetniki-na-rezidenci\/umetniki-na-rezidenci-2020\/","title":{"rendered":"Umetniki na rezidenci 2020"},"content":{"rendered":"\t\t<div data-elementor-type=\"wp-post\" data-elementor-id=\"3826\" class=\"elementor elementor-3826\" data-elementor-settings=\"[]\">\n\t\t\t<div class=\"elementor-inner\">\n\t\t\t\t<div class=\"elementor-section-wrap\">\n\t\t\t\t\t\t\t<section class=\"elementor-element elementor-element-48f6cc5 elementor-section-boxed elementor-section-height-default elementor-section-height-default elementor-section elementor-top-section\" data-id=\"48f6cc5\" data-element_type=\"section\">\n\t\t\t\t\t\t<div class=\"elementor-container elementor-column-gap-default\">\n\t\t\t\t<div class=\"elementor-row\">\n\t\t\t\t<div class=\"elementor-element elementor-element-513500a elementor-column elementor-col-100 elementor-top-column\" data-id=\"513500a\" data-element_type=\"column\">\n\t\t\t<div class=\"elementor-column-wrap  elementor-element-populated\">\n\t\t\t\t\t<div class=\"elementor-widget-wrap\">\n\t\t\t\t<div class=\"elementor-element elementor-element-be94158 elementor-nav-menu__align-center elementor-nav-menu__text-align-center elementor-nav-menu--indicator-classic elementor-nav-menu--dropdown-tablet elementor-widget elementor-widget-nav-menu\" data-id=\"be94158\" data-element_type=\"widget\" data-settings=\"{&quot;layout&quot;:&quot;horizontal&quot;}\" data-widget_type=\"nav-menu.default\">\n\t\t\t\t<div class=\"elementor-widget-container\">\n\t\t\t\t\t\t<nav role=\"navigation\" class=\"elementor-nav-menu--main elementor-nav-menu__container elementor-nav-menu--layout-horizontal e--pointer-underline e--animation-fade\"><ul id=\"menu-1-be94158\" class=\"elementor-nav-menu\"><li class=\"menu-item menu-item-type-post_type menu-item-object-page menu-item-5574\"><a href=\"https:\/\/layer.si\/kaos\/si\/umetniki\/umetniki-na-rezidenci\/umetniki-na-rezidenci-2024\/\" class=\"elementor-item\">2024<\/a><\/li>\n<li class=\"menu-item menu-item-type-post_type menu-item-object-page menu-item-4634\"><a href=\"https:\/\/layer.si\/kaos\/si\/umetniki\/umetniki-na-rezidenci\/umetniki-na-rezidenci-2022\/\" class=\"elementor-item\">2022<\/a><\/li>\n<li class=\"menu-item menu-item-type-post_type menu-item-object-page menu-item-3832\"><a href=\"https:\/\/layer.si\/kaos\/si\/umetniki\/umetniki-na-rezidenci\/umetniki-na-rezidenci-2020\/\" class=\"elementor-item\">2020<\/a><\/li>\n<li class=\"menu-item menu-item-type-post_type menu-item-object-page menu-item-992\"><a href=\"https:\/\/layer.si\/kaos\/si\/umetniki\/umetniki-na-rezidenci\/umetniki-na-rezidenci-2019\/\" class=\"elementor-item\">2019<\/a><\/li>\n<li class=\"menu-item menu-item-type-post_type menu-item-object-page menu-item-993\"><a href=\"https:\/\/layer.si\/kaos\/si\/umetniki\/umetniki-na-rezidenci\/umetniki-na-rezidenci-2018\/\" class=\"elementor-item\">2018<\/a><\/li>\n<\/ul><\/nav>\n\t\t\t\t\t<div class=\"elementor-menu-toggle\" role=\"button\" tabindex=\"0\" aria-label=\"Menu Toggle\" aria-expanded=\"false\">\n\t\t\t<i class=\"eicon-menu-bar\" aria-hidden=\"true\"><\/i>\n\t\t\t<span class=\"elementor-screen-only\">Menu<\/span>\n\t\t<\/div>\n\t\t\t<nav class=\"elementor-nav-menu--dropdown elementor-nav-menu__container\" role=\"navigation\" aria-hidden=\"true\"><ul id=\"menu-2-be94158\" class=\"elementor-nav-menu\"><li class=\"menu-item menu-item-type-post_type menu-item-object-page menu-item-5574\"><a href=\"https:\/\/layer.si\/kaos\/si\/umetniki\/umetniki-na-rezidenci\/umetniki-na-rezidenci-2024\/\" class=\"elementor-item\">2024<\/a><\/li>\n<li class=\"menu-item menu-item-type-post_type menu-item-object-page menu-item-4634\"><a href=\"https:\/\/layer.si\/kaos\/si\/umetniki\/umetniki-na-rezidenci\/umetniki-na-rezidenci-2022\/\" class=\"elementor-item\">2022<\/a><\/li>\n<li class=\"menu-item menu-item-type-post_type menu-item-object-page menu-item-3832\"><a href=\"https:\/\/layer.si\/kaos\/si\/umetniki\/umetniki-na-rezidenci\/umetniki-na-rezidenci-2020\/\" class=\"elementor-item\">2020<\/a><\/li>\n<li class=\"menu-item menu-item-type-post_type menu-item-object-page menu-item-992\"><a href=\"https:\/\/layer.si\/kaos\/si\/umetniki\/umetniki-na-rezidenci\/umetniki-na-rezidenci-2019\/\" class=\"elementor-item\">2019<\/a><\/li>\n<li class=\"menu-item menu-item-type-post_type menu-item-object-page menu-item-993\"><a href=\"https:\/\/layer.si\/kaos\/si\/umetniki\/umetniki-na-rezidenci\/umetniki-na-rezidenci-2018\/\" class=\"elementor-item\">2018<\/a><\/li>\n<\/ul><\/nav>\n\t\t\t\t<\/div>\n\t\t\t\t<\/div>\n\t\t\t\t\t\t<\/div>\n\t\t\t<\/div>\n\t\t<\/div>\n\t\t\t\t\t\t<\/div>\n\t\t\t<\/div>\n\t\t<\/section>\n\t\t\t\t<section class=\"elementor-element elementor-element-3386c58 elementor-section-stretched elementor-section-full_width elementor-section-height-default elementor-section-height-default elementor-section elementor-top-section\" data-id=\"3386c58\" data-element_type=\"section\" data-settings=\"{&quot;stretch_section&quot;:&quot;section-stretched&quot;}\">\n\t\t\t\t\t\t<div class=\"elementor-container elementor-column-gap-default\">\n\t\t\t\t<div class=\"elementor-row\">\n\t\t\t\t<div class=\"elementor-element elementor-element-27c2980 elementor-column elementor-col-100 elementor-top-column\" data-id=\"27c2980\" data-element_type=\"column\">\n\t\t\t<div class=\"elementor-column-wrap  elementor-element-populated\">\n\t\t\t\t\t<div class=\"elementor-widget-wrap\">\n\t\t\t\t<div class=\"elementor-element elementor-element-2f2a50f elementor-grid-4 elementor-posts--align-left elementor-grid-tablet-2 elementor-grid-mobile-1 elementor-posts--thumbnail-top elementor-widget elementor-widget-posts\" data-id=\"2f2a50f\" data-element_type=\"widget\" data-settings=\"{&quot;classic_columns&quot;:&quot;4&quot;,&quot;classic_row_gap&quot;:{&quot;unit&quot;:&quot;px&quot;,&quot;size&quot;:20,&quot;sizes&quot;:[]},&quot;classic_columns_tablet&quot;:&quot;2&quot;,&quot;classic_columns_mobile&quot;:&quot;1&quot;}\" data-widget_type=\"posts.classic\">\n\t\t\t\t<div class=\"elementor-widget-container\">\n\t\t\t\t\t<div class=\"elementor-posts-container elementor-posts elementor-posts--skin-classic elementor-grid\">\n\t\t\t\t<article class=\"elementor-post elementor-grid-item post-3816 umetniki type-umetniki status-publish has-post-thumbnail hentry leto-277 jezik-slo umetnik-kategorija-umetniki-na-rezidenci\">\n\t\t\t\t<a class=\"elementor-post__thumbnail__link\" href=\"https:\/\/layer.si\/kaos\/umetniki\/eva-mlinar-3\/\" >\n\t\t\t<div class=\"elementor-post__thumbnail\"><img width=\"706\" height=\"1024\" src=\"https:\/\/layer.si\/kaos\/wp-content\/uploads\/Vinjete-straholjubca_Volga_2019-706x1024.jpg\" class=\"attachment-large size-large\" alt=\"\" loading=\"lazy\" srcset=\"https:\/\/layer.si\/kaos\/wp-content\/uploads\/Vinjete-straholjubca_Volga_2019-706x1024.jpg 706w, https:\/\/layer.si\/kaos\/wp-content\/uploads\/Vinjete-straholjubca_Volga_2019-207x300.jpg 207w, https:\/\/layer.si\/kaos\/wp-content\/uploads\/Vinjete-straholjubca_Volga_2019-768x1113.jpg 768w\" sizes=\"(max-width: 706px) 100vw, 706px\" \/><\/div>\n\t\t<\/a>\n\t\t\t\t<div class=\"elementor-post__text\">\n\t\t\t\t<h1 class=\"elementor-post__title\">\n\t\t\t<a href=\"https:\/\/layer.si\/kaos\/umetniki\/eva-mlinar-3\/\" >\n\t\t\t\tEva Mlinar\t\t\t<\/a>\n\t\t<\/h1>\n\t\t\t\t<div class=\"elementor-post__excerpt\">\n\t\t\t<p>Eva Mlinar (1985) je kon\u010dala \u0161tudij umetnostne zgodovine na Filozofski fakulteti ter \u0161tudij vizualnih komunikacij na Akademiji za likovno umetnost in oblikovanje v Ljubljani. Deluje<\/p>\n\t\t<\/div>\n\t\t\t\t<\/div>\n\t\t\t\t<\/article>\n\t\t\t\t<article class=\"elementor-post elementor-grid-item post-3821 umetniki type-umetniki status-publish has-post-thumbnail hentry leto-277 jezik-slo umetnik-kategorija-umetniki-na-rezidenci\">\n\t\t\t\t<a class=\"elementor-post__thumbnail__link\" href=\"https:\/\/layer.si\/kaos\/umetniki\/anja-kranjc-3\/\" >\n\t\t\t<div class=\"elementor-post__thumbnail\"><img width=\"685\" height=\"1024\" src=\"https:\/\/layer.si\/kaos\/wp-content\/uploads\/kipi-iz-cikla-Nevidno-vidno-vi\u0161ina-od-70-do-180-cm-kola\u017e-2019-685x1024.jpg\" class=\"attachment-large size-large\" alt=\"\" loading=\"lazy\" srcset=\"https:\/\/layer.si\/kaos\/wp-content\/uploads\/kipi-iz-cikla-Nevidno-vidno-vi\u0161ina-od-70-do-180-cm-kola\u017e-2019-685x1024.jpg 685w, https:\/\/layer.si\/kaos\/wp-content\/uploads\/kipi-iz-cikla-Nevidno-vidno-vi\u0161ina-od-70-do-180-cm-kola\u017e-2019-201x300.jpg 201w, https:\/\/layer.si\/kaos\/wp-content\/uploads\/kipi-iz-cikla-Nevidno-vidno-vi\u0161ina-od-70-do-180-cm-kola\u017e-2019-768x1148.jpg 768w\" sizes=\"(max-width: 685px) 100vw, 685px\" \/><\/div>\n\t\t<\/a>\n\t\t\t\t<div class=\"elementor-post__text\">\n\t\t\t\t<h1 class=\"elementor-post__title\">\n\t\t\t<a href=\"https:\/\/layer.si\/kaos\/umetniki\/anja-kranjc-3\/\" >\n\t\t\t\tAnja Kranjc\t\t\t<\/a>\n\t\t<\/h1>\n\t\t\t\t<div class=\"elementor-post__excerpt\">\n\t\t\t<p>Anja Kranjc (1982) je \u0161tudirala kiparstvo na Akademiji za likovno umetnost in oblikovanje v Ljubljani, kjer je diplomirala leta 2008 in magistrirala leta 2011 z<\/p>\n\t\t<\/div>\n\t\t\t\t<\/div>\n\t\t\t\t<\/article>\n\t\t\t\t<article class=\"elementor-post elementor-grid-item post-3842 umetniki type-umetniki status-publish has-post-thumbnail hentry leto-277 jezik-slo umetnik-kategorija-umetniki-na-rezidenci\">\n\t\t\t\t<a class=\"elementor-post__thumbnail__link\" href=\"https:\/\/layer.si\/kaos\/umetniki\/karol-kuhar\/\" >\n\t\t\t<div class=\"elementor-post__thumbnail\"><img width=\"800\" height=\"600\" src=\"https:\/\/layer.si\/kaos\/wp-content\/uploads\/Karol-Kuhar-1-1024x768.jpg\" class=\"attachment-large size-large\" alt=\"\" loading=\"lazy\" srcset=\"https:\/\/layer.si\/kaos\/wp-content\/uploads\/Karol-Kuhar-1-1024x768.jpg 1024w, https:\/\/layer.si\/kaos\/wp-content\/uploads\/Karol-Kuhar-1-300x225.jpg 300w, https:\/\/layer.si\/kaos\/wp-content\/uploads\/Karol-Kuhar-1-768x576.jpg 768w\" sizes=\"(max-width: 800px) 100vw, 800px\" \/><\/div>\n\t\t<\/a>\n\t\t\t\t<div class=\"elementor-post__text\">\n\t\t\t\t<h1 class=\"elementor-post__title\">\n\t\t\t<a href=\"https:\/\/layer.si\/kaos\/umetniki\/karol-kuhar\/\" >\n\t\t\t\tKarol Kuhar\t\t\t<\/a>\n\t\t<\/h1>\n\t\t\t\t<div class=\"elementor-post__excerpt\">\n\t\t\t<p>Karol Kuhar se je rodil leta 1952 v Sp. Besnici pri Kranju. Od leta 1972 razstavlja doma in v tujini. Imel je ve\u010d kot 62<\/p>\n\t\t<\/div>\n\t\t\t\t<\/div>\n\t\t\t\t<\/article>\n\t\t\t\t<\/div>\n\t\t\t\t<\/div>\n\t\t\t\t<\/div>\n\t\t\t\t\t\t<\/div>\n\t\t\t<\/div>\n\t\t<\/div>\n\t\t\t\t\t\t<\/div>\n\t\t\t<\/div>\n\t\t<\/section>\n\t\t\t\t\t\t<\/div>\n\t\t\t<\/div>\n\t\t<\/div>\n\t\t","protected":false},"excerpt":{"rendered":"","protected":false},"author":1,"featured_media":0,"parent":330,"menu_order":2,"comment_status":"closed","ping_status":"closed","template":"","meta":[],"_links":{"self":[{"href":"https:\/\/layer.si\/kaos\/wp-json\/wp\/v2\/pages\/3826"}],"collection":[{"href":"https:\/\/layer.si\/kaos\/wp-json\/wp\/v2\/pages"}],"about":[{"href":"https:\/\/layer.si\/kaos\/wp-json\/wp\/v2\/types\/page"}],"author":[{"embeddable":true,"href":"https:\/\/layer.si\/kaos\/wp-json\/wp\/v2\/users\/1"}],"replies":[{"embeddable":true,"href":"https:\/\/layer.si\/kaos\/wp-json\/wp\/v2\/comments?post=3826"}],"version-history":[{"count":4,"href":"https:\/\/layer.si\/kaos\/wp-json\/wp\/v2\/pages\/3826\/revisions"}],"predecessor-version":[{"id":4196,"href":"https:\/\/layer.si\/kaos\/wp-json\/wp\/v2\/pages\/3826\/revisions\/4196"}],"up":[{"embeddable":true,"href":"https:\/\/layer.si\/kaos\/wp-json\/wp\/v2\/pages\/330"}],"wp:attachment":[{"href":"https:\/\/layer.si\/kaos\/wp-json\/wp\/v2\/media?parent=3826"}],"curies":[{"name":"wp","href":"https:\/\/api.w.org\/{rel}","templated":true}]}}