{"id":4628,"date":"2022-04-30T21:41:37","date_gmt":"2022-04-30T21:41:37","guid":{"rendered":"https:\/\/layer.si\/kaos\/?page_id=4628"},"modified":"2022-04-30T21:40:32","modified_gmt":"2022-04-30T21:40:32","slug":"umetniki-na-rezidenci-2022","status":"publish","type":"page","link":"https:\/\/layer.si\/kaos\/si\/umetniki\/umetniki-na-rezidenci\/umetniki-na-rezidenci-2022\/","title":{"rendered":"Umetniki na rezidenci 2022"},"content":{"rendered":"\t\t<div data-elementor-type=\"wp-post\" data-elementor-id=\"4628\" class=\"elementor elementor-4628\" data-elementor-settings=\"[]\">\n\t\t\t<div class=\"elementor-inner\">\n\t\t\t\t<div class=\"elementor-section-wrap\">\n\t\t\t\t\t\t\t<section class=\"elementor-element elementor-element-48f6cc5 elementor-section-boxed elementor-section-height-default elementor-section-height-default elementor-section elementor-top-section\" data-id=\"48f6cc5\" data-element_type=\"section\">\n\t\t\t\t\t\t<div class=\"elementor-container elementor-column-gap-default\">\n\t\t\t\t<div class=\"elementor-row\">\n\t\t\t\t<div class=\"elementor-element elementor-element-513500a elementor-column elementor-col-100 elementor-top-column\" data-id=\"513500a\" data-element_type=\"column\">\n\t\t\t<div class=\"elementor-column-wrap  elementor-element-populated\">\n\t\t\t\t\t<div class=\"elementor-widget-wrap\">\n\t\t\t\t<div class=\"elementor-element elementor-element-be94158 elementor-nav-menu__align-center elementor-nav-menu__text-align-center elementor-nav-menu--indicator-classic elementor-nav-menu--dropdown-tablet elementor-widget elementor-widget-nav-menu\" data-id=\"be94158\" data-element_type=\"widget\" data-settings=\"{&quot;layout&quot;:&quot;horizontal&quot;}\" data-widget_type=\"nav-menu.default\">\n\t\t\t\t<div class=\"elementor-widget-container\">\n\t\t\t\t\t\t<nav role=\"navigation\" class=\"elementor-nav-menu--main elementor-nav-menu__container elementor-nav-menu--layout-horizontal e--pointer-underline e--animation-fade\"><ul id=\"menu-1-be94158\" class=\"elementor-nav-menu\"><li class=\"menu-item menu-item-type-post_type menu-item-object-page menu-item-5574\"><a href=\"https:\/\/layer.si\/kaos\/si\/umetniki\/umetniki-na-rezidenci\/umetniki-na-rezidenci-2024\/\" class=\"elementor-item\">2024<\/a><\/li>\n<li class=\"menu-item menu-item-type-post_type menu-item-object-page menu-item-4634\"><a href=\"https:\/\/layer.si\/kaos\/si\/umetniki\/umetniki-na-rezidenci\/umetniki-na-rezidenci-2022\/\" class=\"elementor-item\">2022<\/a><\/li>\n<li class=\"menu-item menu-item-type-post_type menu-item-object-page menu-item-3832\"><a href=\"https:\/\/layer.si\/kaos\/si\/umetniki\/umetniki-na-rezidenci\/umetniki-na-rezidenci-2020\/\" class=\"elementor-item\">2020<\/a><\/li>\n<li class=\"menu-item menu-item-type-post_type menu-item-object-page menu-item-992\"><a href=\"https:\/\/layer.si\/kaos\/si\/umetniki\/umetniki-na-rezidenci\/umetniki-na-rezidenci-2019\/\" class=\"elementor-item\">2019<\/a><\/li>\n<li class=\"menu-item menu-item-type-post_type menu-item-object-page menu-item-993\"><a href=\"https:\/\/layer.si\/kaos\/si\/umetniki\/umetniki-na-rezidenci\/umetniki-na-rezidenci-2018\/\" class=\"elementor-item\">2018<\/a><\/li>\n<\/ul><\/nav>\n\t\t\t\t\t<div class=\"elementor-menu-toggle\" role=\"button\" tabindex=\"0\" aria-label=\"Menu Toggle\" aria-expanded=\"false\">\n\t\t\t<i class=\"eicon-menu-bar\" aria-hidden=\"true\"><\/i>\n\t\t\t<span class=\"elementor-screen-only\">Menu<\/span>\n\t\t<\/div>\n\t\t\t<nav class=\"elementor-nav-menu--dropdown elementor-nav-menu__container\" role=\"navigation\" aria-hidden=\"true\"><ul id=\"menu-2-be94158\" class=\"elementor-nav-menu\"><li class=\"menu-item menu-item-type-post_type menu-item-object-page menu-item-5574\"><a href=\"https:\/\/layer.si\/kaos\/si\/umetniki\/umetniki-na-rezidenci\/umetniki-na-rezidenci-2024\/\" class=\"elementor-item\">2024<\/a><\/li>\n<li class=\"menu-item menu-item-type-post_type menu-item-object-page menu-item-4634\"><a href=\"https:\/\/layer.si\/kaos\/si\/umetniki\/umetniki-na-rezidenci\/umetniki-na-rezidenci-2022\/\" class=\"elementor-item\">2022<\/a><\/li>\n<li class=\"menu-item menu-item-type-post_type menu-item-object-page menu-item-3832\"><a href=\"https:\/\/layer.si\/kaos\/si\/umetniki\/umetniki-na-rezidenci\/umetniki-na-rezidenci-2020\/\" class=\"elementor-item\">2020<\/a><\/li>\n<li class=\"menu-item menu-item-type-post_type menu-item-object-page menu-item-992\"><a href=\"https:\/\/layer.si\/kaos\/si\/umetniki\/umetniki-na-rezidenci\/umetniki-na-rezidenci-2019\/\" class=\"elementor-item\">2019<\/a><\/li>\n<li class=\"menu-item menu-item-type-post_type menu-item-object-page menu-item-993\"><a href=\"https:\/\/layer.si\/kaos\/si\/umetniki\/umetniki-na-rezidenci\/umetniki-na-rezidenci-2018\/\" class=\"elementor-item\">2018<\/a><\/li>\n<\/ul><\/nav>\n\t\t\t\t<\/div>\n\t\t\t\t<\/div>\n\t\t\t\t\t\t<\/div>\n\t\t\t<\/div>\n\t\t<\/div>\n\t\t\t\t\t\t<\/div>\n\t\t\t<\/div>\n\t\t<\/section>\n\t\t\t\t<section class=\"elementor-element elementor-element-3386c58 elementor-section-stretched elementor-section-full_width elementor-section-height-default elementor-section-height-default elementor-section elementor-top-section\" data-id=\"3386c58\" data-element_type=\"section\" data-settings=\"{&quot;stretch_section&quot;:&quot;section-stretched&quot;}\">\n\t\t\t\t\t\t<div class=\"elementor-container elementor-column-gap-default\">\n\t\t\t\t<div class=\"elementor-row\">\n\t\t\t\t<div class=\"elementor-element elementor-element-27c2980 elementor-column elementor-col-100 elementor-top-column\" data-id=\"27c2980\" data-element_type=\"column\">\n\t\t\t<div class=\"elementor-column-wrap  elementor-element-populated\">\n\t\t\t\t\t<div class=\"elementor-widget-wrap\">\n\t\t\t\t<div class=\"elementor-element elementor-element-2f2a50f elementor-grid-4 elementor-posts--align-left elementor-grid-tablet-2 elementor-grid-mobile-1 elementor-posts--thumbnail-top elementor-widget elementor-widget-posts\" data-id=\"2f2a50f\" data-element_type=\"widget\" data-settings=\"{&quot;classic_columns&quot;:&quot;4&quot;,&quot;classic_row_gap&quot;:{&quot;unit&quot;:&quot;px&quot;,&quot;size&quot;:20,&quot;sizes&quot;:[]},&quot;classic_columns_tablet&quot;:&quot;2&quot;,&quot;classic_columns_mobile&quot;:&quot;1&quot;}\" data-widget_type=\"posts.classic\">\n\t\t\t\t<div class=\"elementor-widget-container\">\n\t\t\t\t\t<div class=\"elementor-posts-container elementor-posts elementor-posts--skin-classic elementor-grid\">\n\t\t\t\t<article class=\"elementor-post elementor-grid-item post-4966 umetniki type-umetniki status-publish has-post-thumbnail hentry leto-434 jezik-slo umetnik-kategorija-umetniki-na-rezidenci\">\n\t\t\t\t<a class=\"elementor-post__thumbnail__link\" href=\"https:\/\/layer.si\/kaos\/umetniki\/elke-desutter\/\" >\n\t\t\t<div class=\"elementor-post__thumbnail\"><img width=\"800\" height=\"450\" src=\"https:\/\/layer.si\/kaos\/wp-content\/uploads\/Desutter-Elke_Of-Men-and-Machine-II.jpg\" class=\"attachment-large size-large\" alt=\"\" loading=\"lazy\" srcset=\"https:\/\/layer.si\/kaos\/wp-content\/uploads\/Desutter-Elke_Of-Men-and-Machine-II.jpg 1000w, https:\/\/layer.si\/kaos\/wp-content\/uploads\/Desutter-Elke_Of-Men-and-Machine-II-300x169.jpg 300w, https:\/\/layer.si\/kaos\/wp-content\/uploads\/Desutter-Elke_Of-Men-and-Machine-II-768x432.jpg 768w\" sizes=\"(max-width: 800px) 100vw, 800px\" \/><\/div>\n\t\t<\/a>\n\t\t\t\t<div class=\"elementor-post__text\">\n\t\t\t\t<h1 class=\"elementor-post__title\">\n\t\t\t<a href=\"https:\/\/layer.si\/kaos\/umetniki\/elke-desutter\/\" >\n\t\t\t\tElke Desutter\t\t\t<\/a>\n\t\t<\/h1>\n\t\t\t\t<div class=\"elementor-post__excerpt\">\n\t\t\t<p>Elke Desutter (1987) je vizualna umetnica, ki \u017eivi in \u200b\u200bdela v Brugesu v Belgiji. Elke je leta 2011 magistrirala na KASK\/Umetnostni \u0161oli v Gentu, kmalu<\/p>\n\t\t<\/div>\n\t\t\t\t<\/div>\n\t\t\t\t<\/article>\n\t\t\t\t<article class=\"elementor-post elementor-grid-item post-4973 umetniki type-umetniki status-publish has-post-thumbnail hentry leto-434 jezik-slo umetnik-kategorija-umetniki-na-rezidenci\">\n\t\t\t\t<a class=\"elementor-post__thumbnail__link\" href=\"https:\/\/layer.si\/kaos\/umetniki\/bram-antheunis\/\" >\n\t\t\t<div class=\"elementor-post__thumbnail\"><img width=\"800\" height=\"589\" src=\"https:\/\/layer.si\/kaos\/wp-content\/uploads\/Bram1-2-1-1024x754.jpg\" class=\"attachment-large size-large\" alt=\"\" loading=\"lazy\" srcset=\"https:\/\/layer.si\/kaos\/wp-content\/uploads\/Bram1-2-1-1024x754.jpg 1024w, https:\/\/layer.si\/kaos\/wp-content\/uploads\/Bram1-2-1-300x221.jpg 300w, https:\/\/layer.si\/kaos\/wp-content\/uploads\/Bram1-2-1-768x565.jpg 768w, https:\/\/layer.si\/kaos\/wp-content\/uploads\/Bram1-2-1.jpg 2000w\" sizes=\"(max-width: 800px) 100vw, 800px\" \/><\/div>\n\t\t<\/a>\n\t\t\t\t<div class=\"elementor-post__text\">\n\t\t\t\t<h1 class=\"elementor-post__title\">\n\t\t\t<a href=\"https:\/\/layer.si\/kaos\/umetniki\/bram-antheunis\/\" >\n\t\t\t\tBram Antheunis\t\t\t<\/a>\n\t\t<\/h1>\n\t\t\t\t<div class=\"elementor-post__excerpt\">\n\t\t\t<p>Bram Antheunis (1978) je belgijski kola\u017eni umetnik in soustanovitelj kolektiva COUPEE Collage Collective, platforme za belgijsko sodobno kola\u017eno umetnost. Nenehno iskanje interpretacij blede\u010dih spominov je<\/p>\n\t\t<\/div>\n\t\t\t\t<\/div>\n\t\t\t\t<\/article>\n\t\t\t\t<article class=\"elementor-post elementor-grid-item post-4978 umetniki type-umetniki status-publish has-post-thumbnail hentry leto-434 jezik-slo umetnik-kategorija-umetniki-na-rezidenci\">\n\t\t\t\t<a class=\"elementor-post__thumbnail__link\" href=\"https:\/\/layer.si\/kaos\/umetniki\/miroslav-cukovic\/\" >\n\t\t\t<div class=\"elementor-post__thumbnail\"><img width=\"787\" height=\"1024\" src=\"https:\/\/layer.si\/kaos\/wp-content\/uploads\/Cukovic_Miroslav_Folded_3_2020-787x1024.jpg\" class=\"attachment-large size-large\" alt=\"\" loading=\"lazy\" srcset=\"https:\/\/layer.si\/kaos\/wp-content\/uploads\/Cukovic_Miroslav_Folded_3_2020-787x1024.jpg 787w, https:\/\/layer.si\/kaos\/wp-content\/uploads\/Cukovic_Miroslav_Folded_3_2020-231x300.jpg 231w, https:\/\/layer.si\/kaos\/wp-content\/uploads\/Cukovic_Miroslav_Folded_3_2020-768x999.jpg 768w, https:\/\/layer.si\/kaos\/wp-content\/uploads\/Cukovic_Miroslav_Folded_3_2020.jpg 1537w\" sizes=\"(max-width: 787px) 100vw, 787px\" \/><\/div>\n\t\t<\/a>\n\t\t\t\t<div class=\"elementor-post__text\">\n\t\t\t\t<h1 class=\"elementor-post__title\">\n\t\t\t<a href=\"https:\/\/layer.si\/kaos\/umetniki\/miroslav-cukovic\/\" >\n\t\t\t\tMiroslav \u0106ukovi\u0107\t\t\t<\/a>\n\t\t<\/h1>\n\t\t\t\t<div class=\"elementor-post__excerpt\">\n\t\t\t<p>Miroslav \u0106ukovi\u0107 (1982), ameri\u0161ki umetnik jugoslovanskega rodu, je akademski slikar, ki je leta 2005 kon\u010dal College for Creative Studies v Detroitu ( Michigan, ZDA), kjer<\/p>\n\t\t<\/div>\n\t\t\t\t<\/div>\n\t\t\t\t<\/article>\n\t\t\t\t<article class=\"elementor-post elementor-grid-item post-4983 umetniki type-umetniki status-publish has-post-thumbnail hentry leto-434 jezik-slo umetnik-kategorija-umetniki-na-rezidenci\">\n\t\t\t\t<a class=\"elementor-post__thumbnail__link\" href=\"https:\/\/layer.si\/kaos\/umetniki\/mojca-senegacnik-2\/\" >\n\t\t\t<div class=\"elementor-post__thumbnail\"><img width=\"800\" height=\"534\" src=\"https:\/\/layer.si\/kaos\/wp-content\/uploads\/Mojca.Senega\u010dnik_foto.J.Zalaznik-1024x683.jpg\" class=\"attachment-large size-large\" alt=\"\" loading=\"lazy\" srcset=\"https:\/\/layer.si\/kaos\/wp-content\/uploads\/Mojca.Senega\u010dnik_foto.J.Zalaznik-1024x683.jpg 1024w, https:\/\/layer.si\/kaos\/wp-content\/uploads\/Mojca.Senega\u010dnik_foto.J.Zalaznik-300x200.jpg 300w, https:\/\/layer.si\/kaos\/wp-content\/uploads\/Mojca.Senega\u010dnik_foto.J.Zalaznik-768x512.jpg 768w, https:\/\/layer.si\/kaos\/wp-content\/uploads\/Mojca.Senega\u010dnik_foto.J.Zalaznik.jpg 2000w\" sizes=\"(max-width: 800px) 100vw, 800px\" \/><\/div>\n\t\t<\/a>\n\t\t\t\t<div class=\"elementor-post__text\">\n\t\t\t\t<h1 class=\"elementor-post__title\">\n\t\t\t<a href=\"https:\/\/layer.si\/kaos\/umetniki\/mojca-senegacnik-2\/\" >\n\t\t\t\tMojca Senega\u010dnik\t\t\t<\/a>\n\t\t<\/h1>\n\t\t\t\t<div class=\"elementor-post__excerpt\">\n\t\t\t<p>Rojena 21. 4. 1971 v Celju. Po kon\u010dani Srednji \u0161oli za oblikovanje in fotografijo nadaljevala \u0161tudij slikarstva na Akademiji za likovno umetnost v Ljubljani. 1994<\/p>\n\t\t<\/div>\n\t\t\t\t<\/div>\n\t\t\t\t<\/article>\n\t\t\t\t<article class=\"elementor-post elementor-grid-item post-4988 umetniki type-umetniki status-publish has-post-thumbnail hentry leto-434 jezik-slo umetnik-kategorija-umetniki-na-rezidenci\">\n\t\t\t\t<a class=\"elementor-post__thumbnail__link\" href=\"https:\/\/layer.si\/kaos\/umetniki\/william-blomstedt-3\/\" >\n\t\t\t<div class=\"elementor-post__thumbnail\"><img width=\"800\" height=\"600\" src=\"https:\/\/layer.si\/kaos\/wp-content\/uploads\/33-danger-from-the-deep-Large-1024x768.jpg\" class=\"attachment-large size-large\" alt=\"\" loading=\"lazy\" srcset=\"https:\/\/layer.si\/kaos\/wp-content\/uploads\/33-danger-from-the-deep-Large-1024x768.jpg 1024w, https:\/\/layer.si\/kaos\/wp-content\/uploads\/33-danger-from-the-deep-Large-300x225.jpg 300w, https:\/\/layer.si\/kaos\/wp-content\/uploads\/33-danger-from-the-deep-Large-768x576.jpg 768w, https:\/\/layer.si\/kaos\/wp-content\/uploads\/33-danger-from-the-deep-Large.jpg 1440w\" sizes=\"(max-width: 800px) 100vw, 800px\" \/><\/div>\n\t\t<\/a>\n\t\t\t\t<div class=\"elementor-post__text\">\n\t\t\t\t<h1 class=\"elementor-post__title\">\n\t\t\t<a href=\"https:\/\/layer.si\/kaos\/umetniki\/william-blomstedt-3\/\" >\n\t\t\t\tWilliam Blomstedt\t\t\t<\/a>\n\t\t<\/h1>\n\t\t\t\t<div class=\"elementor-post__excerpt\">\n\t\t\t<p>William Blomstedt je geograf, \u010debelar in pisatelj. Rodil se je v ZDA, kjer je na fakulteti Dartmouth zaklju\u010dil \u0161tudij in nato desetletje po vsem svetu<\/p>\n\t\t<\/div>\n\t\t\t\t<\/div>\n\t\t\t\t<\/article>\n\t\t\t\t<article class=\"elementor-post elementor-grid-item post-4993 umetniki type-umetniki status-publish has-post-thumbnail hentry leto-434 jezik-slo umetnik-kategorija-umetniki-na-rezidenci\">\n\t\t\t\t<a class=\"elementor-post__thumbnail__link\" href=\"https:\/\/layer.si\/kaos\/umetniki\/jaka-berger\/\" >\n\t\t\t<div class=\"elementor-post__thumbnail\"><img width=\"640\" height=\"640\" src=\"https:\/\/layer.si\/kaos\/wp-content\/uploads\/Jaka-Berger-640x640_foto_\u017diga_Gruden.jpeg\" class=\"attachment-large size-large\" alt=\"\" loading=\"lazy\" srcset=\"https:\/\/layer.si\/kaos\/wp-content\/uploads\/Jaka-Berger-640x640_foto_\u017diga_Gruden.jpeg 640w, https:\/\/layer.si\/kaos\/wp-content\/uploads\/Jaka-Berger-640x640_foto_\u017diga_Gruden-150x150.jpeg 150w, https:\/\/layer.si\/kaos\/wp-content\/uploads\/Jaka-Berger-640x640_foto_\u017diga_Gruden-300x300.jpeg 300w\" sizes=\"(max-width: 640px) 100vw, 640px\" \/><\/div>\n\t\t<\/a>\n\t\t\t\t<div class=\"elementor-post__text\">\n\t\t\t\t<h1 class=\"elementor-post__title\">\n\t\t\t<a href=\"https:\/\/layer.si\/kaos\/umetniki\/jaka-berger\/\" >\n\t\t\t\tJaka Berger\t\t\t<\/a>\n\t\t<\/h1>\n\t\t\t\t<div class=\"elementor-post__excerpt\">\n\t\t\t<p>Jaka Berger (1980) je eden najdejavnej\u0161ih, najbolj ustvarjalnih in raznolikih bobnarjev, tolkalcev, skladateljev in improvizatorjev na slovenski glasbeni krajini v zadnjih petnajstih letih. Leta 2006<\/p>\n\t\t<\/div>\n\t\t\t\t<\/div>\n\t\t\t\t<\/article>\n\t\t\t\t<article class=\"elementor-post elementor-grid-item post-4970 umetniki type-umetniki status-publish has-post-thumbnail hentry leto-434 jezik-slo umetnik-kategorija-umetniki-na-rezidenci\">\n\t\t\t\t<a class=\"elementor-post__thumbnail__link\" href=\"https:\/\/layer.si\/kaos\/umetniki\/natasa-berk\/\" >\n\t\t\t<div class=\"elementor-post__thumbnail\"><img width=\"750\" height=\"758\" src=\"https:\/\/layer.si\/kaos\/wp-content\/uploads\/61DBE064-46DD-4936-85DA-360F8FAC1D1E.jpeg\" class=\"attachment-large size-large\" alt=\"\" loading=\"lazy\" srcset=\"https:\/\/layer.si\/kaos\/wp-content\/uploads\/61DBE064-46DD-4936-85DA-360F8FAC1D1E.jpeg 750w, https:\/\/layer.si\/kaos\/wp-content\/uploads\/61DBE064-46DD-4936-85DA-360F8FAC1D1E-297x300.jpeg 297w\" sizes=\"(max-width: 750px) 100vw, 750px\" \/><\/div>\n\t\t<\/a>\n\t\t\t\t<div class=\"elementor-post__text\">\n\t\t\t\t<h1 class=\"elementor-post__title\">\n\t\t\t<a href=\"https:\/\/layer.si\/kaos\/umetniki\/natasa-berk\/\" >\n\t\t\t\tNata\u0161a Berk\t\t\t<\/a>\n\t\t<\/h1>\n\t\t\t\t<div class=\"elementor-post__excerpt\">\n\t\t\t<p>Nata\u0161a Berk (1978) mag. art, se je po kon\u010dani srednji \u0161oli za Oblikovanje in fotografijo (smer fotografija) vpisala na dunajsko Akademijo za upodabljajo\u010do umetnost (Akademie<\/p>\n\t\t<\/div>\n\t\t\t\t<\/div>\n\t\t\t\t<\/article>\n\t\t\t\t<\/div>\n\t\t\t\t<\/div>\n\t\t\t\t<\/div>\n\t\t\t\t\t\t<\/div>\n\t\t\t<\/div>\n\t\t<\/div>\n\t\t\t\t\t\t<\/div>\n\t\t\t<\/div>\n\t\t<\/section>\n\t\t\t\t\t\t<\/div>\n\t\t\t<\/div>\n\t\t<\/div>\n\t\t","protected":false},"excerpt":{"rendered":"","protected":false},"author":1,"featured_media":0,"parent":330,"menu_order":1,"comment_status":"closed","ping_status":"closed","template":"","meta":[],"_links":{"self":[{"href":"https:\/\/layer.si\/kaos\/wp-json\/wp\/v2\/pages\/4628"}],"collection":[{"href":"https:\/\/layer.si\/kaos\/wp-json\/wp\/v2\/pages"}],"about":[{"href":"https:\/\/layer.si\/kaos\/wp-json\/wp\/v2\/types\/page"}],"author":[{"embeddable":true,"href":"https:\/\/layer.si\/kaos\/wp-json\/wp\/v2\/users\/1"}],"replies":[{"embeddable":true,"href":"https:\/\/layer.si\/kaos\/wp-json\/wp\/v2\/comments?post=4628"}],"version-history":[{"count":2,"href":"https:\/\/layer.si\/kaos\/wp-json\/wp\/v2\/pages\/4628\/revisions"}],"predecessor-version":[{"id":4630,"href":"https:\/\/layer.si\/kaos\/wp-json\/wp\/v2\/pages\/4628\/revisions\/4630"}],"up":[{"embeddable":true,"href":"https:\/\/layer.si\/kaos\/wp-json\/wp\/v2\/pages\/330"}],"wp:attachment":[{"href":"https:\/\/layer.si\/kaos\/wp-json\/wp\/v2\/media?parent=4628"}],"curies":[{"name":"wp","href":"https:\/\/api.w.org\/{rel}","templated":true}]}}