{"id":5541,"date":"2024-03-02T23:31:50","date_gmt":"2024-03-02T23:31:50","guid":{"rendered":"https:\/\/layer.si\/kaos\/?page_id=5541"},"modified":"2024-07-26T10:28:07","modified_gmt":"2024-07-26T10:28:07","slug":"vsi-dogodki-2024","status":"publish","type":"page","link":"https:\/\/layer.si\/kaos\/si\/program\/vsi-dogodki\/vsi-dogodki-2024\/","title":{"rendered":"VSI DOGODKI 2024"},"content":{"rendered":"\t\t<div data-elementor-type=\"wp-post\" data-elementor-id=\"5541\" class=\"elementor elementor-5541\" data-elementor-settings=\"[]\">\n\t\t\t<div class=\"elementor-inner\">\n\t\t\t\t<div class=\"elementor-section-wrap\">\n\t\t\t\t\t\t\t<section class=\"elementor-element elementor-element-64c189d elementor-section-boxed elementor-section-height-default elementor-section-height-default elementor-section elementor-top-section\" data-id=\"64c189d\" data-element_type=\"section\">\n\t\t\t\t\t\t<div class=\"elementor-container elementor-column-gap-default\">\n\t\t\t\t<div class=\"elementor-row\">\n\t\t\t\t<div class=\"elementor-element elementor-element-5748df1 elementor-column elementor-col-100 elementor-top-column\" data-id=\"5748df1\" data-element_type=\"column\">\n\t\t\t<div class=\"elementor-column-wrap  elementor-element-populated\">\n\t\t\t\t\t<div class=\"elementor-widget-wrap\">\n\t\t\t\t<div class=\"elementor-element elementor-element-e452379 elementor-nav-menu__text-align-center elementor-nav-menu__align-center elementor-nav-menu--indicator-classic elementor-nav-menu--dropdown-tablet elementor-widget elementor-widget-nav-menu\" data-id=\"e452379\" data-element_type=\"widget\" data-settings=\"{&quot;layout&quot;:&quot;horizontal&quot;}\" data-widget_type=\"nav-menu.default\">\n\t\t\t\t<div class=\"elementor-widget-container\">\n\t\t\t\t\t\t<nav role=\"navigation\" class=\"elementor-nav-menu--main elementor-nav-menu__container elementor-nav-menu--layout-horizontal e--pointer-underline e--animation-fade\"><ul id=\"menu-1-e452379\" class=\"elementor-nav-menu\"><li class=\"menu-item menu-item-type-post_type menu-item-object-page menu-item-5576\"><a href=\"https:\/\/layer.si\/kaos\/si\/program\/vsi-dogodki\/vsi-dogodki-2024\/\" class=\"elementor-item\">2024<\/a><\/li>\n<li class=\"menu-item menu-item-type-post_type menu-item-object-page menu-item-4687\"><a href=\"https:\/\/layer.si\/kaos\/si\/program\/vsi-dogodki\/vsi-dogodki-2022\/\" class=\"elementor-item\">2022<\/a><\/li>\n<li class=\"menu-item menu-item-type-post_type menu-item-object-page menu-item-4434\"><a href=\"https:\/\/layer.si\/kaos\/si\/program\/vsi-dogodki\/vsi-dogodki-2021\/\" class=\"elementor-item\">2021<\/a><\/li>\n<li class=\"menu-item menu-item-type-post_type menu-item-object-page menu-item-3626\"><a href=\"https:\/\/layer.si\/kaos\/si\/program\/vsi-dogodki\/vsi-dogodki-2020\/\" class=\"elementor-item\">2020<\/a><\/li>\n<li class=\"menu-item menu-item-type-post_type menu-item-object-page menu-item-1059\"><a href=\"https:\/\/layer.si\/kaos\/si\/program\/vsi-dogodki\/vsi-dogodki-2019\/\" class=\"elementor-item\">2019<\/a><\/li>\n<li class=\"menu-item menu-item-type-post_type menu-item-object-page menu-item-1058\"><a href=\"https:\/\/layer.si\/kaos\/si\/program\/vsi-dogodki\/vsi-dogodki-2018\/\" class=\"elementor-item\">2018<\/a><\/li>\n<\/ul><\/nav>\n\t\t\t\t\t<div class=\"elementor-menu-toggle\" role=\"button\" tabindex=\"0\" aria-label=\"Menu Toggle\" aria-expanded=\"false\">\n\t\t\t<i class=\"eicon-menu-bar\" aria-hidden=\"true\"><\/i>\n\t\t\t<span class=\"elementor-screen-only\">Menu<\/span>\n\t\t<\/div>\n\t\t\t<nav class=\"elementor-nav-menu--dropdown elementor-nav-menu__container\" role=\"navigation\" aria-hidden=\"true\"><ul id=\"menu-2-e452379\" class=\"elementor-nav-menu\"><li class=\"menu-item menu-item-type-post_type menu-item-object-page menu-item-5576\"><a href=\"https:\/\/layer.si\/kaos\/si\/program\/vsi-dogodki\/vsi-dogodki-2024\/\" class=\"elementor-item\">2024<\/a><\/li>\n<li class=\"menu-item menu-item-type-post_type menu-item-object-page menu-item-4687\"><a href=\"https:\/\/layer.si\/kaos\/si\/program\/vsi-dogodki\/vsi-dogodki-2022\/\" class=\"elementor-item\">2022<\/a><\/li>\n<li class=\"menu-item menu-item-type-post_type menu-item-object-page menu-item-4434\"><a href=\"https:\/\/layer.si\/kaos\/si\/program\/vsi-dogodki\/vsi-dogodki-2021\/\" class=\"elementor-item\">2021<\/a><\/li>\n<li class=\"menu-item menu-item-type-post_type menu-item-object-page menu-item-3626\"><a href=\"https:\/\/layer.si\/kaos\/si\/program\/vsi-dogodki\/vsi-dogodki-2020\/\" class=\"elementor-item\">2020<\/a><\/li>\n<li class=\"menu-item menu-item-type-post_type menu-item-object-page menu-item-1059\"><a href=\"https:\/\/layer.si\/kaos\/si\/program\/vsi-dogodki\/vsi-dogodki-2019\/\" class=\"elementor-item\">2019<\/a><\/li>\n<li class=\"menu-item menu-item-type-post_type menu-item-object-page menu-item-1058\"><a href=\"https:\/\/layer.si\/kaos\/si\/program\/vsi-dogodki\/vsi-dogodki-2018\/\" class=\"elementor-item\">2018<\/a><\/li>\n<\/ul><\/nav>\n\t\t\t\t<\/div>\n\t\t\t\t<\/div>\n\t\t\t\t\t\t<\/div>\n\t\t\t<\/div>\n\t\t<\/div>\n\t\t\t\t\t\t<\/div>\n\t\t\t<\/div>\n\t\t<\/section>\n\t\t\t\t<section class=\"elementor-element elementor-element-c00dbcf elementor-section-boxed elementor-section-height-default elementor-section-height-default elementor-section elementor-top-section\" data-id=\"c00dbcf\" data-element_type=\"section\">\n\t\t\t\t\t\t<div class=\"elementor-container elementor-column-gap-default\">\n\t\t\t\t<div class=\"elementor-row\">\n\t\t\t\t<div class=\"elementor-element elementor-element-60ef503 elementor-column elementor-col-100 elementor-top-column\" data-id=\"60ef503\" data-element_type=\"column\">\n\t\t\t<div class=\"elementor-column-wrap  elementor-element-populated\">\n\t\t\t\t\t<div class=\"elementor-widget-wrap\">\n\t\t\t\t<div class=\"elementor-element elementor-element-f7b101d elementor-widget elementor-widget-text-editor\" data-id=\"f7b101d\" data-element_type=\"widget\" data-widget_type=\"text-editor.default\">\n\t\t\t\t<div class=\"elementor-widget-container\">\n\t\t\t\t\t<div class=\"elementor-text-editor elementor-clearfix\"><h1><strong>KAOS 2024<\/strong><\/h1><h2><strong>5. mednarodni festival sodobnega kola\u017ea<\/strong><\/h2><h2><strong>31. 5.-10. 8. 2024<\/strong><\/h2><figure class=\"wp-block-image\"><img src=\"https:\/\/layer.si\/kaos\/wp-content\/uploads\/4.png\" alt=\"\" \/><\/figure><p><strong>Vabljeni v na\u0161e mesto, mesto kola\u017ea!<\/strong><\/p><p><strong>Razstave bodo pospremili ve\u010derni koncerti, javne intervencije, delavnice, pogovori z umetniki in vodeni ogledi.<\/strong><\/p><p>Lokacije festivalskih razstav: Layerjeva hi\u0161a, Galerija Janez Puhar &#8211; Stolp \u0160krlovec, klet Mestne hi\u0161e, Mala galerija LDK, atrij Kova\u010dnice, Park La Ciotat, Stolp Pungert, Mergentalejeva uli\u010dna galerija, Galerija na mestu\u00a0\u00a0<\/p><h2><strong><em>ODPRTJE FESTIVALA<\/em><\/strong><\/h2><p><strong><span style=\"color: #288f97;\">Petek, 31. maj 2024<\/span>\u00a0<\/strong><\/p><p>ob 18.00: Voden ogled po festivalskih razstavah KAOS 2024 \/start Layerjeva hi\u0161a<br \/>ob 19.30: KAOS 2024, uradno odprtje festivala \/ Layerjeva hi\u0161a\u00a0<\/p><h2><em><strong>PROGRAM FESTIVALA<\/strong><\/em><\/h2><p><strong><br \/><span style=\"color: #288f97;\">petek, 31. 5.<\/span><br \/><\/strong><br \/><strong>18.00 Voden ogled po festivalskih razstavah z umetniki in kuratorji: Adrijan Praznik, Iva Tratnik, Danilo Milovanovi\u0107, Leon Zuodar, Maja Babi\u010d Ko\u0161ir, Maria Elisa Quiaro, Maru\u0161a \u0160tibelj, Nevena Aleksovski, Oliver Pili\u0107, Saskia Reis \/ Layerjeva hi\u0161a, Galerija Janez Puhar &#8211; Stolp \u0160krlovec, klet Mestne hi\u0161e, Stolp Pungert, Galerija na mestu, atrij Kova\u010dnice, Park La Ciotat, Mala galerija LDK<\/strong><br \/><strong>19.30 Odprtje festivala KAOS \/ Layerjeva hi\u0161a <\/strong><br \/><strong>20.00 KAOS vibes: RAKETA\/ Layerjeva hi\u0161a\u00a0<\/strong><\/p><p><strong><span style=\"color: #288f97;\">sobota, 1. 6.<\/span><br \/><\/strong> <br \/><strong>10.00 <a href=\"https:\/\/layer.si\/vnos\/abezeda\/\">Lutkovno gledali\u0161\u010de NEBO: Abe\u017eeda, predstava za otroke<\/a>, 3+ \/ Layerjeva hi\u0161a<\/strong><br \/><strong>11.00 Miniature, voden ogled razstave s kuratorko Mario Eliso Quiaro \/ Layerjeva hi\u0161a<\/strong><br \/><strong>17.00 <a href=\"https:\/\/layer.si\/vnos\/kolazna-ilustracija\/\">Kola\u017ena ilustracija, predavanje in delavnica z Evo Mlinar, 14+ [KAOS_ soo\u010danja]<\/a> \/ Layerjeva hi\u0161a<\/strong><\/p><p><strong><span style=\"color: #288f97;\">nedelja, 2. 6.<\/span><br \/><\/strong> <br \/><strong>18.00 <a href=\"https:\/\/layer.si\/vnos\/animirani-kolaz-1\/\">Animirani kola\u017e 1, delavnica z Domnom Dimovskim, 14+<\/a> [KAOS_ soo\u010danja] \/ Layerjeva hi\u0161a<\/strong><\/p><p><strong><span style=\"color: #288f97;\">sobota, 8. 6.<\/span><br \/><\/strong><strong><br \/>11.00 Voden ogled festivalskih razstav \/ zbirno mesto Layerjeva hi\u0161a<br \/>17.00 <a href=\"https:\/\/www.facebook.com\/events\/461528419901300\/?ref=newsfeed\">Knji\u017eni kola\u017ei, delavnica s Sla\u0111ano Mati\u010d Trstenjak<\/a> [KAOS_ soo\u010danja] \/ Fragmenti\u00a0<br \/>19.00 <a href=\"https:\/\/www.facebook.com\/events\/1154911402220500\/?ref=newsfeed\">Pogovor z umetnicami: Nevena Aleksovski, Maja Babi\u010d Ko\u0161ir, Iva Tratnik<\/a> \/ Layerjeva hi\u0161a<br \/>20.30 <a href=\"https:\/\/layer.si\/vnos\/if-paradise-is-as-half-as-nice\/\">If Paradise Is As Half As Nice #8<\/a>, projekcija dokumentarnega filma, 56\u2032 \/ Layerjeva hi\u0161a <\/strong><\/p><p><strong><span style=\"color: #288f97;\">nedelja, 9. 6.<\/span><br \/><\/strong> <br \/><strong>18.00 <a href=\"https:\/\/layer.si\/vnos\/animirani-kolaz-2\/\">Animirani kola\u017e 2, delavnica z Domnom Dimovskim, 14+<\/a> [KAOS_ soo\u010danja]<\/strong><\/p><p><span style=\"color: #288f97;\"><strong>petek, 21. 6.<\/strong><\/span><\/p><p><strong>21.00 KAOS x KRAFFT vibes: Leon Z. Slabe, Matic Mikola, Rok Zalokar, Miha Kraker, Nils Ro\u0161ker, glasbeni ve\u010der (jazz-hop, chill out, groove) \/ Layerjeva hi\u0161a<\/strong><\/p><p><span style=\"color: #288f97;\"><strong>petek, 28. 6.<\/strong><\/span><\/p><p><strong>17.00 <a href=\"https:\/\/layer.si\/vnos\/kolaz-in-lesorez\/\">Kola\u017e in lesorez, delavnica z Oliverjem Pili\u0107em [KAOS_ soo\u010danja]<\/a> \/ Kova\u010dnica<\/strong><\/p><p><span style=\"color: #288f97;\"><strong>sobota, 29. 6.<\/strong><\/span><\/p><p><strong>11.00 Voden ogled s kuratorko Maru\u0161o \u0160tibelj \/ vsi razstavni prostori\u00a0<br \/>18.00 <a href=\"https:\/\/layer.si\/vnos\/kolaz-terapija\/\">Pogovor z umetnico Rebeko Elizegi: Kola\u017e terapija<\/a> \/ zoom\u00a0<\/strong><br \/><strong>18.00 <a href=\"https:\/\/layer.si\/vnos\/sprehod-v-notranjost\/\">Sprehod v notranjo divjino &#8211; spoznajte potencial pomo\u010di z umetnostjo, delavnica z Jasmino Fer\u010dek [KAOS_ soo\u010danja]<\/a> \/ kanjon reke Kokre<\/strong><\/p><p><span style=\"color: #288f97;\"><strong>sobota, 6. 7.<\/strong><\/span><\/p><p><strong>21.00 <a href=\"https:\/\/layer.si\/vnos\/poceni-skafi-kaos\/\">KAOS vibes: Po\u010deni \u0161kafi, koncert<\/a> \/ Layerjeva hi\u0161a<\/strong><\/p><p><span style=\"color: #288f97;\"><strong>petek, 12. 7.<\/strong><\/span><\/p><p><strong>17.00 <a href=\"https:\/\/layer.si\/vnos\/street-art-delavnica-s-petjo-kolenko\/\">Street art delavnica s Petjo Kolenko<\/a> [KAOS_ soo\u010danja] \/ Mergentalerjeva uli\u010dna galerija\u00a0<\/strong><\/p><p><span style=\"color: #288f97;\"><strong>petek, 26. 7.<\/strong><\/span><\/p><p><strong>17.00 KAOS x KRANFEST &#8211; Voden ogled festivalskih razstav \/ zbirno mesto Layerjeva hi\u0161a (prijave: <a href=\"mailto:art@layer.si\">art@layer.si<\/a>)<\/strong><\/p><p><strong>20.00 KAOS x KRANFEST vibes &#8211; DJ Bane \/ terasa Layerjeve hi\u0161e<\/strong><\/p><p><span style=\"color: #288f97;\"><strong>sobota, 27. 7.<\/strong><\/span><\/p><p><strong>20.00 KAOS x KRANFEST vibes &#8211; <b>RecycleMan<\/b> \/ terasa Layerjeve hi\u0161e<\/strong><\/p><p><span style=\"color: #288f97;\"><strong>\u010detrtek, 8. 8.\u00a0<\/strong><\/span><\/p><p><strong>17.00 Voden ogled festivalskih razstav \/ zbirno mesto Layerjeva hi\u0161a (prijave: <a href=\"mailto:art@layer.si\">art@layer.si<\/a>)<\/strong><\/p><p><span style=\"color: #288f97;\"><strong>sobota, 10. 8.\u00a0 [zaklju\u010dek festivala]<\/strong><\/span><\/p><p><strong>17.00 <a href=\"https:\/\/layer.si\/vnos\/odzivi-pod-povrsjem\/\">Odzivi pod povr\u0161jem &#8211; spoznajte potencial pomo\u010di z umetnostjo, delavnica z Jasmino Fer\u010dek<\/a> \/ zbirno mesto Layerjeva hi\u0161a<br \/><\/strong><strong>19.00 <a href=\"https:\/\/layer.si\/vnos\/sprehod-z-umetniki\/\">Sprehod z umetniki \/ Artist walk<\/a>: DNLM (SI), Leon Zuodar (SI), Petja Kolenko (SI), CutOut Kyiv (UA), Sakia Reis (DE) \/ zbirno mesto Layerjeva hi\u0161a<\/strong><br \/><strong>21.00 <a href=\"https:\/\/layer.si\/vnos\/kiki\/\">KAOS vibes &#8211; KiKi, koncert<\/a><\/strong><\/p><p><span style=\"color: #288f97;\"><strong><em>_DODATEN\u00a0 PROGRAM_<\/em><\/strong><\/span><\/p><p><strong>Vodenja po festivalskih razstavah za \u0161olske skupine so mo\u017ene od 3. 6. do 21. 6. 2024, cena 1,0 EUR na osebo, povpra\u0161evanje: info@layer.si.<\/strong><br \/><strong>Za vodenje za zaprte skupine (do 15 oseb, v slovenskem in angle\u0161kem jeziku, cena 2* \/ 3 EUR na osebo) po\u0161ljite povpra\u0161evanje: info@layer.si.<\/strong><\/p><p>*Program se sproti dopolnjuje. <br \/>**Organizator si pridr\u017euje pravico do spremembe programa.\u00a0<\/p><\/div>\n\t\t\t\t<\/div>\n\t\t\t\t<\/div>\n\t\t\t\t\t\t<\/div>\n\t\t\t<\/div>\n\t\t<\/div>\n\t\t\t\t\t\t<\/div>\n\t\t\t<\/div>\n\t\t<\/section>\n\t\t\t\t<section class=\"elementor-element elementor-element-9acea63 elementor-section-boxed elementor-section-height-default elementor-section-height-default elementor-section elementor-top-section\" data-id=\"9acea63\" data-element_type=\"section\">\n\t\t\t\t\t\t<div class=\"elementor-container elementor-column-gap-default\">\n\t\t\t\t<div class=\"elementor-row\">\n\t\t\t\t<div class=\"elementor-element elementor-element-83ee5c0 elementor-column elementor-col-50 elementor-top-column\" data-id=\"83ee5c0\" data-element_type=\"column\">\n\t\t\t<div class=\"elementor-column-wrap  elementor-element-populated\">\n\t\t\t\t\t<div class=\"elementor-widget-wrap\">\n\t\t\t\t<div class=\"elementor-element elementor-element-926bbd7 elementor-widget elementor-widget-image\" data-id=\"926bbd7\" data-element_type=\"widget\" data-widget_type=\"image.default\">\n\t\t\t\t<div class=\"elementor-widget-container\">\n\t\t\t\t\t<div class=\"elementor-image\">\n\t\t\t\t\t\t\t\t\t\t<img width=\"200\" height=\"45\" src=\"https:\/\/layer.si\/kaos\/wp-content\/uploads\/4.png\" class=\"attachment-large size-large\" alt=\"\" loading=\"lazy\" \/>\t\t\t\t\t\t\t\t\t\t\t<\/div>\n\t\t\t\t<\/div>\n\t\t\t\t<\/div>\n\t\t\t\t\t\t<\/div>\n\t\t\t<\/div>\n\t\t<\/div>\n\t\t\t\t<div class=\"elementor-element elementor-element-be5d734 elementor-column elementor-col-50 elementor-top-column\" data-id=\"be5d734\" data-element_type=\"column\">\n\t\t\t<div class=\"elementor-column-wrap  elementor-element-populated\">\n\t\t\t\t\t<div class=\"elementor-widget-wrap\">\n\t\t\t\t<div class=\"elementor-element elementor-element-788adc6 elementor-widget elementor-widget-text-editor\" data-id=\"788adc6\" data-element_type=\"widget\" data-widget_type=\"text-editor.default\">\n\t\t\t\t<div class=\"elementor-widget-container\">\n\t\t\t\t\t<div class=\"elementor-text-editor elementor-clearfix\"><h5>Za ve\u010d infomacij smo vam na voljo na <a href=\"mailto:kaos@layer.si\">kaos@layer.si<\/a><\/h5><\/div>\n\t\t\t\t<\/div>\n\t\t\t\t<\/div>\n\t\t\t\t\t\t<\/div>\n\t\t\t<\/div>\n\t\t<\/div>\n\t\t\t\t\t\t<\/div>\n\t\t\t<\/div>\n\t\t<\/section>\n\t\t\t\t\t\t<\/div>\n\t\t\t<\/div>\n\t\t<\/div>\n\t\t","protected":false},"excerpt":{"rendered":"<p>KAOS 2024 5. mednarodni festival sodobnega kola\u017ea 31. 5.-10. 8. 2024 Vabljeni v na\u0161e mesto, mesto kola\u017ea! Razstave bodo pospremili ve\u010derni koncerti, javne intervencije, delavnice, pogovori z umetniki in vodeni ogledi. Lokacije festivalskih razstav: Layerjeva hi\u0161a, Galerija Janez Puhar &#8211; Stolp \u0160krlovec, klet Mestne hi\u0161e, Mala galerija LDK, atrij Kova\u010dnice, Park La Ciotat, Stolp Pungert, [&hellip;]<\/p>\n","protected":false},"author":1,"featured_media":4780,"parent":1050,"menu_order":0,"comment_status":"closed","ping_status":"closed","template":"","meta":[],"_links":{"self":[{"href":"https:\/\/layer.si\/kaos\/wp-json\/wp\/v2\/pages\/5541"}],"collection":[{"href":"https:\/\/layer.si\/kaos\/wp-json\/wp\/v2\/pages"}],"about":[{"href":"https:\/\/layer.si\/kaos\/wp-json\/wp\/v2\/types\/page"}],"author":[{"embeddable":true,"href":"https:\/\/layer.si\/kaos\/wp-json\/wp\/v2\/users\/1"}],"replies":[{"embeddable":true,"href":"https:\/\/layer.si\/kaos\/wp-json\/wp\/v2\/comments?post=5541"}],"version-history":[{"count":69,"href":"https:\/\/layer.si\/kaos\/wp-json\/wp\/v2\/pages\/5541\/revisions"}],"predecessor-version":[{"id":6698,"href":"https:\/\/layer.si\/kaos\/wp-json\/wp\/v2\/pages\/5541\/revisions\/6698"}],"up":[{"embeddable":true,"href":"https:\/\/layer.si\/kaos\/wp-json\/wp\/v2\/pages\/1050"}],"wp:featuredmedia":[{"embeddable":true,"href":"https:\/\/layer.si\/kaos\/wp-json\/wp\/v2\/media\/4780"}],"wp:attachment":[{"href":"https:\/\/layer.si\/kaos\/wp-json\/wp\/v2\/media?parent=5541"}],"curies":[{"name":"wp","href":"https:\/\/api.w.org\/{rel}","templated":true}]}}