{"id":271,"date":"2019-03-31T02:02:32","date_gmt":"2019-03-31T02:02:32","guid":{"rendered":"https:\/\/layer.si\/kaos\/?post_type=umetniki&#038;p=271"},"modified":"2019-04-03T12:41:40","modified_gmt":"2019-04-03T12:41:40","slug":"marusa-stibelj","status":"publish","type":"umetniki","link":"https:\/\/layer.si\/kaos\/umetniki\/marusa-stibelj\/","title":{"rendered":"MARU\u0160A \u0160TIBELJ"},"content":{"rendered":"\n<p><strong>Maru\u0161a \u0160tibelj<\/strong>&nbsp;(1986) je diplomirala iz likovne pedagogike (Sporo\u010dilnost barve v filmu) na&nbsp;<em>Pedago\u0161ki fakulteti Univerze v Ljubljani<\/em>. Svoje kola\u017ee je razstavljala na samostojnih in skupinskih razstavah v Sloveniji in tujini. Nekaj najnovej\u0161ih razstav je bilo postavljenih v Galeriji Prica (Samobor, Italija), Galeriji Trat (Trst, Italija), na Collagistas Festival 2017 (Milano, Italija), na Sketching connections (Zagreb, Hrva\u0161ka), v Galeriji Zveze dru\u0161tev Slovenskih Likovnih umetnikov (Ljubljana, Slovenija), v Palazzo Gopcevich (Trst, Italija), v Gallerie im Schloss (\u0160pital, Avstrija), idr.<\/p>\n","protected":false},"featured_media":0,"parent":0,"template":"","leto":[11],"jezik":[8],"umetnik-kategorija":[7],"_links":{"self":[{"href":"https:\/\/layer.si\/kaos\/wp-json\/wp\/v2\/umetniki\/271"}],"collection":[{"href":"https:\/\/layer.si\/kaos\/wp-json\/wp\/v2\/umetniki"}],"about":[{"href":"https:\/\/layer.si\/kaos\/wp-json\/wp\/v2\/types\/umetniki"}],"version-history":[{"count":2,"href":"https:\/\/layer.si\/kaos\/wp-json\/wp\/v2\/umetniki\/271\/revisions"}],"predecessor-version":[{"id":273,"href":"https:\/\/layer.si\/kaos\/wp-json\/wp\/v2\/umetniki\/271\/revisions\/273"}],"wp:attachment":[{"href":"https:\/\/layer.si\/kaos\/wp-json\/wp\/v2\/media?parent=271"}],"wp:term":[{"taxonomy":"leto","embeddable":true,"href":"https:\/\/layer.si\/kaos\/wp-json\/wp\/v2\/leto?post=271"},{"taxonomy":"jezik","embeddable":true,"href":"https:\/\/layer.si\/kaos\/wp-json\/wp\/v2\/jezik?post=271"},{"taxonomy":"umetnik-kategorija","embeddable":true,"href":"https:\/\/layer.si\/kaos\/wp-json\/wp\/v2\/umetnik-kategorija?post=271"}],"curies":[{"name":"wp","href":"https:\/\/api.w.org\/{rel}","templated":true}]}}

MARUŠA ŠTIBELJ

<p><strong>Maruša Štibelj</strong>&nbsp;(1986) je diplomirala iz likovne pedagogike (Sporočilnost barve v filmu) na&nbsp;<em>Pedagoški fakulteti Univerze v Ljubljani</em>. Svoje kolaže je razstavljala na samostojnih in skupinskih razstavah v Sloveniji in tujini. Nekaj najnovejših razstav je bilo postavljenih v Galeriji Prica (Samobor, Italija), Galeriji Trat (Trst, Italija), na Collagistas Festival 2017 (Milano, Italija), na Sketching connections (Zagreb, Hrvaška), v Galeriji Zveze društev Slovenskih Likovnih umetnikov (Ljubljana, Slovenija), v Palazzo Gopcevich (Trst, Italija), v Gallerie im Schloss (Špital, Avstrija), idr.</p>
