{"id":276,"date":"2019-03-31T02:04:45","date_gmt":"2019-03-31T02:04:45","guid":{"rendered":"https:\/\/layer.si\/kaos\/?post_type=umetniki&#038;p=276"},"modified":"2019-04-03T12:40:35","modified_gmt":"2019-04-03T12:40:35","slug":"marina-markovic","status":"publish","type":"umetniki","link":"https:\/\/layer.si\/kaos\/umetniki\/marina-markovic\/","title":{"rendered":"MARINA MARKOVIC"},"content":{"rendered":"\n<p><strong>Marina Markovic&nbsp;<\/strong>preko svojega dela in z uporabo razli\u010dnih medijev (video, preformans, kiparjenje, razli\u010dne principe ro\u010dnih doma\u010dih obrti, kola\u017e, itn.) raziskuje socialne pritiske na \u017eenska telesa, ki so v \u017eelji po seganju\/doseganju\/pribli\u017eevanju socialno zgrajenemu lepotnem idealu na dnevni ravni predmet bole\u010dih ritualov in \u00bbtrpin\u010denja\u00ab.<\/p>\n\n\n\n<p>ANOREKSIJA \u2013 Dnevnik obsega celotno obdobje pred nastopom bolezni, ki se za\u010dne s stradanjem lastnega telesa in obsesivnim odnosom do hrane pa vse do hospitalizacije in okrevanja. Vsak dan bolezni je dokumentiran z risbami, spiski hrane, razpredelnicami vnosa kalorij, fotografijami telesa kot tudi z zdravstvenimi kartotekami, ki so nastale med 6 mese\u010dnim zdravljenjem na&nbsp;<em>Institute of Endocrinology<\/em>.<\/p>\n","protected":false},"featured_media":0,"parent":0,"template":"","leto":[11],"jezik":[8],"umetnik-kategorija":[7],"_links":{"self":[{"href":"https:\/\/layer.si\/kaos\/wp-json\/wp\/v2\/umetniki\/276"}],"collection":[{"href":"https:\/\/layer.si\/kaos\/wp-json\/wp\/v2\/umetniki"}],"about":[{"href":"https:\/\/layer.si\/kaos\/wp-json\/wp\/v2\/types\/umetniki"}],"version-history":[{"count":1,"href":"https:\/\/layer.si\/kaos\/wp-json\/wp\/v2\/umetniki\/276\/revisions"}],"predecessor-version":[{"id":277,"href":"https:\/\/layer.si\/kaos\/wp-json\/wp\/v2\/umetniki\/276\/revisions\/277"}],"wp:attachment":[{"href":"https:\/\/layer.si\/kaos\/wp-json\/wp\/v2\/media?parent=276"}],"wp:term":[{"taxonomy":"leto","embeddable":true,"href":"https:\/\/layer.si\/kaos\/wp-json\/wp\/v2\/leto?post=276"},{"taxonomy":"jezik","embeddable":true,"href":"https:\/\/layer.si\/kaos\/wp-json\/wp\/v2\/jezik?post=276"},{"taxonomy":"umetnik-kategorija","embeddable":true,"href":"https:\/\/layer.si\/kaos\/wp-json\/wp\/v2\/umetnik-kategorija?post=276"}],"curies":[{"name":"wp","href":"https:\/\/api.w.org\/{rel}","templated":true}]}}

<p><strong>Marina Markovic&nbsp;</strong>preko svojega dela in z uporabo različnih medijev (video, preformans, kiparjenje, različne principe ročnih domačih obrti, kolaž, itn.) raziskuje socialne pritiske na ženska telesa, ki so v želji po seganju/doseganju/približevanju socialno zgrajenemu lepotnem idealu na dnevni ravni predmet bolečih ritualov in »trpinčenja«.</p>



<p>ANOREKSIJA – Dnevnik obsega celotno obdobje pred nastopom bolezni, ki se začne s stradanjem lastnega telesa in obsesivnim odnosom do hrane pa vse do hospitalizacije in okrevanja. Vsak dan bolezni je dokumentiran z risbami, spiski hrane, razpredelnicami vnosa kalorij, fotografijami telesa kot tudi z zdravstvenimi kartotekami, ki so nastale med 6 mesečnim zdravljenjem na&nbsp;<em>Institute of Endocrinology</em>.</p>
