{"id":278,"date":"2019-03-31T02:05:19","date_gmt":"2019-03-31T02:05:19","guid":{"rendered":"https:\/\/layer.si\/kaos\/?post_type=umetniki&#038;p=278"},"modified":"2019-04-03T12:51:19","modified_gmt":"2019-04-03T12:51:19","slug":"vec-avtoric","status":"publish","type":"umetniki","link":"https:\/\/layer.si\/kaos\/umetniki\/vec-avtoric\/","title":{"rendered":"VE\u010c AVTORIC"},"content":{"rendered":"\n<p><strong>&#8220;Bolezen na\u0161ih dni&#8221;<\/strong>&nbsp;je delo&nbsp;ve\u010d avtoric,&nbsp;za\u010dasnega&nbsp;kolektiva,&nbsp;ki ga sestavljajo&nbsp;\u0161tiri&nbsp;umetnice (ve\u010dinoma \u0161tudentke umetni\u0161kih akademij) z razli\u010dnim ozadjem in iz razli\u010dnih dru\u017ebenih okolij. Ustvarjajo individualno, a rade izkoristijo prilo\u017enosti za ustvarjalno povezovanje. &nbsp;<\/p>\n\n\n\n<p>Tisa Ne\u017ea Herlec, Teresa Neppi, Ur\u0161a Godina, Jana Nun\u010di\u010d, Helena Tahir, Matea<\/p>\n\n\n\n<p>Bolezen na\u0161ih dni \/ Sickness of our days je zbirka kola\u017eev v zinu, ki predstavljajo njihove misli in interpretacije vpra\u0161anja \u00bb<em>kaj \u010de ..<\/em>. bi se dru\u017eba zavedala svojih bolezni?\u00ab (\u00bb<em>what if &#8230;<\/em>&nbsp;the society was aware of its diseases?\u00ab) V skupnem delu \u017eelijo prikazati b\u00f3l-ezen, ki jo ob\u010dutijo, ko \u017eivijo in razmi\u0161ljajo o sodobnem svetu. Ustvarjajo razmislek na mikro in makro ravni in predlagajo mo\u017ene re\u0161itve in na\u010dine zdravljenja anomalij tako, da jih predstavljajo o\u010dem javnosti in zagotavljamo njihovo vidnost.<\/p>\n","protected":false},"featured_media":0,"parent":0,"template":"","leto":[11],"jezik":[8],"umetnik-kategorija":[7],"_links":{"self":[{"href":"https:\/\/layer.si\/kaos\/wp-json\/wp\/v2\/umetniki\/278"}],"collection":[{"href":"https:\/\/layer.si\/kaos\/wp-json\/wp\/v2\/umetniki"}],"about":[{"href":"https:\/\/layer.si\/kaos\/wp-json\/wp\/v2\/types\/umetniki"}],"version-history":[{"count":1,"href":"https:\/\/layer.si\/kaos\/wp-json\/wp\/v2\/umetniki\/278\/revisions"}],"predecessor-version":[{"id":279,"href":"https:\/\/layer.si\/kaos\/wp-json\/wp\/v2\/umetniki\/278\/revisions\/279"}],"wp:attachment":[{"href":"https:\/\/layer.si\/kaos\/wp-json\/wp\/v2\/media?parent=278"}],"wp:term":[{"taxonomy":"leto","embeddable":true,"href":"https:\/\/layer.si\/kaos\/wp-json\/wp\/v2\/leto?post=278"},{"taxonomy":"jezik","embeddable":true,"href":"https:\/\/layer.si\/kaos\/wp-json\/wp\/v2\/jezik?post=278"},{"taxonomy":"umetnik-kategorija","embeddable":true,"href":"https:\/\/layer.si\/kaos\/wp-json\/wp\/v2\/umetnik-kategorija?post=278"}],"curies":[{"name":"wp","href":"https:\/\/api.w.org\/{rel}","templated":true}]}}

VEČ AVTORIC

<p><strong>&#8220;Bolezen naših dni&#8221;</strong>&nbsp;je delo&nbsp;več avtoric,&nbsp;začasnega&nbsp;kolektiva,&nbsp;ki ga sestavljajo&nbsp;štiri&nbsp;umetnice (večinoma študentke umetniških akademij) z različnim ozadjem in iz različnih družbenih okolij. Ustvarjajo individualno, a rade izkoristijo priložnosti za ustvarjalno povezovanje. &nbsp;</p>



<p>Tisa Neža Herlec, Teresa Neppi, Urša Godina, Jana Nunčič, Helena Tahir, Matea</p>



<p>Bolezen naših dni / Sickness of our days je zbirka kolažev v zinu, ki predstavljajo njihove misli in interpretacije vprašanja »<em>kaj če ..</em>. bi se družba zavedala svojih bolezni?« (»<em>what if &#8230;</em>&nbsp;the society was aware of its diseases?«) V skupnem delu želijo prikazati ból-ezen, ki jo občutijo, ko živijo in razmišljajo o sodobnem svetu. Ustvarjajo razmislek na mikro in makro ravni in predlagajo možne rešitve in načine zdravljenja anomalij tako, da jih predstavljajo očem javnosti in zagotavljamo njihovo vidnost.</p>
