{"id":280,"date":"2019-03-31T02:05:56","date_gmt":"2019-03-31T02:05:56","guid":{"rendered":"https:\/\/layer.si\/kaos\/?post_type=umetniki&#038;p=280"},"modified":"2019-04-03T12:42:28","modified_gmt":"2019-04-03T12:42:28","slug":"masa-gala","status":"publish","type":"umetniki","link":"https:\/\/layer.si\/kaos\/umetniki\/masa-gala\/","title":{"rendered":"MA\u0160A GALA"},"content":{"rendered":"\n<p><strong>Ma\u0161a Gala&nbsp;<\/strong>je zaklju\u010dila je \u0161tudij slikarstva, novih medijev in grafike na&nbsp;<em>Akademiji za likovno umetnost in oblikovanje, Univerza v Ljubljani<\/em>, kjer je leta 2010 prejela \u0161tudentsko Pre\u0161ernovo nagrado za slikarstvo. \u0160tudijsko se je na podro\u010dju avtorske fotografije izpopolnjevala na&nbsp;<em>Akademiji za umetnost, arhitekturo in oblikovanje v Pragi, na \u010ce\u0161kem<\/em>. Poleg samostojne prakse od leta 2010 deluje tudi v umetni\u0161ki skupini 3kolektiv. Od leta 2005 razstavlja v Sloveniji in v tujini (Nizozemska, Francija, Italija, \u0160vica, Bolgarija, \u010ce\u0161ka) na razli\u010dnih samostojnih in&nbsp; skupinskih razstavah. V svoji umetni\u0161ki praksi prepleta ve\u010d medijev kot so slikarstvo, fotografija, instalacija in grafika.&nbsp;&nbsp;<\/p>\n","protected":false},"featured_media":0,"parent":0,"template":"","leto":[11],"jezik":[8],"umetnik-kategorija":[7],"_links":{"self":[{"href":"https:\/\/layer.si\/kaos\/wp-json\/wp\/v2\/umetniki\/280"}],"collection":[{"href":"https:\/\/layer.si\/kaos\/wp-json\/wp\/v2\/umetniki"}],"about":[{"href":"https:\/\/layer.si\/kaos\/wp-json\/wp\/v2\/types\/umetniki"}],"version-history":[{"count":1,"href":"https:\/\/layer.si\/kaos\/wp-json\/wp\/v2\/umetniki\/280\/revisions"}],"predecessor-version":[{"id":281,"href":"https:\/\/layer.si\/kaos\/wp-json\/wp\/v2\/umetniki\/280\/revisions\/281"}],"wp:attachment":[{"href":"https:\/\/layer.si\/kaos\/wp-json\/wp\/v2\/media?parent=280"}],"wp:term":[{"taxonomy":"leto","embeddable":true,"href":"https:\/\/layer.si\/kaos\/wp-json\/wp\/v2\/leto?post=280"},{"taxonomy":"jezik","embeddable":true,"href":"https:\/\/layer.si\/kaos\/wp-json\/wp\/v2\/jezik?post=280"},{"taxonomy":"umetnik-kategorija","embeddable":true,"href":"https:\/\/layer.si\/kaos\/wp-json\/wp\/v2\/umetnik-kategorija?post=280"}],"curies":[{"name":"wp","href":"https:\/\/api.w.org\/{rel}","templated":true}]}}

MAŠA GALA

<p><strong>Maša Gala&nbsp;</strong>je zaključila je študij slikarstva, novih medijev in grafike na&nbsp;<em>Akademiji za likovno umetnost in oblikovanje, Univerza v Ljubljani</em>, kjer je leta 2010 prejela študentsko Prešernovo nagrado za slikarstvo. Študijsko se je na področju avtorske fotografije izpopolnjevala na&nbsp;<em>Akademiji za umetnost, arhitekturo in oblikovanje v Pragi, na Češkem</em>. Poleg samostojne prakse od leta 2010 deluje tudi v umetniški skupini 3kolektiv. Od leta 2005 razstavlja v Sloveniji in v tujini (Nizozemska, Francija, Italija, Švica, Bolgarija, Češka) na različnih samostojnih in&nbsp; skupinskih razstavah. V svoji umetniški praksi prepleta več medijev kot so slikarstvo, fotografija, instalacija in grafika.&nbsp;&nbsp;</p>
