{"id":282,"date":"2019-03-31T02:06:28","date_gmt":"2019-03-31T02:06:28","guid":{"rendered":"https:\/\/layer.si\/kaos\/?post_type=umetniki&#038;p=282"},"modified":"2019-04-03T12:35:14","modified_gmt":"2019-04-03T12:35:14","slug":"julien-moulin","status":"publish","type":"umetniki","link":"https:\/\/layer.si\/kaos\/umetniki\/julien-moulin\/","title":{"rendered":"JULIEN MOULIN"},"content":{"rendered":"\n<p><strong>Julien Moulin&nbsp;<\/strong>\u017ee preko 20 let zaseda mesto umetni\u0161kega direktorja. Karierno pot je za\u010del v oblikovalskem podjetju v Parizu, ko je diplomiral iz grafi\u010dnega oblikovanja na&nbsp;<em>\u00c9cole Estienne<\/em>. Pozneje je kot samostojni oblikovalec delal na daljavo iz Azije, Zdru\u017eenih dr\u017eav in Evrope. Sodeloval je z mednarodnimi skupinami oblikovalcev in razvijalcev na projektih, vezanih na medmre\u017eje in tisk. &nbsp;<\/p>\n","protected":false},"featured_media":0,"parent":0,"template":"","leto":[11],"jezik":[8],"umetnik-kategorija":[7],"_links":{"self":[{"href":"https:\/\/layer.si\/kaos\/wp-json\/wp\/v2\/umetniki\/282"}],"collection":[{"href":"https:\/\/layer.si\/kaos\/wp-json\/wp\/v2\/umetniki"}],"about":[{"href":"https:\/\/layer.si\/kaos\/wp-json\/wp\/v2\/types\/umetniki"}],"version-history":[{"count":1,"href":"https:\/\/layer.si\/kaos\/wp-json\/wp\/v2\/umetniki\/282\/revisions"}],"predecessor-version":[{"id":283,"href":"https:\/\/layer.si\/kaos\/wp-json\/wp\/v2\/umetniki\/282\/revisions\/283"}],"wp:attachment":[{"href":"https:\/\/layer.si\/kaos\/wp-json\/wp\/v2\/media?parent=282"}],"wp:term":[{"taxonomy":"leto","embeddable":true,"href":"https:\/\/layer.si\/kaos\/wp-json\/wp\/v2\/leto?post=282"},{"taxonomy":"jezik","embeddable":true,"href":"https:\/\/layer.si\/kaos\/wp-json\/wp\/v2\/jezik?post=282"},{"taxonomy":"umetnik-kategorija","embeddable":true,"href":"https:\/\/layer.si\/kaos\/wp-json\/wp\/v2\/umetnik-kategorija?post=282"}],"curies":[{"name":"wp","href":"https:\/\/api.w.org\/{rel}","templated":true}]}}

<p><strong>Julien Moulin&nbsp;</strong>že preko 20 let zaseda mesto umetniškega direktorja. Karierno pot je začel v oblikovalskem podjetju v Parizu, ko je diplomiral iz grafičnega oblikovanja na&nbsp;<em>École Estienne</em>. Pozneje je kot samostojni oblikovalec delal na daljavo iz Azije, Združenih držav in Evrope. Sodeloval je z mednarodnimi skupinami oblikovalcev in razvijalcev na projektih, vezanih na medmrežje in tisk. &nbsp;</p>
