{"id":288,"date":"2019-03-31T02:08:13","date_gmt":"2019-03-31T02:08:13","guid":{"rendered":"https:\/\/layer.si\/kaos\/?post_type=umetniki&#038;p=288"},"modified":"2019-04-03T12:33:35","modified_gmt":"2019-04-03T12:33:35","slug":"jonathan-tegelaars","status":"publish","type":"umetniki","link":"https:\/\/layer.si\/kaos\/umetniki\/jonathan-tegelaars\/","title":{"rendered":"JONATHAN TEGELAARS"},"content":{"rendered":"\n<p><strong>Jonathan Tegelaars,&nbsp;<\/strong>rojen 15. novembra 1988 v Firencah, je mlaj\u0161i od dveh bratov, \u010digar o\u010de je Nizozemec, mama pa Francozinja. \u0160olal se je v&nbsp;<em>\u00c9cole Fran\u00e7aise de Florence<\/em>&nbsp;(Francoska \u0161ola v Firencah) in v gimnaziji&nbsp;<em>Machiavelli-Capponi.&nbsp;<\/em>Na&nbsp;<em>Libera Accademia delle Belle Arti di Firenze (Laba)<\/em>&nbsp;je vpisal triletni \u0161tudij oblikovanja in kasneje dve leti \u0161tudiral slikanje in fotografijo, a slednjega \u0161tudija ni zaklju\u010dil. \u017divi v Firencah, kjer ustvarja v svojem studiu na Vii dell&#8217;Ardiglione.<\/p>\n","protected":false},"featured_media":0,"parent":0,"template":"","leto":[11],"jezik":[8],"umetnik-kategorija":[7],"_links":{"self":[{"href":"https:\/\/layer.si\/kaos\/wp-json\/wp\/v2\/umetniki\/288"}],"collection":[{"href":"https:\/\/layer.si\/kaos\/wp-json\/wp\/v2\/umetniki"}],"about":[{"href":"https:\/\/layer.si\/kaos\/wp-json\/wp\/v2\/types\/umetniki"}],"version-history":[{"count":1,"href":"https:\/\/layer.si\/kaos\/wp-json\/wp\/v2\/umetniki\/288\/revisions"}],"predecessor-version":[{"id":289,"href":"https:\/\/layer.si\/kaos\/wp-json\/wp\/v2\/umetniki\/288\/revisions\/289"}],"wp:attachment":[{"href":"https:\/\/layer.si\/kaos\/wp-json\/wp\/v2\/media?parent=288"}],"wp:term":[{"taxonomy":"leto","embeddable":true,"href":"https:\/\/layer.si\/kaos\/wp-json\/wp\/v2\/leto?post=288"},{"taxonomy":"jezik","embeddable":true,"href":"https:\/\/layer.si\/kaos\/wp-json\/wp\/v2\/jezik?post=288"},{"taxonomy":"umetnik-kategorija","embeddable":true,"href":"https:\/\/layer.si\/kaos\/wp-json\/wp\/v2\/umetnik-kategorija?post=288"}],"curies":[{"name":"wp","href":"https:\/\/api.w.org\/{rel}","templated":true}]}}

<p><strong>Jonathan Tegelaars,&nbsp;</strong>rojen 15. novembra 1988 v Firencah, je mlajši od dveh bratov, čigar oče je Nizozemec, mama pa Francozinja. Šolal se je v&nbsp;<em>École Française de Florence</em>&nbsp;(Francoska šola v Firencah) in v gimnaziji&nbsp;<em>Machiavelli-Capponi.&nbsp;</em>Na&nbsp;<em>Libera Accademia delle Belle Arti di Firenze (Laba)</em>&nbsp;je vpisal triletni študij oblikovanja in kasneje dve leti študiral slikanje in fotografijo, a slednjega študija ni zaključil. Živi v Firencah, kjer ustvarja v svojem studiu na Vii dell&#8217;Ardiglione.</p>
