{"id":306,"date":"2019-03-31T02:13:23","date_gmt":"2019-03-31T02:13:23","guid":{"rendered":"https:\/\/layer.si\/kaos\/?post_type=umetniki&#038;p=306"},"modified":"2019-04-03T06:57:43","modified_gmt":"2019-04-03T06:57:43","slug":"hana-jesih","status":"publish","type":"umetniki","link":"https:\/\/layer.si\/kaos\/umetniki\/hana-jesih\/","title":{"rendered":"HANA JESIH"},"content":{"rendered":"\n<p><strong>Hana Jesih<\/strong>&nbsp;je oblikovalka vizualnih komunikacij in ilustratorka, ki je magistrirala na Akademiji za likovno umetnost in oblikovanje v Ljubljani. Zaposlena je pri Narodnem gledali\u0161\u010du v Mariboru kot oblikovalka &#8211; kreativni vodja. Oblikuje tudi \u010dasopis Kinote\u010dnik, revijo Ekran in druge publikacije za Slovensko kinoteko. V samozalo\u017ebi je izdala knjigo umetnika z naslovom Impresije (Ljubljana\/Istanbul), kjer gre za kola\u017eno korespondenco dveh vizualnih umetnic, Hane Jesih in Eve Mlinar. Deluje na podro\u010dju grafi\u010dnega oblikovanja (oblikovanje spletne strani za Planico), oblikovanja knjig in publikacij (Katalog slovenskega animiranega filma 2014-2018), na podro\u010dju ilustracije (Priro\u010dnik Vklju\u010devanje v slovensko dru\u017ebo; Oblikovanje napisov, animacije za film Pot v Raj).<\/p>\n","protected":false},"featured_media":0,"parent":0,"template":"","leto":[11],"jezik":[8],"umetnik-kategorija":[7],"_links":{"self":[{"href":"https:\/\/layer.si\/kaos\/wp-json\/wp\/v2\/umetniki\/306"}],"collection":[{"href":"https:\/\/layer.si\/kaos\/wp-json\/wp\/v2\/umetniki"}],"about":[{"href":"https:\/\/layer.si\/kaos\/wp-json\/wp\/v2\/types\/umetniki"}],"version-history":[{"count":1,"href":"https:\/\/layer.si\/kaos\/wp-json\/wp\/v2\/umetniki\/306\/revisions"}],"predecessor-version":[{"id":307,"href":"https:\/\/layer.si\/kaos\/wp-json\/wp\/v2\/umetniki\/306\/revisions\/307"}],"wp:attachment":[{"href":"https:\/\/layer.si\/kaos\/wp-json\/wp\/v2\/media?parent=306"}],"wp:term":[{"taxonomy":"leto","embeddable":true,"href":"https:\/\/layer.si\/kaos\/wp-json\/wp\/v2\/leto?post=306"},{"taxonomy":"jezik","embeddable":true,"href":"https:\/\/layer.si\/kaos\/wp-json\/wp\/v2\/jezik?post=306"},{"taxonomy":"umetnik-kategorija","embeddable":true,"href":"https:\/\/layer.si\/kaos\/wp-json\/wp\/v2\/umetnik-kategorija?post=306"}],"curies":[{"name":"wp","href":"https:\/\/api.w.org\/{rel}","templated":true}]}}

<p><strong>Hana Jesih</strong>&nbsp;je oblikovalka vizualnih komunikacij in ilustratorka, ki je magistrirala na Akademiji za likovno umetnost in oblikovanje v Ljubljani. Zaposlena je pri Narodnem gledališču v Mariboru kot oblikovalka &#8211; kreativni vodja. Oblikuje tudi časopis Kinotečnik, revijo Ekran in druge publikacije za Slovensko kinoteko. V samozaložbi je izdala knjigo umetnika z naslovom Impresije (Ljubljana/Istanbul), kjer gre za kolažno korespondenco dveh vizualnih umetnic, Hane Jesih in Eve Mlinar. Deluje na področju grafičnega oblikovanja (oblikovanje spletne strani za Planico), oblikovanja knjig in publikacij (Katalog slovenskega animiranega filma 2014-2018), na področju ilustracije (Priročnik Vključevanje v slovensko družbo; Oblikovanje napisov, animacije za film Pot v Raj).</p>
