{"id":308,"date":"2019-03-31T02:13:54","date_gmt":"2019-03-31T02:13:54","guid":{"rendered":"https:\/\/layer.si\/kaos\/?post_type=umetniki&#038;p=308"},"modified":"2019-04-03T06:54:05","modified_gmt":"2019-04-03T06:54:05","slug":"eva-mlinar","status":"publish","type":"umetniki","link":"https:\/\/layer.si\/kaos\/umetniki\/eva-mlinar\/","title":{"rendered":"EVA MLINAR"},"content":{"rendered":"\n<p><strong>Eva Mlinar<\/strong>&nbsp;je zaklju\u010dila \u0161tudij umetnostne zgodovine na Filozofski fakulteti in \u0161tudij vizualnih komunikacij na Akademiji za likovno umetnost in oblikovanje v Ljubljani. S svojim delom se je predstavila na \u0161tevilnih razstavah doma in v tujini, med drugim na 12. slovenskem bienalu ilustracije, razstavi Groteska na\u0161ega \u010dasa v Umetnostni galeriji Maribor ter na mednarodni razstavi grafike v CKM Art Gallery v Istanbulu. Od leta 2011 snuje likovno podobo za knjige Knji\u017enice Mestnega gledali\u0161\u010da ljubljanskega, od lani pa skupaj z oblikovalko Hano Jesih prevzema oblikovanje publikacij in plakatov za Slovensko Kinoteko. Skupaj sta izdali tudi avtorsko knjigo kola\u017enih ilustracij IMPRESIJE: Ljubljana\/Istanbul (2018), ki je rezultat njune enoletne likovne korespondence.<\/p>\n","protected":false},"featured_media":0,"parent":0,"template":"","leto":[11],"jezik":[8],"umetnik-kategorija":[7],"_links":{"self":[{"href":"https:\/\/layer.si\/kaos\/wp-json\/wp\/v2\/umetniki\/308"}],"collection":[{"href":"https:\/\/layer.si\/kaos\/wp-json\/wp\/v2\/umetniki"}],"about":[{"href":"https:\/\/layer.si\/kaos\/wp-json\/wp\/v2\/types\/umetniki"}],"version-history":[{"count":1,"href":"https:\/\/layer.si\/kaos\/wp-json\/wp\/v2\/umetniki\/308\/revisions"}],"predecessor-version":[{"id":309,"href":"https:\/\/layer.si\/kaos\/wp-json\/wp\/v2\/umetniki\/308\/revisions\/309"}],"wp:attachment":[{"href":"https:\/\/layer.si\/kaos\/wp-json\/wp\/v2\/media?parent=308"}],"wp:term":[{"taxonomy":"leto","embeddable":true,"href":"https:\/\/layer.si\/kaos\/wp-json\/wp\/v2\/leto?post=308"},{"taxonomy":"jezik","embeddable":true,"href":"https:\/\/layer.si\/kaos\/wp-json\/wp\/v2\/jezik?post=308"},{"taxonomy":"umetnik-kategorija","embeddable":true,"href":"https:\/\/layer.si\/kaos\/wp-json\/wp\/v2\/umetnik-kategorija?post=308"}],"curies":[{"name":"wp","href":"https:\/\/api.w.org\/{rel}","templated":true}]}}

<p><strong>Eva Mlinar</strong>&nbsp;je zaključila študij umetnostne zgodovine na Filozofski fakulteti in študij vizualnih komunikacij na Akademiji za likovno umetnost in oblikovanje v Ljubljani. S svojim delom se je predstavila na številnih razstavah doma in v tujini, med drugim na 12. slovenskem bienalu ilustracije, razstavi Groteska našega časa v Umetnostni galeriji Maribor ter na mednarodni razstavi grafike v CKM Art Gallery v Istanbulu. Od leta 2011 snuje likovno podobo za knjige Knjižnice Mestnega gledališča ljubljanskega, od lani pa skupaj z oblikovalko Hano Jesih prevzema oblikovanje publikacij in plakatov za Slovensko Kinoteko. Skupaj sta izdali tudi avtorsko knjigo kolažnih ilustracij IMPRESIJE: Ljubljana/Istanbul (2018), ki je rezultat njune enoletne likovne korespondence.</p>
