{"id":322,"date":"2019-03-31T02:17:30","date_gmt":"2019-03-31T02:17:30","guid":{"rendered":"https:\/\/layer.si\/kaos\/?post_type=umetniki&#038;p=322"},"modified":"2019-04-03T06:54:53","modified_gmt":"2019-04-03T06:54:53","slug":"fita-cola","status":"publish","type":"umetniki","link":"https:\/\/layer.si\/kaos\/umetniki\/fita-cola\/","title":{"rendered":"FITA COLA"},"content":{"rendered":"\n<p>Fitacola collage sta&nbsp;<strong>Gra\u00e7a<\/strong>&nbsp;in&nbsp;<strong>Carlos Quit\u00e9rio<\/strong>. Leta 2005 sta na faksu skupaj za\u010dela ustvarjati kola\u017ee, pri katerih sta uporabljala lepilni trak, ki se mu v portugal\u010dini re\u010de fita-cola. Njuni delovni pripomo\u010dki prihajajo z bol\u0161jih trgov, second hand trgovin, od prijateljev in dru\u017eine. Ljubita ustvarjanje kola\u017eev, rezanje, me\u0161anje in leplenje starih in novih referenc iz ranovrstnih slik in papirjev. Delo z vsemi temi viri in informacijami, ustvarjanje neke vrste estetskega smisla iz naklju\u010dnih del\u010dkov papirja, ali pa skupaj \u2013 pripovedovanje nove zgodbe \u2013 vse to ju navdu\u0161uje.<\/p>\n","protected":false},"featured_media":0,"parent":0,"template":"","leto":[11],"jezik":[8],"umetnik-kategorija":[7],"_links":{"self":[{"href":"https:\/\/layer.si\/kaos\/wp-json\/wp\/v2\/umetniki\/322"}],"collection":[{"href":"https:\/\/layer.si\/kaos\/wp-json\/wp\/v2\/umetniki"}],"about":[{"href":"https:\/\/layer.si\/kaos\/wp-json\/wp\/v2\/types\/umetniki"}],"version-history":[{"count":1,"href":"https:\/\/layer.si\/kaos\/wp-json\/wp\/v2\/umetniki\/322\/revisions"}],"predecessor-version":[{"id":323,"href":"https:\/\/layer.si\/kaos\/wp-json\/wp\/v2\/umetniki\/322\/revisions\/323"}],"wp:attachment":[{"href":"https:\/\/layer.si\/kaos\/wp-json\/wp\/v2\/media?parent=322"}],"wp:term":[{"taxonomy":"leto","embeddable":true,"href":"https:\/\/layer.si\/kaos\/wp-json\/wp\/v2\/leto?post=322"},{"taxonomy":"jezik","embeddable":true,"href":"https:\/\/layer.si\/kaos\/wp-json\/wp\/v2\/jezik?post=322"},{"taxonomy":"umetnik-kategorija","embeddable":true,"href":"https:\/\/layer.si\/kaos\/wp-json\/wp\/v2\/umetnik-kategorija?post=322"}],"curies":[{"name":"wp","href":"https:\/\/api.w.org\/{rel}","templated":true}]}}

<p>Fitacola collage sta&nbsp;<strong>Graça</strong>&nbsp;in&nbsp;<strong>Carlos Quitério</strong>. Leta 2005 sta na faksu skupaj začela ustvarjati kolaže, pri katerih sta uporabljala lepilni trak, ki se mu v portugalčini reče fita-cola. Njuni delovni pripomočki prihajajo z bolšjih trgov, second hand trgovin, od prijateljev in družine. Ljubita ustvarjanje kolažev, rezanje, mešanje in leplenje starih in novih referenc iz ranovrstnih slik in papirjev. Delo z vsemi temi viri in informacijami, ustvarjanje neke vrste estetskega smisla iz naključnih delčkov papirja, ali pa skupaj – pripovedovanje nove zgodbe – vse to ju navdušuje.</p>
