{"id":4801,"date":"2022-05-24T11:09:48","date_gmt":"2022-05-24T11:09:48","guid":{"rendered":"https:\/\/layer.si\/kaos\/?post_type=umetniki&#038;p=4801"},"modified":"2022-05-24T11:11:12","modified_gmt":"2022-05-24T11:11:12","slug":"florian-lang-2","status":"publish","type":"umetniki","link":"https:\/\/layer.si\/kaos\/umetniki\/florian-lang-2\/","title":{"rendered":"Florian Lang"},"content":{"rendered":"\n<p><strong>Florian Lang<\/strong> (AT) je \u0161tudiral na Akademiji za likovno umetnost na Dunaju, Glasgow School of Art in Univerzi Marmara v Istanbulu. Diplomiral je leta 2010. Dele kariere je pre\u017eivel v Londonu in Budimpe\u0161ti. Trenutno \u017eivi in \u200b\u200bdela na Dunaju. Poleg razstav v Avstriji in tujini je zasnoval ve\u010d odrskih scen, producira glasbo in videospote ter trenutno pi\u0161e risanko za odrasle.<\/p>\n\n\n\n<p>Umetnik Florian Lang se ukvarja z neskladjem med individualizirano \u017eeljo ljudi po samoportretiranju in njihovim izgubljanjem v mno\u017eici. V svojih kola\u017eiranih slikah in videih raz\u010dlenjuje motive z dru\u017ebenih omre\u017eij in jih bistveno spremeni. Lomi prostor, se igra z dimenzijami in se giblje izven standardiziranega oblikovanja.<\/p>\n\n\n\n<p><\/p>\n","protected":false},"featured_media":4798,"parent":0,"template":"","leto":[434],"jezik":[8],"umetnik-kategorija":[324],"_links":{"self":[{"href":"https:\/\/layer.si\/kaos\/wp-json\/wp\/v2\/umetniki\/4801"}],"collection":[{"href":"https:\/\/layer.si\/kaos\/wp-json\/wp\/v2\/umetniki"}],"about":[{"href":"https:\/\/layer.si\/kaos\/wp-json\/wp\/v2\/types\/umetniki"}],"version-history":[{"count":1,"href":"https:\/\/layer.si\/kaos\/wp-json\/wp\/v2\/umetniki\/4801\/revisions"}],"predecessor-version":[{"id":4802,"href":"https:\/\/layer.si\/kaos\/wp-json\/wp\/v2\/umetniki\/4801\/revisions\/4802"}],"wp:featuredmedia":[{"embeddable":true,"href":"https:\/\/layer.si\/kaos\/wp-json\/wp\/v2\/media\/4798"}],"wp:attachment":[{"href":"https:\/\/layer.si\/kaos\/wp-json\/wp\/v2\/media?parent=4801"}],"wp:term":[{"taxonomy":"leto","embeddable":true,"href":"https:\/\/layer.si\/kaos\/wp-json\/wp\/v2\/leto?post=4801"},{"taxonomy":"jezik","embeddable":true,"href":"https:\/\/layer.si\/kaos\/wp-json\/wp\/v2\/jezik?post=4801"},{"taxonomy":"umetnik-kategorija","embeddable":true,"href":"https:\/\/layer.si\/kaos\/wp-json\/wp\/v2\/umetnik-kategorija?post=4801"}],"curies":[{"name":"wp","href":"https:\/\/api.w.org\/{rel}","templated":true}]}}

<p><strong>Florian Lang</strong> (AT) je študiral na Akademiji za likovno umetnost na Dunaju, Glasgow School of Art in Univerzi Marmara v Istanbulu. Diplomiral je leta 2010. Dele kariere je preživel v Londonu in Budimpešti. Trenutno živi in ​​dela na Dunaju. Poleg razstav v Avstriji in tujini je zasnoval več odrskih scen, producira glasbo in videospote ter trenutno piše risanko za odrasle.</p>



<p>Umetnik Florian Lang se ukvarja z neskladjem med individualizirano željo ljudi po samoportretiranju in njihovim izgubljanjem v množici. V svojih kolažiranih slikah in videih razčlenjuje motive z družbenih omrežij in jih bistveno spremeni. Lomi prostor, se igra z dimenzijami in se giblje izven standardiziranega oblikovanja.</p>



<p></p>
