{"id":4826,"date":"2022-05-24T11:47:12","date_gmt":"2022-05-24T11:47:12","guid":{"rendered":"https:\/\/layer.si\/kaos\/?post_type=umetniki&#038;p=4826"},"modified":"2022-05-24T11:48:15","modified_gmt":"2022-05-24T11:48:15","slug":"martin-gerigk-2","status":"publish","type":"umetniki","link":"https:\/\/layer.si\/kaos\/umetniki\/martin-gerigk-2\/","title":{"rendered":"Martin Gerigk"},"content":{"rendered":"\n<p>Martin Gerigk (DE) je skladatelj sodobne glasbe. Njegove skladbe redno izvajajo mednarodno znani solisti in ansambli.<br><\/p>\n\n\n\n<p>Znan je tudi po svojih izjemnih eksperimentalnih filmih, ki se osredoto\u010dajo na sinesteti\u010dne povezave zvo\u010dnih in vizualnih zaznav. Poleg ustvarjanja prepletenih zvo\u010dnih in vizualnih pokrajin glasbe, zvoka in videa je pomemben vidik njegove umetnosti ponazoritev skrite poezije naravnih pojavov, sociologije in znanosti.<br><\/p>\n\n\n\n<p>Njegovi eksperimentalni filmi so prejeli ve\u010d mednarodnih nagrad in so bili predvajani na znanih festivalih, kot so Asolo Film Festival, International Digital Arts Festival Videoformes, Girona Film Festival ali New Jersey Film Festival.<\/p>\n\n\n\n<p><\/p>\n","protected":false},"featured_media":4816,"parent":0,"template":"","leto":[434],"jezik":[8],"umetnik-kategorija":[324],"_links":{"self":[{"href":"https:\/\/layer.si\/kaos\/wp-json\/wp\/v2\/umetniki\/4826"}],"collection":[{"href":"https:\/\/layer.si\/kaos\/wp-json\/wp\/v2\/umetniki"}],"about":[{"href":"https:\/\/layer.si\/kaos\/wp-json\/wp\/v2\/types\/umetniki"}],"version-history":[{"count":1,"href":"https:\/\/layer.si\/kaos\/wp-json\/wp\/v2\/umetniki\/4826\/revisions"}],"predecessor-version":[{"id":4827,"href":"https:\/\/layer.si\/kaos\/wp-json\/wp\/v2\/umetniki\/4826\/revisions\/4827"}],"wp:featuredmedia":[{"embeddable":true,"href":"https:\/\/layer.si\/kaos\/wp-json\/wp\/v2\/media\/4816"}],"wp:attachment":[{"href":"https:\/\/layer.si\/kaos\/wp-json\/wp\/v2\/media?parent=4826"}],"wp:term":[{"taxonomy":"leto","embeddable":true,"href":"https:\/\/layer.si\/kaos\/wp-json\/wp\/v2\/leto?post=4826"},{"taxonomy":"jezik","embeddable":true,"href":"https:\/\/layer.si\/kaos\/wp-json\/wp\/v2\/jezik?post=4826"},{"taxonomy":"umetnik-kategorija","embeddable":true,"href":"https:\/\/layer.si\/kaos\/wp-json\/wp\/v2\/umetnik-kategorija?post=4826"}],"curies":[{"name":"wp","href":"https:\/\/api.w.org\/{rel}","templated":true}]}}

<p>Martin Gerigk (DE) je skladatelj sodobne glasbe. Njegove skladbe redno izvajajo mednarodno znani solisti in ansambli.<br></p>



<p>Znan je tudi po svojih izjemnih eksperimentalnih filmih, ki se osredotočajo na sinestetične povezave zvočnih in vizualnih zaznav. Poleg ustvarjanja prepletenih zvočnih in vizualnih pokrajin glasbe, zvoka in videa je pomemben vidik njegove umetnosti ponazoritev skrite poezije naravnih pojavov, sociologije in znanosti.<br></p>



<p>Njegovi eksperimentalni filmi so prejeli več mednarodnih nagrad in so bili predvajani na znanih festivalih, kot so Asolo Film Festival, International Digital Arts Festival Videoformes, Girona Film Festival ali New Jersey Film Festival.</p>



<p></p>
