{"id":4904,"date":"2022-06-03T13:51:35","date_gmt":"2022-06-03T13:51:35","guid":{"rendered":"https:\/\/layer.si\/kaos\/?post_type=umetniki&#038;p=4904"},"modified":"2022-06-03T13:54:24","modified_gmt":"2022-06-03T13:54:24","slug":"tomaz-crnej","status":"publish","type":"umetniki","link":"https:\/\/layer.si\/kaos\/umetniki\/tomaz-crnej\/","title":{"rendered":"Toma\u017e \u010crnej"},"content":{"rendered":"\n<p><strong>Toma\u017e \u010crnej<\/strong> (SI) se je za\u010del s fotografskim medijem ukvarjati kot samouk in se kmalu usmeril v polje, ki se giblje med narativno dokumentarno in umetni\u0161ko fotografijo. Pozornost je pritegnil s Slovenija Press Photo 2010 nagrajeno serijo <em>Napaka<\/em>, ki jo je leta 2010 predstavil v galeriji Plevnik \u2013 Kronkowska (Celje) in v Centru sodobnih umetnosti Celje. S fotografsko serijo <em>V galeriji<\/em> se je leta 2016 predstavil na festivalu Fotoni\u010dni trenutki (Galerija Janez Boljka, Ljubljana). S svetlobno instalacijo <em>Doneski k slovanskimi mitologiji<\/em> je sodeloval na festivalu Celje Fokus 2015 in Svetlobna Gverila 2016 (Ljubljana). Avtorja zanimajo dru\u017ebeno anga\u017eirani in participatorni projekti (<em>Kajuhova<\/em>, Celje, 2011 in 2012). S samostojno razstavo <em>O\u010de je bil lovec<\/em> v Likovnem salonu Celje leta 2019 je skozi filmsko inscenirano fotografsko podobo upodobljenih likov opozoril na problemati\u010dne prostore v Celju. \u010crnej je razstavljal v Sloveniji, Italiji in Avstriji. Za svoje fotografsko delo je prejel doma\u010de in mednarodne omembe, priznanja in nagrade.<\/p>\n\n\n\n<p>Na leto\u0161njem festivalu KAOS bo predstavil svojo svetlobno projekcijo Doneski k slovanski mitologiji, ki bo projicirana na drevo na \u010ce\u0161njevem vrtu.<br><\/p>\n","protected":false},"featured_media":4858,"parent":0,"template":"","leto":[434],"jezik":[8],"umetnik-kategorija":[324],"_links":{"self":[{"href":"https:\/\/layer.si\/kaos\/wp-json\/wp\/v2\/umetniki\/4904"}],"collection":[{"href":"https:\/\/layer.si\/kaos\/wp-json\/wp\/v2\/umetniki"}],"about":[{"href":"https:\/\/layer.si\/kaos\/wp-json\/wp\/v2\/types\/umetniki"}],"version-history":[{"count":1,"href":"https:\/\/layer.si\/kaos\/wp-json\/wp\/v2\/umetniki\/4904\/revisions"}],"predecessor-version":[{"id":4905,"href":"https:\/\/layer.si\/kaos\/wp-json\/wp\/v2\/umetniki\/4904\/revisions\/4905"}],"wp:featuredmedia":[{"embeddable":true,"href":"https:\/\/layer.si\/kaos\/wp-json\/wp\/v2\/media\/4858"}],"wp:attachment":[{"href":"https:\/\/layer.si\/kaos\/wp-json\/wp\/v2\/media?parent=4904"}],"wp:term":[{"taxonomy":"leto","embeddable":true,"href":"https:\/\/layer.si\/kaos\/wp-json\/wp\/v2\/leto?post=4904"},{"taxonomy":"jezik","embeddable":true,"href":"https:\/\/layer.si\/kaos\/wp-json\/wp\/v2\/jezik?post=4904"},{"taxonomy":"umetnik-kategorija","embeddable":true,"href":"https:\/\/layer.si\/kaos\/wp-json\/wp\/v2\/umetnik-kategorija?post=4904"}],"curies":[{"name":"wp","href":"https:\/\/api.w.org\/{rel}","templated":true}]}}

Tomaž Črnej

<p><strong>Tomaž Črnej</strong> (SI) se je začel s fotografskim medijem ukvarjati kot samouk in se kmalu usmeril v polje, ki se giblje med narativno dokumentarno in umetniško fotografijo. Pozornost je pritegnil s Slovenija Press Photo 2010 nagrajeno serijo <em>Napaka</em>, ki jo je leta 2010 predstavil v galeriji Plevnik – Kronkowska (Celje) in v Centru sodobnih umetnosti Celje. S fotografsko serijo <em>V galeriji</em> se je leta 2016 predstavil na festivalu Fotonični trenutki (Galerija Janez Boljka, Ljubljana). S svetlobno instalacijo <em>Doneski k slovanskimi mitologiji</em> je sodeloval na festivalu Celje Fokus 2015 in Svetlobna Gverila 2016 (Ljubljana). Avtorja zanimajo družbeno angažirani in participatorni projekti (<em>Kajuhova</em>, Celje, 2011 in 2012). S samostojno razstavo <em>Oče je bil lovec</em> v Likovnem salonu Celje leta 2019 je skozi filmsko inscenirano fotografsko podobo upodobljenih likov opozoril na problematične prostore v Celju. Črnej je razstavljal v Sloveniji, Italiji in Avstriji. Za svoje fotografsko delo je prejel domače in mednarodne omembe, priznanja in nagrade.</p>



<p>Na letošnjem festivalu KAOS bo predstavil svojo svetlobno projekcijo Doneski k slovanski mitologiji, ki bo projicirana na drevo na Češnjevem vrtu.<br></p>
