{"id":4911,"date":"2022-06-03T14:04:42","date_gmt":"2022-06-03T14:04:42","guid":{"rendered":"https:\/\/layer.si\/kaos\/?post_type=umetniki&#038;p=4911"},"modified":"2022-06-03T14:04:43","modified_gmt":"2022-06-03T14:04:43","slug":"klementina-golija","status":"publish","type":"umetniki","link":"https:\/\/layer.si\/kaos\/umetniki\/klementina-golija\/","title":{"rendered":"Klementina Golija"},"content":{"rendered":"\n<p><strong>Doc.mag. Klementina Golija <\/strong>(SI) se je rodila na Jesenicah. Slikarstvo je \u0161tudirala na Accademia di Belle Arti di Brera v Milanu, kjer je leta 1990 pri profesorjih Glaucu Baruzziju in Giuseppeju Maraniellu tudi diplomirala. Magistrski \u0161tudij grafike je zaklju\u010dila na Akademiji za likovno umetnost v Ljubljani pri prof. Lojzetu Logarju (1993) in magistrski \u0161tudij slikarstva pri prof. Gustavu Gnamu\u0161u (1995) na isti akademiji. Za njen nadaljnji umetni\u0161ki razvoj sta bili pomembni zlasti \u0161tudijski bivanji v Bostonu in New Yorku v letu 1990 ter dvomese\u010dno bivanje v Cit\u00e9 Internationale des Arts v Parizu jeseni 1995. Klementina Golija je doslej imela 121 samostojnih razstav in je sodelovala na ve\u010d kot 316 skupinskih predstavitvah doma in v tujini. Leta 2016 ji je Univerza v Ljubljani podelila priznanje pomembnih umetni\u0161kih del, v letu 2017 pa je na Univerzi v Ljubljani pridobila naziv docentka za podro\u010dje slikarstva. Bila je pobudnica in dolgoletna predsednica Bienala mesta Kranj ter Bienala risbe in slike v prostoru Alpe Jadran.<\/p>\n\n\n\n<p>Slika in risba v prostorsko kola\u017enem objektu sta podrejeni vnaprej domi\u0161ljeni kompozicijski strukturi: z izbranimi barvami avtorica sestavlja vertikalne plane in njihove dialoge z drugimi, prete\u017eno organskimi liki in njihovimi simbolnimi vrednostmi, ki so ume\u0161\u010deni v slikovno polje, v nekaterih segmentih doda \u0161e aplikacije kola\u017ea-detajle najrazli\u010dnej\u0161ih papirjev, ki jih poslikava in preslikava s strukturnimi nanosi in tako na novo vizualizira osebna kodna znamenja v avtorsko pomenske metafore. V teh svetlobnih jedrih, ki deloma izhajajo iz njenega cikla Uvid ok(n)o v du\u0161o v sredi\u0161\u010de kompozicije postavlja krog, ki simbolizira okroglo okno \u2013 lino. Okno nam nudi pogled od znotraj navzen kot tudi obratno, od zunaj navznoter v osebni, kontemplativni svet likovne interpretacije in simbolnih pomenov. Kot medij opti\u010dne komunikacije okna predstavljajo lo\u010ditev med zunaj in znotraj; obenem delujejo tudi kot usmerjevalec povezave med tema lo\u010denima svetovoma.<\/p>\n\n\n\n<p><\/p>\n","protected":false},"featured_media":4913,"parent":0,"template":"","leto":[434],"jezik":[8],"umetnik-kategorija":[324],"_links":{"self":[{"href":"https:\/\/layer.si\/kaos\/wp-json\/wp\/v2\/umetniki\/4911"}],"collection":[{"href":"https:\/\/layer.si\/kaos\/wp-json\/wp\/v2\/umetniki"}],"about":[{"href":"https:\/\/layer.si\/kaos\/wp-json\/wp\/v2\/types\/umetniki"}],"version-history":[{"count":1,"href":"https:\/\/layer.si\/kaos\/wp-json\/wp\/v2\/umetniki\/4911\/revisions"}],"predecessor-version":[{"id":4914,"href":"https:\/\/layer.si\/kaos\/wp-json\/wp\/v2\/umetniki\/4911\/revisions\/4914"}],"wp:featuredmedia":[{"embeddable":true,"href":"https:\/\/layer.si\/kaos\/wp-json\/wp\/v2\/media\/4913"}],"wp:attachment":[{"href":"https:\/\/layer.si\/kaos\/wp-json\/wp\/v2\/media?parent=4911"}],"wp:term":[{"taxonomy":"leto","embeddable":true,"href":"https:\/\/layer.si\/kaos\/wp-json\/wp\/v2\/leto?post=4911"},{"taxonomy":"jezik","embeddable":true,"href":"https:\/\/layer.si\/kaos\/wp-json\/wp\/v2\/jezik?post=4911"},{"taxonomy":"umetnik-kategorija","embeddable":true,"href":"https:\/\/layer.si\/kaos\/wp-json\/wp\/v2\/umetnik-kategorija?post=4911"}],"curies":[{"name":"wp","href":"https:\/\/api.w.org\/{rel}","templated":true}]}}

<p><strong>Doc.mag. Klementina Golija </strong>(SI) se je rodila na Jesenicah. Slikarstvo je študirala na Accademia di Belle Arti di Brera v Milanu, kjer je leta 1990 pri profesorjih Glaucu Baruzziju in Giuseppeju Maraniellu tudi diplomirala. Magistrski študij grafike je zaključila na Akademiji za likovno umetnost v Ljubljani pri prof. Lojzetu Logarju (1993) in magistrski študij slikarstva pri prof. Gustavu Gnamušu (1995) na isti akademiji. Za njen nadaljnji umetniški razvoj sta bili pomembni zlasti študijski bivanji v Bostonu in New Yorku v letu 1990 ter dvomesečno bivanje v Cité Internationale des Arts v Parizu jeseni 1995. Klementina Golija je doslej imela 121 samostojnih razstav in je sodelovala na več kot 316 skupinskih predstavitvah doma in v tujini. Leta 2016 ji je Univerza v Ljubljani podelila priznanje pomembnih umetniških del, v letu 2017 pa je na Univerzi v Ljubljani pridobila naziv docentka za področje slikarstva. Bila je pobudnica in dolgoletna predsednica Bienala mesta Kranj ter Bienala risbe in slike v prostoru Alpe Jadran.</p>



<p>Slika in risba v prostorsko kolažnem objektu sta podrejeni vnaprej domišljeni kompozicijski strukturi: z izbranimi barvami avtorica sestavlja vertikalne plane in njihove dialoge z drugimi, pretežno organskimi liki in njihovimi simbolnimi vrednostmi, ki so umeščeni v slikovno polje, v nekaterih segmentih doda še aplikacije kolaža-detajle najrazličnejših papirjev, ki jih poslikava in preslikava s strukturnimi nanosi in tako na novo vizualizira osebna kodna znamenja v avtorsko pomenske metafore. V teh svetlobnih jedrih, ki deloma izhajajo iz njenega cikla Uvid ok(n)o v dušo v središče kompozicije postavlja krog, ki simbolizira okroglo okno – lino. Okno nam nudi pogled od znotraj navzen kot tudi obratno, od zunaj navznoter v osebni, kontemplativni svet likovne interpretacije in simbolnih pomenov. Kot medij optične komunikacije okna predstavljajo ločitev med zunaj in znotraj; obenem delujejo tudi kot usmerjevalec povezave med tema ločenima svetovoma.</p>



<p></p>
