{"id":4912,"date":"2022-06-03T14:06:52","date_gmt":"2022-06-03T14:06:52","guid":{"rendered":"https:\/\/layer.si\/kaos\/?post_type=umetniki&#038;p=4912"},"modified":"2022-06-03T14:06:53","modified_gmt":"2022-06-03T14:06:53","slug":"louise-winter","status":"publish","type":"umetniki","link":"https:\/\/layer.si\/kaos\/umetniki\/louise-winter\/","title":{"rendered":"Louise Winter"},"content":{"rendered":"\n<p><strong>Louise Winter<\/strong> (UK) je umetnica, pisateljica in kustosinja s sede\u017eem v Ljubljani, Slovenija. Leta 2011 je Winter z odliko diplomirala iz likovne umetnosti in od takrat redno razstavlja po Zdru\u017eenem kraljestvu in na mednarodni ravni. Louise je imela samostojne razstave v Leedsu, Newcastlu in Exeterju in je bila leta 2014 uvr\u0161\u010dena v o\u017eji izbor za nagrado Beers Award za sodobno nastajajo\u010do umetnost. Leta 2015 je bila izbrana za reziden\u010dno umetnico pri ARTERra na Portugalskem, njena dela so bila razstavljena v okviru projekta Multiple Exposure Project: Outside the White Cube v Metro Manili na Filipinih. Lani je Winter razstavljala z &amp; Model Gallery, Leeds, The Royal Standard, Liverpool in Galeria Zero, Barcelona.<br><\/p>\n\n\n\n<p>Avtori\u010dina umetni\u0161ka praksa je po svoji naravi in \u200b\u200bobliki preiskovalna, premika se med predmetom, procesom, dogodkom in predstavo. Ne ustvarja predmetov, ampak dela z \u017ee obstoje\u010dimi materiali, da poru\u0161i razdaljo med umetnostjo in vsakdanjim ter raziskuje poeti\u010dni potencial vsakdanjega.<br><\/p>\n","protected":false},"featured_media":4916,"parent":0,"template":"","leto":[434],"jezik":[],"umetnik-kategorija":[324],"_links":{"self":[{"href":"https:\/\/layer.si\/kaos\/wp-json\/wp\/v2\/umetniki\/4912"}],"collection":[{"href":"https:\/\/layer.si\/kaos\/wp-json\/wp\/v2\/umetniki"}],"about":[{"href":"https:\/\/layer.si\/kaos\/wp-json\/wp\/v2\/types\/umetniki"}],"version-history":[{"count":1,"href":"https:\/\/layer.si\/kaos\/wp-json\/wp\/v2\/umetniki\/4912\/revisions"}],"predecessor-version":[{"id":4918,"href":"https:\/\/layer.si\/kaos\/wp-json\/wp\/v2\/umetniki\/4912\/revisions\/4918"}],"wp:featuredmedia":[{"embeddable":true,"href":"https:\/\/layer.si\/kaos\/wp-json\/wp\/v2\/media\/4916"}],"wp:attachment":[{"href":"https:\/\/layer.si\/kaos\/wp-json\/wp\/v2\/media?parent=4912"}],"wp:term":[{"taxonomy":"leto","embeddable":true,"href":"https:\/\/layer.si\/kaos\/wp-json\/wp\/v2\/leto?post=4912"},{"taxonomy":"jezik","embeddable":true,"href":"https:\/\/layer.si\/kaos\/wp-json\/wp\/v2\/jezik?post=4912"},{"taxonomy":"umetnik-kategorija","embeddable":true,"href":"https:\/\/layer.si\/kaos\/wp-json\/wp\/v2\/umetnik-kategorija?post=4912"}],"curies":[{"name":"wp","href":"https:\/\/api.w.org\/{rel}","templated":true}]}}

<p><strong>Louise Winter</strong> (UK) je umetnica, pisateljica in kustosinja s sedežem v Ljubljani, Slovenija. Leta 2011 je Winter z odliko diplomirala iz likovne umetnosti in od takrat redno razstavlja po Združenem kraljestvu in na mednarodni ravni. Louise je imela samostojne razstave v Leedsu, Newcastlu in Exeterju in je bila leta 2014 uvrščena v ožji izbor za nagrado Beers Award za sodobno nastajajočo umetnost. Leta 2015 je bila izbrana za rezidenčno umetnico pri ARTERra na Portugalskem, njena dela so bila razstavljena v okviru projekta Multiple Exposure Project: Outside the White Cube v Metro Manili na Filipinih. Lani je Winter razstavljala z &amp; Model Gallery, Leeds, The Royal Standard, Liverpool in Galeria Zero, Barcelona.<br></p>



<p>Avtoričina umetniška praksa je po svoji naravi in ​​obliki preiskovalna, premika se med predmetom, procesom, dogodkom in predstavo. Ne ustvarja predmetov, ampak dela z že obstoječimi materiali, da poruši razdaljo med umetnostjo in vsakdanjim ter raziskuje poetični potencial vsakdanjega.<br></p>
