{"id":4920,"date":"2022-06-03T14:09:59","date_gmt":"2022-06-03T14:09:59","guid":{"rendered":"https:\/\/layer.si\/kaos\/?post_type=umetniki&#038;p=4920"},"modified":"2022-06-03T14:10:00","modified_gmt":"2022-06-03T14:10:00","slug":"michele-landel-3","status":"publish","type":"umetniki","link":"https:\/\/layer.si\/kaos\/umetniki\/michele-landel-3\/","title":{"rendered":"Michele Landel"},"content":{"rendered":"\n<p><strong>Michelle Landel <\/strong>(1976) je ameri\u0161ka umetnica, ki \u017eivi in \u200b\u200bdela v S\u00e8vresu v Franciji. Diplomirala je iz likovne umetnosti in umetnostne zgodovine. Njena umetni\u0161ka dela so bila razstavljena po vsej Evropi in v ZDA. Trenutno jo zastopajo galerija S\u00e9gol\u00e8ne Brossette v Parizu, galerija Le Salon Vert v \u017denevi in \u200b\u200bgalerija Muriel Guepin v NYC.<\/p>\n\n\n\n<p>Michele Landel z uporabo fotografij, blaga, papirja in niti ustvarja \u010dudovita, a tudi malce srhljiva dela v tehniki patchwork. Da prikli\u010de simbole mo\u010di, izgube in spomina, veze \u200b\u200bfigure, rezano cvetje in prostore doma\u010dnosti. Ker avtorica \u017eeli opozarjati na samozavedanje in notranje svetove, se v njenih delih pogosto ponavljajo tehnike zrcaljenja in motivi senc. Na podlagi intimnosti, ki temelji na obarvanih in popravljenih rabljenih rjuhah, ter strojnega vezenja, povezanega z obrtjo, se njena umetni\u0161ka dela sklicujejo na doma\u010dnost, obenem pa se namerno distancirajo od tradicionalne tekstilne obrti.<\/p>\n","protected":false},"featured_media":4922,"parent":0,"template":"","leto":[434],"jezik":[8],"umetnik-kategorija":[324],"_links":{"self":[{"href":"https:\/\/layer.si\/kaos\/wp-json\/wp\/v2\/umetniki\/4920"}],"collection":[{"href":"https:\/\/layer.si\/kaos\/wp-json\/wp\/v2\/umetniki"}],"about":[{"href":"https:\/\/layer.si\/kaos\/wp-json\/wp\/v2\/types\/umetniki"}],"version-history":[{"count":1,"href":"https:\/\/layer.si\/kaos\/wp-json\/wp\/v2\/umetniki\/4920\/revisions"}],"predecessor-version":[{"id":4923,"href":"https:\/\/layer.si\/kaos\/wp-json\/wp\/v2\/umetniki\/4920\/revisions\/4923"}],"wp:featuredmedia":[{"embeddable":true,"href":"https:\/\/layer.si\/kaos\/wp-json\/wp\/v2\/media\/4922"}],"wp:attachment":[{"href":"https:\/\/layer.si\/kaos\/wp-json\/wp\/v2\/media?parent=4920"}],"wp:term":[{"taxonomy":"leto","embeddable":true,"href":"https:\/\/layer.si\/kaos\/wp-json\/wp\/v2\/leto?post=4920"},{"taxonomy":"jezik","embeddable":true,"href":"https:\/\/layer.si\/kaos\/wp-json\/wp\/v2\/jezik?post=4920"},{"taxonomy":"umetnik-kategorija","embeddable":true,"href":"https:\/\/layer.si\/kaos\/wp-json\/wp\/v2\/umetnik-kategorija?post=4920"}],"curies":[{"name":"wp","href":"https:\/\/api.w.org\/{rel}","templated":true}]}}

<p><strong>Michelle Landel </strong>(1976) je ameriška umetnica, ki živi in ​​dela v Sèvresu v Franciji. Diplomirala je iz likovne umetnosti in umetnostne zgodovine. Njena umetniška dela so bila razstavljena po vsej Evropi in v ZDA. Trenutno jo zastopajo galerija Ségolène Brossette v Parizu, galerija Le Salon Vert v Ženevi in ​​galerija Muriel Guepin v NYC.</p>



<p>Michele Landel z uporabo fotografij, blaga, papirja in niti ustvarja čudovita, a tudi malce srhljiva dela v tehniki patchwork. Da prikliče simbole moči, izgube in spomina, veze ​​figure, rezano cvetje in prostore domačnosti. Ker avtorica želi opozarjati na samozavedanje in notranje svetove, se v njenih delih pogosto ponavljajo tehnike zrcaljenja in motivi senc. Na podlagi intimnosti, ki temelji na obarvanih in popravljenih rabljenih rjuhah, ter strojnega vezenja, povezanega z obrtjo, se njena umetniška dela sklicujejo na domačnost, obenem pa se namerno distancirajo od tradicionalne tekstilne obrti.</p>
