{"id":4928,"date":"2022-06-03T14:27:17","date_gmt":"2022-06-03T14:27:17","guid":{"rendered":"https:\/\/layer.si\/kaos\/?post_type=umetniki&#038;p=4928"},"modified":"2022-06-03T14:27:18","modified_gmt":"2022-06-03T14:27:18","slug":"simona-reisch","status":"publish","type":"umetniki","link":"https:\/\/layer.si\/kaos\/umetniki\/simona-reisch\/","title":{"rendered":"Simona Reisch"},"content":{"rendered":"\n<p><strong>Simona Reisch (AT) <\/strong>&nbsp;je umetnica, fotografinja, grafi\u010dna oblikovalka in likovna pedagoginja s sede\u017eem na Dunaju v Avstriji. Od leta 2013, po kon\u010danem \u0161tudiju umetnosti in fotografije na Akademiji za Fine Arts na Dunaju, dela kot samostojna delavka na razli\u010dnih podro\u010djih. Njena dela so bila razstavljena v ve\u010d dr\u017eavah, je tudi prejemnica razli\u010dnih \u0161tipendij in nagrad. Kot umetnica se osredoto\u010da na podro\u010dje fotografije, ki zdru\u017euje doti\u010dni medij s \u0161tevilnimi drugimi, na primer s skulpturo, instalacijo in videom.<\/p>\n\n\n\n<p>Simona Reisch: Arhitekturni arhiv<\/p>\n\n\n\n<p>Motivi ekstrahiranih fotografij Simone Reisch so segmenti arhitekture. Arhitektura je vztrajno vpeta v okolico, kar je posledica fizi\u010dnih, stati\u010dnih in drugih pojavov. Kontekst arhitekturnih zgradb je zahvaljujo\u010d fotografiji in njeni potrebi po izbiri posameznih detajlov s prizora lahko vklju\u010dujo\u010d ali izklju\u010dujo\u010d. Poleg tega avtorica ro\u010dno ureja fotografije, da se znebi normativnih formatov, kot sta pravokotnik ali kvadrat. To se ujema s \u010dlove\u0161kim pogledom na arhitekturne detajle, saj jih skoraj nikoli ne vidimo v tako natan\u010dnem formatu, razen v modularni predstavitvi. To\u010dke, ki izginejo iz dosega \u010dlove\u0161kega pogleda niso vklju\u010dene v proces ustvarjanja zgradbe. Pred leti je Reisch odprla arhiv z arhitekturnimi fotografijami, ki jih je posnela. Dele je kategorizirala v razli\u010dne kategorije, kot so barva, perspektiva, razpad itd. Izhodi\u0161\u010de njenih praks je uporaba arhivskih avtorskih fotografij arhitekture kot analognega, hapti\u010dnega materiala za ustvarjanje kiparskih del v kombinaciji z drugimi materiali, kot sta aluminij in les.<\/p>\n\n\n\n<p><\/p>\n","protected":false},"featured_media":4733,"parent":0,"template":"","leto":[434],"jezik":[8],"umetnik-kategorija":[324],"_links":{"self":[{"href":"https:\/\/layer.si\/kaos\/wp-json\/wp\/v2\/umetniki\/4928"}],"collection":[{"href":"https:\/\/layer.si\/kaos\/wp-json\/wp\/v2\/umetniki"}],"about":[{"href":"https:\/\/layer.si\/kaos\/wp-json\/wp\/v2\/types\/umetniki"}],"version-history":[{"count":1,"href":"https:\/\/layer.si\/kaos\/wp-json\/wp\/v2\/umetniki\/4928\/revisions"}],"predecessor-version":[{"id":4929,"href":"https:\/\/layer.si\/kaos\/wp-json\/wp\/v2\/umetniki\/4928\/revisions\/4929"}],"wp:featuredmedia":[{"embeddable":true,"href":"https:\/\/layer.si\/kaos\/wp-json\/wp\/v2\/media\/4733"}],"wp:attachment":[{"href":"https:\/\/layer.si\/kaos\/wp-json\/wp\/v2\/media?parent=4928"}],"wp:term":[{"taxonomy":"leto","embeddable":true,"href":"https:\/\/layer.si\/kaos\/wp-json\/wp\/v2\/leto?post=4928"},{"taxonomy":"jezik","embeddable":true,"href":"https:\/\/layer.si\/kaos\/wp-json\/wp\/v2\/jezik?post=4928"},{"taxonomy":"umetnik-kategorija","embeddable":true,"href":"https:\/\/layer.si\/kaos\/wp-json\/wp\/v2\/umetnik-kategorija?post=4928"}],"curies":[{"name":"wp","href":"https:\/\/api.w.org\/{rel}","templated":true}]}}

<p><strong>Simona Reisch (AT) </strong>&nbsp;je umetnica, fotografinja, grafična oblikovalka in likovna pedagoginja s sedežem na Dunaju v Avstriji. Od leta 2013, po končanem študiju umetnosti in fotografije na Akademiji za Fine Arts na Dunaju, dela kot samostojna delavka na različnih področjih. Njena dela so bila razstavljena v več državah, je tudi prejemnica različnih štipendij in nagrad. Kot umetnica se osredotoča na področje fotografije, ki združuje dotični medij s številnimi drugimi, na primer s skulpturo, instalacijo in videom.</p>



<p>Simona Reisch: Arhitekturni arhiv</p>



<p>Motivi ekstrahiranih fotografij Simone Reisch so segmenti arhitekture. Arhitektura je vztrajno vpeta v okolico, kar je posledica fizičnih, statičnih in drugih pojavov. Kontekst arhitekturnih zgradb je zahvaljujoč fotografiji in njeni potrebi po izbiri posameznih detajlov s prizora lahko vključujoč ali izključujoč. Poleg tega avtorica ročno ureja fotografije, da se znebi normativnih formatov, kot sta pravokotnik ali kvadrat. To se ujema s človeškim pogledom na arhitekturne detajle, saj jih skoraj nikoli ne vidimo v tako natančnem formatu, razen v modularni predstavitvi. Točke, ki izginejo iz dosega človeškega pogleda niso vključene v proces ustvarjanja zgradbe. Pred leti je Reisch odprla arhiv z arhitekturnimi fotografijami, ki jih je posnela. Dele je kategorizirala v različne kategorije, kot so barva, perspektiva, razpad itd. Izhodišče njenih praks je uporaba arhivskih avtorskih fotografij arhitekture kot analognega, haptičnega materiala za ustvarjanje kiparskih del v kombinaciji z drugimi materiali, kot sta aluminij in les.</p>



<p></p>
