{"id":4943,"date":"2022-06-03T14:36:27","date_gmt":"2022-06-03T14:36:27","guid":{"rendered":"https:\/\/layer.si\/kaos\/?post_type=umetniki&#038;p=4943"},"modified":"2022-06-03T14:37:58","modified_gmt":"2022-06-03T14:37:58","slug":"urska-preis-2","status":"publish","type":"umetniki","link":"https:\/\/layer.si\/kaos\/en\/umetniki\/urska-preis-2\/","title":{"rendered":"Ur\u0161ka Preis"},"content":{"rendered":"\n<p><strong>Ur\u0161ka Preis<\/strong> (SI) je glasbenica in vizualna umetnica, ki deluje tudi kot kuratorka in piska. Leta 2015 je po izmenjavi na Listah\u00e1sk\u00f3li \u00cdslands v Reykjav\u00edku diplomirala iz smeri Grafi\u010dno oblikovanje na Akademiji za likovno umetnost in oblikovanje v Ljubljani. Na magistrskem \u0161tudiju je pre\u0161la na modul Fotografija, kjer je leta 2021 \u0161tudij zaklju\u010dila z odliko, za magistrsko nalogo pa je prejela tudi \u0161tudentsko Pre\u0161ernovo nagrado UL ALUO. Razstavljala je na skupinskih razstavah na festivalu Fotoni\u010dni trenutki 2016 (Miserable women, 2016), v galeriji TIR in Stolp \u0160krlovec (Veter, 2016) v Cirkulacija2 (Ptuj, Reykjav\u00eek, Kuta, 2017), v MAO (Community kit, 2017), v MSUM+ (Powerplay, enodnevna solo razstava, 2017, Pogled na bole\u010dino \u017eensk, prvi izbor, 2019), v atriju Mestne hi\u0161e (Fantastical landscapes, 2018), v Mali galeriji (Pogled na bole\u010dino \u017eensk, drugi izbor, 2019), Galeriji Alkatraz (Pogled na bole\u010dino \u017eenske, 2021), ter v leipzi\u0161kih galerijah Gapgap ter Handstand und Moral in fa\u017eanski Kasarni. Oktobra 2021 se je predstavila z intermedijskim avtorskim projektom Pozabljati Pavlo Debeljak, marca 2022 pa je v sklopu festivala Rde\u010de zore predstavila solisti\u010dno AV razstavo Dolores, kjer je raziskovala odnos med bole\u010dino, pogledom in zvokom. Svojo umetnostno in ustvarjalno strategijo gradi skozi izrazito intermedijsko delovanje, najraje v prepletu feministi\u010dnih teorij in praks.<\/p>\n\n\n\n<p>AV kola\u017e <em>Pozabljati Pavlo Debeljak<\/em> je izsek iz istoimenske spreminjajo\u010de se instalacije, ki bele\u017eijo stanje sedanjosti ostarele dementne osebe, sicer avtori\u010dine stare mame. Ur\u0161ka Savi\u010d, kuratorka prve iteracije projekta, zapi\u0161e: \u201eMedtem ko se spomin na Pavlo Debeljak kopi\u010di, je spomin Pavle Debeljak zapisan pozabi. (\u2026) Soo\u010danje vnukinje, Ur\u0161ke Preis, z mamino pozabo, je izdatno bele\u017eenje tistega, kar je \u0161e ostalo &#8211; krajev, kjer se je nek dogodek, sedaj spomin, zgodil ter Pavline gole prisotnosti v prostoru. (&#8230;) Nastali posnetki so simptom \u017eelje po ohranjanju spomina na izginjajo\u010de in \u017ee izginulo, na vse tisto, ki ne more biti ve\u010d poustvarjeno s skupnim spominjanjem. Spominjanje Pavlo namre\u010d vle\u010de iz pozabe, kateri je sama neizbe\u017eno prepu\u0161\u010dena, pozabljanje pa Ur\u0161ko spravlja v stanje mno\u017eenja, ki ga Pavla ni ve\u010d zmo\u017ena.\u201c<\/p>\n","protected":false},"featured_media":4810,"parent":0,"template":"","leto":[436],"jezik":[9],"umetnik-kategorija":[326],"_links":{"self":[{"href":"https:\/\/layer.si\/kaos\/wp-json\/wp\/v2\/umetniki\/4943"}],"collection":[{"href":"https:\/\/layer.si\/kaos\/wp-json\/wp\/v2\/umetniki"}],"about":[{"href":"https:\/\/layer.si\/kaos\/wp-json\/wp\/v2\/types\/umetniki"}],"version-history":[{"count":1,"href":"https:\/\/layer.si\/kaos\/wp-json\/wp\/v2\/umetniki\/4943\/revisions"}],"predecessor-version":[{"id":4944,"href":"https:\/\/layer.si\/kaos\/wp-json\/wp\/v2\/umetniki\/4943\/revisions\/4944"}],"wp:featuredmedia":[{"embeddable":true,"href":"https:\/\/layer.si\/kaos\/wp-json\/wp\/v2\/media\/4810"}],"wp:attachment":[{"href":"https:\/\/layer.si\/kaos\/wp-json\/wp\/v2\/media?parent=4943"}],"wp:term":[{"taxonomy":"leto","embeddable":true,"href":"https:\/\/layer.si\/kaos\/wp-json\/wp\/v2\/leto?post=4943"},{"taxonomy":"jezik","embeddable":true,"href":"https:\/\/layer.si\/kaos\/wp-json\/wp\/v2\/jezik?post=4943"},{"taxonomy":"umetnik-kategorija","embeddable":true,"href":"https:\/\/layer.si\/kaos\/wp-json\/wp\/v2\/umetnik-kategorija?post=4943"}],"curies":[{"name":"wp","href":"https:\/\/api.w.org\/{rel}","templated":true}]}}

Urška Preis

<p><strong>Urška Preis</strong> (SI) je glasbenica in vizualna umetnica, ki deluje tudi kot kuratorka in piska. Leta 2015 je po izmenjavi na Listaháskóli Íslands v Reykjavíku diplomirala iz smeri Grafično oblikovanje na Akademiji za likovno umetnost in oblikovanje v Ljubljani. Na magistrskem študiju je prešla na modul Fotografija, kjer je leta 2021 študij zaključila z odliko, za magistrsko nalogo pa je prejela tudi študentsko Prešernovo nagrado UL ALUO. Razstavljala je na skupinskih razstavah na festivalu Fotonični trenutki 2016 (Miserable women, 2016), v galeriji TIR in Stolp Škrlovec (Veter, 2016) v Cirkulacija2 (Ptuj, Reykjavîk, Kuta, 2017), v MAO (Community kit, 2017), v MSUM+ (Powerplay, enodnevna solo razstava, 2017, Pogled na bolečino žensk, prvi izbor, 2019), v atriju Mestne hiše (Fantastical landscapes, 2018), v Mali galeriji (Pogled na bolečino žensk, drugi izbor, 2019), Galeriji Alkatraz (Pogled na bolečino ženske, 2021), ter v leipziških galerijah Gapgap ter Handstand und Moral in fažanski Kasarni. Oktobra 2021 se je predstavila z intermedijskim avtorskim projektom Pozabljati Pavlo Debeljak, marca 2022 pa je v sklopu festivala Rdeče zore predstavila solistično AV razstavo Dolores, kjer je raziskovala odnos med bolečino, pogledom in zvokom. Svojo umetnostno in ustvarjalno strategijo gradi skozi izrazito intermedijsko delovanje, najraje v prepletu feminističnih teorij in praks.</p>



<p>AV kolaž <em>Pozabljati Pavlo Debeljak</em> je izsek iz istoimenske spreminjajoče se instalacije, ki beležijo stanje sedanjosti ostarele dementne osebe, sicer avtoričine stare mame. Urška Savič, kuratorka prve iteracije projekta, zapiše: „Medtem ko se spomin na Pavlo Debeljak kopiči, je spomin Pavle Debeljak zapisan pozabi. (…) Soočanje vnukinje, Urške Preis, z mamino pozabo, je izdatno beleženje tistega, kar je še ostalo &#8211; krajev, kjer se je nek dogodek, sedaj spomin, zgodil ter Pavline gole prisotnosti v prostoru. (&#8230;) Nastali posnetki so simptom želje po ohranjanju spomina na izginjajoče in že izginulo, na vse tisto, ki ne more biti več poustvarjeno s skupnim spominjanjem. Spominjanje Pavlo namreč vleče iz pozabe, kateri je sama neizbežno prepuščena, pozabljanje pa Urško spravlja v stanje množenja, ki ga Pavla ni več zmožna.“</p>
