{"id":5896,"date":"2024-07-01T09:13:59","date_gmt":"2024-07-01T09:13:59","guid":{"rendered":"https:\/\/layer.si\/kaos\/?post_type=umetniki&#038;p=5896"},"modified":"2024-07-01T09:48:25","modified_gmt":"2024-07-01T09:48:25","slug":"james-gallagher","status":"publish","type":"umetniki","link":"https:\/\/layer.si\/kaos\/umetniki\/james-gallagher\/","title":{"rendered":"James Gallagher"},"content":{"rendered":"\n<p><br><\/p>\n\n\n\n<p>Avtor se v svoji umetni\u0161ki praksi osredoto\u010da na \u010dlove\u0161ko telo in vse njegove subtilne geste ter prirojeno vedenje. Njegove oblike se hitro sestavijo, ko v roke vzame materiale, ki so nekje v dosegu, in sprejme smer, v katero ga peljejo. \u010ce gre vse dobro, ostane z upodobitvijo krhkosti in fluidnosti \u010dlove\u0161kega stanja.<\/p>\n\n\n\n<p><strong><strong>James Gallagher<\/strong> <\/strong>uporablja kola\u017e za raziskovanje \u010dlove\u0161ke oblike in osebne identitete. Gallagherjeva dela so bila razstavljena v galerijah po vsem svetu in kuriral je mednarodne razstave kola\u017eev. Gallagher je diplomiral z diplomo likovnih umetnosti (BFA) na \u0160oli za vizualne umetnosti v New Yorku, kjer \u017eivi z \u017eeno in tremi otroki.<\/p>\n\n\n\n<p><em>Naslov dela: Doprsni 6<\/em><\/p>\n\n\n\n<p><\/p>\n","protected":false},"featured_media":5897,"parent":0,"template":"","leto":[528],"jezik":[8],"umetnik-kategorija":[324],"_links":{"self":[{"href":"https:\/\/layer.si\/kaos\/wp-json\/wp\/v2\/umetniki\/5896"}],"collection":[{"href":"https:\/\/layer.si\/kaos\/wp-json\/wp\/v2\/umetniki"}],"about":[{"href":"https:\/\/layer.si\/kaos\/wp-json\/wp\/v2\/types\/umetniki"}],"version-history":[{"count":2,"href":"https:\/\/layer.si\/kaos\/wp-json\/wp\/v2\/umetniki\/5896\/revisions"}],"predecessor-version":[{"id":5926,"href":"https:\/\/layer.si\/kaos\/wp-json\/wp\/v2\/umetniki\/5896\/revisions\/5926"}],"wp:featuredmedia":[{"embeddable":true,"href":"https:\/\/layer.si\/kaos\/wp-json\/wp\/v2\/media\/5897"}],"wp:attachment":[{"href":"https:\/\/layer.si\/kaos\/wp-json\/wp\/v2\/media?parent=5896"}],"wp:term":[{"taxonomy":"leto","embeddable":true,"href":"https:\/\/layer.si\/kaos\/wp-json\/wp\/v2\/leto?post=5896"},{"taxonomy":"jezik","embeddable":true,"href":"https:\/\/layer.si\/kaos\/wp-json\/wp\/v2\/jezik?post=5896"},{"taxonomy":"umetnik-kategorija","embeddable":true,"href":"https:\/\/layer.si\/kaos\/wp-json\/wp\/v2\/umetnik-kategorija?post=5896"}],"curies":[{"name":"wp","href":"https:\/\/api.w.org\/{rel}","templated":true}]}}

<p><br></p>



<p>Avtor se v svoji umetniški praksi osredotoča na človeško telo in vse njegove subtilne geste ter prirojeno vedenje. Njegove oblike se hitro sestavijo, ko v roke vzame materiale, ki so nekje v dosegu, in sprejme smer, v katero ga peljejo. Če gre vse dobro, ostane z upodobitvijo krhkosti in fluidnosti človeškega stanja.</p>



<p><strong><strong>James Gallagher</strong> </strong>uporablja kolaž za raziskovanje človeške oblike in osebne identitete. Gallagherjeva dela so bila razstavljena v galerijah po vsem svetu in kuriral je mednarodne razstave kolažev. Gallagher je diplomiral z diplomo likovnih umetnosti (BFA) na Šoli za vizualne umetnosti v New Yorku, kjer živi z ženo in tremi otroki.</p>



<p><em>Naslov dela: Doprsni 6</em></p>



<p></p>
