{"id":5964,"date":"2024-07-01T11:03:38","date_gmt":"2024-07-01T11:03:38","guid":{"rendered":"https:\/\/layer.si\/kaos\/?post_type=umetniki&#038;p=5964"},"modified":"2024-07-01T11:04:11","modified_gmt":"2024-07-01T11:04:11","slug":"simone-karl-5","status":"publish","type":"umetniki","link":"https:\/\/layer.si\/kaos\/umetniki\/simone-karl-5\/","title":{"rendered":"Simone Karl"},"content":{"rendered":"\n<p>V svojih umetni\u0161kih delih Simone Karl obravnava in razmi\u0161lja o temah, kot so intimnost, varnost, obramba, telesnost in telesne meje. \u010ceprav se osredoto\u010da predvsem na instalacije, kipe in kola\u017ee, uporablja tudi druge medije, kot so predmeti in umetni\u0161ke knjige.<\/p>\n\n\n\n<p><strong>Simone Karl<\/strong> je leta 2017 zaklju\u010dila magisterij iz umetnosti. Od takrat deluje na mednarodni ravni, njena dela so bila razstavljena na razli\u010dnih razstavah. \u017divi in dela v Hamburgu.<\/p>\n\n\n\n<p><em>Naslov dela: En Theos<\/em><\/p>\n","protected":false},"featured_media":5965,"parent":0,"template":"","leto":[528],"jezik":[8],"umetnik-kategorija":[324],"_links":{"self":[{"href":"https:\/\/layer.si\/kaos\/wp-json\/wp\/v2\/umetniki\/5964"}],"collection":[{"href":"https:\/\/layer.si\/kaos\/wp-json\/wp\/v2\/umetniki"}],"about":[{"href":"https:\/\/layer.si\/kaos\/wp-json\/wp\/v2\/types\/umetniki"}],"version-history":[{"count":1,"href":"https:\/\/layer.si\/kaos\/wp-json\/wp\/v2\/umetniki\/5964\/revisions"}],"predecessor-version":[{"id":5966,"href":"https:\/\/layer.si\/kaos\/wp-json\/wp\/v2\/umetniki\/5964\/revisions\/5966"}],"wp:featuredmedia":[{"embeddable":true,"href":"https:\/\/layer.si\/kaos\/wp-json\/wp\/v2\/media\/5965"}],"wp:attachment":[{"href":"https:\/\/layer.si\/kaos\/wp-json\/wp\/v2\/media?parent=5964"}],"wp:term":[{"taxonomy":"leto","embeddable":true,"href":"https:\/\/layer.si\/kaos\/wp-json\/wp\/v2\/leto?post=5964"},{"taxonomy":"jezik","embeddable":true,"href":"https:\/\/layer.si\/kaos\/wp-json\/wp\/v2\/jezik?post=5964"},{"taxonomy":"umetnik-kategorija","embeddable":true,"href":"https:\/\/layer.si\/kaos\/wp-json\/wp\/v2\/umetnik-kategorija?post=5964"}],"curies":[{"name":"wp","href":"https:\/\/api.w.org\/{rel}","templated":true}]}}

<p>V svojih umetniških delih Simone Karl obravnava in razmišlja o temah, kot so intimnost, varnost, obramba, telesnost in telesne meje. Čeprav se osredotoča predvsem na instalacije, kipe in kolaže, uporablja tudi druge medije, kot so predmeti in umetniške knjige.</p>



<p><strong>Simone Karl</strong> je leta 2017 zaključila magisterij iz umetnosti. Od takrat deluje na mednarodni ravni, njena dela so bila razstavljena na različnih razstavah. Živi in dela v Hamburgu.</p>



<p><em>Naslov dela: En Theos</em></p>
