{"id":6185,"date":"2024-07-02T19:30:07","date_gmt":"2024-07-02T19:30:07","guid":{"rendered":"https:\/\/layer.si\/kaos\/?post_type=umetniki&#038;p=6185"},"modified":"2024-07-02T19:30:32","modified_gmt":"2024-07-02T19:30:32","slug":"maria-elisa-quiaro-5","status":"publish","type":"umetniki","link":"https:\/\/layer.si\/kaos\/umetniki\/maria-elisa-quiaro-5\/","title":{"rendered":"Mar\u00eda Elisa Quiaro"},"content":{"rendered":"\n<p>S kola\u017eem Quiaro raziskuje dekonstrukcijo in rekonstrukcijo podob. Proces ji omogo\u010da konceptualno poigravanje s temo ali mislijo. Ko je izvirna realnost slike dekonstruirana, za\u010dne pripovedovati zgodbo na podlagi lastnih fotografij. Ko se deli razvijajo, za\u017eivijo svoje \u017eivljenje, novo pripoved, ki se kon\u010dno zaklju\u010di v gledal\u010devi domi\u0161ljiji.<\/p>\n\n\n\n<p><strong>Mar\u00eda Elisa Quiaro<\/strong> je rojena v Venezueli, prihaja iz dru\u017eine, v kateri se prepletajo mnoge kulturne korenine. \u017divela je tudi v Zdru\u017eenih dr\u017eavah Amerike in Veliki Britaniji, trenutno pa biva v Nem\u010diji. Po diplomi iz grafi\u010dnega oblikovanja je \u0161tudirala tudi novinarstvo in umetnost v Zdru\u017eenem kraljestvu.<\/p>\n\n\n\n<p><\/p>\n\n\n\n<p><em>Naslovi del: Pokrajina \u010dasa in Zadnje drevo<\/em><\/p>\n","protected":false},"featured_media":6098,"parent":0,"template":"","leto":[528],"jezik":[8],"umetnik-kategorija":[324],"_links":{"self":[{"href":"https:\/\/layer.si\/kaos\/wp-json\/wp\/v2\/umetniki\/6185"}],"collection":[{"href":"https:\/\/layer.si\/kaos\/wp-json\/wp\/v2\/umetniki"}],"about":[{"href":"https:\/\/layer.si\/kaos\/wp-json\/wp\/v2\/types\/umetniki"}],"version-history":[{"count":2,"href":"https:\/\/layer.si\/kaos\/wp-json\/wp\/v2\/umetniki\/6185\/revisions"}],"predecessor-version":[{"id":6188,"href":"https:\/\/layer.si\/kaos\/wp-json\/wp\/v2\/umetniki\/6185\/revisions\/6188"}],"wp:featuredmedia":[{"embeddable":true,"href":"https:\/\/layer.si\/kaos\/wp-json\/wp\/v2\/media\/6098"}],"wp:attachment":[{"href":"https:\/\/layer.si\/kaos\/wp-json\/wp\/v2\/media?parent=6185"}],"wp:term":[{"taxonomy":"leto","embeddable":true,"href":"https:\/\/layer.si\/kaos\/wp-json\/wp\/v2\/leto?post=6185"},{"taxonomy":"jezik","embeddable":true,"href":"https:\/\/layer.si\/kaos\/wp-json\/wp\/v2\/jezik?post=6185"},{"taxonomy":"umetnik-kategorija","embeddable":true,"href":"https:\/\/layer.si\/kaos\/wp-json\/wp\/v2\/umetnik-kategorija?post=6185"}],"curies":[{"name":"wp","href":"https:\/\/api.w.org\/{rel}","templated":true}]}}

María Elisa Quiaro

<p>S kolažem Quiaro raziskuje dekonstrukcijo in rekonstrukcijo podob. Proces ji omogoča konceptualno poigravanje s temo ali mislijo. Ko je izvirna realnost slike dekonstruirana, začne pripovedovati zgodbo na podlagi lastnih fotografij. Ko se deli razvijajo, zaživijo svoje življenje, novo pripoved, ki se končno zaključi v gledalčevi domišljiji.</p>



<p><strong>María Elisa Quiaro</strong> je rojena v Venezueli, prihaja iz družine, v kateri se prepletajo mnoge kulturne korenine. Živela je tudi v Združenih državah Amerike in Veliki Britaniji, trenutno pa biva v Nemčiji. Po diplomi iz grafičnega oblikovanja je študirala tudi novinarstvo in umetnost v Združenem kraljestvu.</p>



<p></p>



<p><em>Naslovi del: Pokrajina časa in Zadnje drevo</em></p>
