{"id":6217,"date":"2024-07-03T09:40:37","date_gmt":"2024-07-03T09:40:37","guid":{"rendered":"https:\/\/layer.si\/kaos\/?post_type=umetniki&#038;p=6217"},"modified":"2024-07-03T09:42:47","modified_gmt":"2024-07-03T09:42:47","slug":"kai-holland-3","status":"publish","type":"umetniki","link":"https:\/\/layer.si\/kaos\/umetniki\/kai-holland-3\/","title":{"rendered":"Kai Holland"},"content":{"rendered":"\n<p>\u201cMeje med tem, kar obstaja pod povr\u0161jem, in tem, kar je zgoraj, postajajo zabrisane.\u201d<\/p>\n\n\n\n<p><\/p>\n\n\n\n<p><strong>Kai Holland<\/strong> je \u0161tudiral fotografijo in film na Visoki \u0161oli za uporabne znanosti v Dortmundu. Je vodja fotografskega oddelka v znani fotografski agenciji v Berlinu. Hollandove podrobne in manirirane postavitve najdenih predmetov so grafi\u010dni kabineti \u010dudes kola\u017eista, katerega subtilen in humoren pogled razkriva dilemo cikla ustvarjanja in uni\u010devanja.<\/p>\n\n\n\n<p><\/p>\n\n\n\n<p><em>Naslov dela: Ne\u010dimrnost<\/em><\/p>\n\n\n<div class=\"wp-block-image\">\n<figure class=\"aligncenter size-large\"><img loading=\"lazy\" width=\"1024\" height=\"768\" src=\"https:\/\/layer.si\/kaos\/wp-content\/uploads\/Kai_Holland_Vanitas2-1-1024x768.jpg\" alt=\"\" class=\"wp-image-6220\" srcset=\"https:\/\/layer.si\/kaos\/wp-content\/uploads\/Kai_Holland_Vanitas2-1-1024x768.jpg 1024w, https:\/\/layer.si\/kaos\/wp-content\/uploads\/Kai_Holland_Vanitas2-1-300x225.jpg 300w, https:\/\/layer.si\/kaos\/wp-content\/uploads\/Kai_Holland_Vanitas2-1-768x576.jpg 768w, https:\/\/layer.si\/kaos\/wp-content\/uploads\/Kai_Holland_Vanitas2-1-1536x1152.jpg 1536w, https:\/\/layer.si\/kaos\/wp-content\/uploads\/Kai_Holland_Vanitas2-1-2048x1536.jpg 2048w, https:\/\/layer.si\/kaos\/wp-content\/uploads\/Kai_Holland_Vanitas2-1-scaled.jpg 2000w\" sizes=\"(max-width: 1024px) 100vw, 1024px\" \/><\/figure><\/div>","protected":false},"featured_media":6218,"parent":0,"template":"","leto":[528],"jezik":[8],"umetnik-kategorija":[173],"_links":{"self":[{"href":"https:\/\/layer.si\/kaos\/wp-json\/wp\/v2\/umetniki\/6217"}],"collection":[{"href":"https:\/\/layer.si\/kaos\/wp-json\/wp\/v2\/umetniki"}],"about":[{"href":"https:\/\/layer.si\/kaos\/wp-json\/wp\/v2\/types\/umetniki"}],"version-history":[{"count":3,"href":"https:\/\/layer.si\/kaos\/wp-json\/wp\/v2\/umetniki\/6217\/revisions"}],"predecessor-version":[{"id":6227,"href":"https:\/\/layer.si\/kaos\/wp-json\/wp\/v2\/umetniki\/6217\/revisions\/6227"}],"wp:featuredmedia":[{"embeddable":true,"href":"https:\/\/layer.si\/kaos\/wp-json\/wp\/v2\/media\/6218"}],"wp:attachment":[{"href":"https:\/\/layer.si\/kaos\/wp-json\/wp\/v2\/media?parent=6217"}],"wp:term":[{"taxonomy":"leto","embeddable":true,"href":"https:\/\/layer.si\/kaos\/wp-json\/wp\/v2\/leto?post=6217"},{"taxonomy":"jezik","embeddable":true,"href":"https:\/\/layer.si\/kaos\/wp-json\/wp\/v2\/jezik?post=6217"},{"taxonomy":"umetnik-kategorija","embeddable":true,"href":"https:\/\/layer.si\/kaos\/wp-json\/wp\/v2\/umetnik-kategorija?post=6217"}],"curies":[{"name":"wp","href":"https:\/\/api.w.org\/{rel}","templated":true}]}}

<p>“Meje med tem, kar obstaja pod površjem, in tem, kar je zgoraj, postajajo zabrisane.”</p>



<p></p>



<p><strong>Kai Holland</strong> je študiral fotografijo in film na Visoki šoli za uporabne znanosti v Dortmundu. Je vodja fotografskega oddelka v znani fotografski agenciji v Berlinu. Hollandove podrobne in manirirane postavitve najdenih predmetov so grafični kabineti čudes kolažista, katerega subtilen in humoren pogled razkriva dilemo cikla ustvarjanja in uničevanja.</p>



<p></p>



<p><em>Naslov dela: Nečimrnost</em></p>


<div class="wp-block-image">
<figure class="aligncenter size-large"><img loading="lazy" width="1024" height="768" src="https://layer.si/kaos/wp-content/uploads/Kai_Holland_Vanitas2-1-1024x768.jpg" alt="" class="wp-image-6220" srcset="https://layer.si/kaos/wp-content/uploads/Kai_Holland_Vanitas2-1-1024x768.jpg 1024w, https://layer.si/kaos/wp-content/uploads/Kai_Holland_Vanitas2-1-300x225.jpg 300w, https://layer.si/kaos/wp-content/uploads/Kai_Holland_Vanitas2-1-768x576.jpg 768w, https://layer.si/kaos/wp-content/uploads/Kai_Holland_Vanitas2-1-1536x1152.jpg 1536w, https://layer.si/kaos/wp-content/uploads/Kai_Holland_Vanitas2-1-2048x1536.jpg 2048w, https://layer.si/kaos/wp-content/uploads/Kai_Holland_Vanitas2-1-scaled.jpg 2000w" sizes="(max-width: 1024px) 100vw, 1024px" /></figure></div>
