{"id":6253,"date":"2024-07-03T10:07:11","date_gmt":"2024-07-03T10:07:11","guid":{"rendered":"https:\/\/layer.si\/kaos\/?post_type=umetniki&#038;p=6253"},"modified":"2024-07-03T10:07:12","modified_gmt":"2024-07-03T10:07:12","slug":"pasquale-de-sensi","status":"publish","type":"umetniki","link":"https:\/\/layer.si\/kaos\/umetniki\/pasquale-de-sensi\/","title":{"rendered":"Pasquale de Sensi"},"content":{"rendered":"\n<p>\u201cNotranji prostor in \u017eenska figura sta lo\u010dena, vendar hkrati povezana, kot v razmerju med \/\u2026\/ varuhinjo skrivnosti in skrivnostjo samo.\u201d<\/p>\n\n\n\n<p>Zrcalna \u0161katla z imenom<em> Plan.B<\/em> je surrealisti\u010dni objekt, sestavljen iz razli\u010dnih materialov, zdru\u017eenih v kompozitni in ve\u010dplastni simbol. <strong>Pasquale de Sensi <\/strong>(1983) \u017eivi in dela kot grafi\u010dni oblikovalec in ilustrator za albume glasbenih skupin in glasbene festivale v Italiji. Njegova dela so bila razstavljena v razli\u010dnih dr\u017eavah.<\/p>\n\n\n\n<p><\/p>\n\n\n\n<p><em>Naslov dela: <em> Plan.B<\/em><\/em><\/p>\n","protected":false},"featured_media":6255,"parent":0,"template":"","leto":[528],"jezik":[8],"umetnik-kategorija":[173],"_links":{"self":[{"href":"https:\/\/layer.si\/kaos\/wp-json\/wp\/v2\/umetniki\/6253"}],"collection":[{"href":"https:\/\/layer.si\/kaos\/wp-json\/wp\/v2\/umetniki"}],"about":[{"href":"https:\/\/layer.si\/kaos\/wp-json\/wp\/v2\/types\/umetniki"}],"version-history":[{"count":1,"href":"https:\/\/layer.si\/kaos\/wp-json\/wp\/v2\/umetniki\/6253\/revisions"}],"predecessor-version":[{"id":6256,"href":"https:\/\/layer.si\/kaos\/wp-json\/wp\/v2\/umetniki\/6253\/revisions\/6256"}],"wp:featuredmedia":[{"embeddable":true,"href":"https:\/\/layer.si\/kaos\/wp-json\/wp\/v2\/media\/6255"}],"wp:attachment":[{"href":"https:\/\/layer.si\/kaos\/wp-json\/wp\/v2\/media?parent=6253"}],"wp:term":[{"taxonomy":"leto","embeddable":true,"href":"https:\/\/layer.si\/kaos\/wp-json\/wp\/v2\/leto?post=6253"},{"taxonomy":"jezik","embeddable":true,"href":"https:\/\/layer.si\/kaos\/wp-json\/wp\/v2\/jezik?post=6253"},{"taxonomy":"umetnik-kategorija","embeddable":true,"href":"https:\/\/layer.si\/kaos\/wp-json\/wp\/v2\/umetnik-kategorija?post=6253"}],"curies":[{"name":"wp","href":"https:\/\/api.w.org\/{rel}","templated":true}]}}

<p>“Notranji prostor in ženska figura sta ločena, vendar hkrati povezana, kot v razmerju med /…/ varuhinjo skrivnosti in skrivnostjo samo.”</p>



<p>Zrcalna škatla z imenom<em> Plan.B</em> je surrealistični objekt, sestavljen iz različnih materialov, združenih v kompozitni in večplastni simbol. <strong>Pasquale de Sensi </strong>(1983) živi in dela kot grafični oblikovalec in ilustrator za albume glasbenih skupin in glasbene festivale v Italiji. Njegova dela so bila razstavljena v različnih državah.</p>



<p></p>



<p><em>Naslov dela: <em> Plan.B</em></em></p>
