{"id":6299,"date":"2024-07-03T10:29:25","date_gmt":"2024-07-03T10:29:25","guid":{"rendered":"https:\/\/layer.si\/kaos\/?post_type=umetniki&#038;p=6299"},"modified":"2024-07-03T10:29:45","modified_gmt":"2024-07-03T10:29:45","slug":"barbara-ribnikar","status":"publish","type":"umetniki","link":"https:\/\/layer.si\/kaos\/umetniki\/barbara-ribnikar\/","title":{"rendered":"Barbara Ribnikar"},"content":{"rendered":"\n<p>\u201cCilj dela je zabrisati meje med posameznimi \u010duti \u2013 le na njihovih trenutnih prese\u010di\u0161\u010dih lahko dostopamo do globljih resnic in lepote.\u201d<\/p>\n\n\n\n<p>Delo je navdihnjeno z Rilkejevim Sonetom Orfeju \u0161tevilka II-26. Predstavlja \u010dlove\u0161ki glas, ta izmuzljivi objekt, vmesni prostor med notranjostjo in zunanjostjo, med naravo in kulturo, med telesom in jezikom, med subjektom in Drugim, med umetnostjo in znanostjo \u2026 <strong>Barbara Ribnikar<\/strong> je diplomirala iz dramske igre in umetni\u0161ke besede na Akademiji za gledali\u0161\u010de, radio, film in televizijo Univerze v Ljubljani. Zanimajo jo mejna podro\u010dja razli\u010dnih zvrsti umetnosti, ki se sre\u010dujejo na odrih \u2013 in tudi v drugih prostorih skupinske domi\u0161ljije. Pri\u010dujo\u010di odprti poziv je njen prvi izlet v izdelavo asembla\u017ea.<\/p>\n\n\n\n<p><em>Naslov dela: \u00a0KRIK-CRACK<\/em><\/p>\n","protected":false},"featured_media":6300,"parent":0,"template":"","leto":[528],"jezik":[8],"umetnik-kategorija":[173],"_links":{"self":[{"href":"https:\/\/layer.si\/kaos\/wp-json\/wp\/v2\/umetniki\/6299"}],"collection":[{"href":"https:\/\/layer.si\/kaos\/wp-json\/wp\/v2\/umetniki"}],"about":[{"href":"https:\/\/layer.si\/kaos\/wp-json\/wp\/v2\/types\/umetniki"}],"version-history":[{"count":2,"href":"https:\/\/layer.si\/kaos\/wp-json\/wp\/v2\/umetniki\/6299\/revisions"}],"predecessor-version":[{"id":6303,"href":"https:\/\/layer.si\/kaos\/wp-json\/wp\/v2\/umetniki\/6299\/revisions\/6303"}],"wp:featuredmedia":[{"embeddable":true,"href":"https:\/\/layer.si\/kaos\/wp-json\/wp\/v2\/media\/6300"}],"wp:attachment":[{"href":"https:\/\/layer.si\/kaos\/wp-json\/wp\/v2\/media?parent=6299"}],"wp:term":[{"taxonomy":"leto","embeddable":true,"href":"https:\/\/layer.si\/kaos\/wp-json\/wp\/v2\/leto?post=6299"},{"taxonomy":"jezik","embeddable":true,"href":"https:\/\/layer.si\/kaos\/wp-json\/wp\/v2\/jezik?post=6299"},{"taxonomy":"umetnik-kategorija","embeddable":true,"href":"https:\/\/layer.si\/kaos\/wp-json\/wp\/v2\/umetnik-kategorija?post=6299"}],"curies":[{"name":"wp","href":"https:\/\/api.w.org\/{rel}","templated":true}]}}

<p>“Cilj dela je zabrisati meje med posameznimi čuti – le na njihovih trenutnih presečiščih lahko dostopamo do globljih resnic in lepote.”</p>



<p>Delo je navdihnjeno z Rilkejevim Sonetom Orfeju številka II-26. Predstavlja človeški glas, ta izmuzljivi objekt, vmesni prostor med notranjostjo in zunanjostjo, med naravo in kulturo, med telesom in jezikom, med subjektom in Drugim, med umetnostjo in znanostjo … <strong>Barbara Ribnikar</strong> je diplomirala iz dramske igre in umetniške besede na Akademiji za gledališče, radio, film in televizijo Univerze v Ljubljani. Zanimajo jo mejna področja različnih zvrsti umetnosti, ki se srečujejo na odrih – in tudi v drugih prostorih skupinske domišljije. Pričujoči odprti poziv je njen prvi izlet v izdelavo asemblaža.</p>



<p><em>Naslov dela:  KRIK-CRACK</em></p>
