{"id":6311,"date":"2024-07-03T18:49:47","date_gmt":"2024-07-03T18:49:47","guid":{"rendered":"https:\/\/layer.si\/kaos\/?post_type=umetniki&#038;p=6311"},"modified":"2024-07-03T18:49:48","modified_gmt":"2024-07-03T18:49:48","slug":"brut-carniollus-5","status":"publish","type":"umetniki","link":"https:\/\/layer.si\/kaos\/umetniki\/brut-carniollus-5\/","title":{"rendered":"Brut Carniollus"},"content":{"rendered":"\n<p>Pomen sporo\u010dila, ki prehaja izpod povr\u0161ja na povr\u0161je, se najpogosteje izgubi v prevodu oziroma napa\u010dni razlagi, ki jo zavedno ali nezavedno zagre\u0161i prejemnik sporo\u010dila.<strong> <\/strong><\/p>\n\n\n\n<p><strong>Brut Carniollus (<\/strong>1959) je likovni umetnik in fotograf, ki se ukvarja z digitalnim kola\u017eem in digitalno grafiko, pri \u010demer njegova dela najpogosteje izhajajo iz fotografskega zapisa in se kot razstavni eksponat materializirajo v obliki originalnega digitalnega UV odtisa. Njegova dela so razstavljena in nagrajena po vsem svetu. Je \u010dlan ZDSLU in Likovnega dru\u0161tva Kranj. Zastopa ga Singulart. Kot samozaposleni v kulturi \u017eivi in dela v Radovljici.<\/p>\n\n\n\n<p><\/p>\n\n\n\n<p><em>Naslov dela:\u00a0Izgubljeno s prevodom<\/em><\/p>\n","protected":false},"featured_media":6312,"parent":0,"template":"","leto":[528],"jezik":[8],"umetnik-kategorija":[173],"_links":{"self":[{"href":"https:\/\/layer.si\/kaos\/wp-json\/wp\/v2\/umetniki\/6311"}],"collection":[{"href":"https:\/\/layer.si\/kaos\/wp-json\/wp\/v2\/umetniki"}],"about":[{"href":"https:\/\/layer.si\/kaos\/wp-json\/wp\/v2\/types\/umetniki"}],"version-history":[{"count":1,"href":"https:\/\/layer.si\/kaos\/wp-json\/wp\/v2\/umetniki\/6311\/revisions"}],"predecessor-version":[{"id":6313,"href":"https:\/\/layer.si\/kaos\/wp-json\/wp\/v2\/umetniki\/6311\/revisions\/6313"}],"wp:featuredmedia":[{"embeddable":true,"href":"https:\/\/layer.si\/kaos\/wp-json\/wp\/v2\/media\/6312"}],"wp:attachment":[{"href":"https:\/\/layer.si\/kaos\/wp-json\/wp\/v2\/media?parent=6311"}],"wp:term":[{"taxonomy":"leto","embeddable":true,"href":"https:\/\/layer.si\/kaos\/wp-json\/wp\/v2\/leto?post=6311"},{"taxonomy":"jezik","embeddable":true,"href":"https:\/\/layer.si\/kaos\/wp-json\/wp\/v2\/jezik?post=6311"},{"taxonomy":"umetnik-kategorija","embeddable":true,"href":"https:\/\/layer.si\/kaos\/wp-json\/wp\/v2\/umetnik-kategorija?post=6311"}],"curies":[{"name":"wp","href":"https:\/\/api.w.org\/{rel}","templated":true}]}}

<p>Pomen sporočila, ki prehaja izpod površja na površje, se najpogosteje izgubi v prevodu oziroma napačni razlagi, ki jo zavedno ali nezavedno zagreši prejemnik sporočila.<strong> </strong></p>



<p><strong>Brut Carniollus (</strong>1959) je likovni umetnik in fotograf, ki se ukvarja z digitalnim kolažem in digitalno grafiko, pri čemer njegova dela najpogosteje izhajajo iz fotografskega zapisa in se kot razstavni eksponat materializirajo v obliki originalnega digitalnega UV odtisa. Njegova dela so razstavljena in nagrajena po vsem svetu. Je član ZDSLU in Likovnega društva Kranj. Zastopa ga Singulart. Kot samozaposleni v kulturi živi in dela v Radovljici.</p>



<p></p>



<p><em>Naslov dela: Izgubljeno s prevodom</em></p>
