{"id":6374,"date":"2024-07-08T12:15:55","date_gmt":"2024-07-08T12:15:55","guid":{"rendered":"https:\/\/layer.si\/kaos\/?post_type=umetniki&#038;p=6374"},"modified":"2024-07-08T12:15:56","modified_gmt":"2024-07-08T12:15:56","slug":"jelena-dejanovic","status":"publish","type":"umetniki","link":"https:\/\/layer.si\/kaos\/umetniki\/jelena-dejanovic\/","title":{"rendered":"Jelena Dejanovi\u0107"},"content":{"rendered":"\n<p>Pod povr\u0161jem dana\u0161njega hitrega \u017eivljenja je vesolje, kjer govorijo ti\u0161ina, praznina, kjer sli\u0161imo sebe, glas na\u0161e du\u0161e; to je potovanje do bisera v globini \u0161koljke. <\/p>\n\n\n\n<p><\/p>\n\n\n\n<p><strong>Jelena Dejanovi\u0107 <\/strong>(1987) v svojih kola\u017eih s simboli prikazuje odmeve glasov, ukoreninjene v nezavedno, kot povezavo z izvirno, divjo naravo. Vsak ustvarjen kola\u017e je \u0161e en raziskovalni korak globlje v ozemlje mitolo\u0161kega, ki obstaja na pragu resni\u010dnega, potla\u010denega in domi\u0161ljijskega. Simboli in zgodbe v Jeleninem ustvarjalnem svetu niso jasno dolo\u010deni, ampak so fragment mita, ki se nenehno \u0161iri.<\/p>\n\n\n\n<p><\/p>\n\n\n\n<p><\/p>\n\n\n\n<p><em>Artwork: Pogrezanje v Ni\u010d<\/em><\/p>\n","protected":false},"featured_media":6375,"parent":0,"template":"","leto":[528],"jezik":[8],"umetnik-kategorija":[173],"_links":{"self":[{"href":"https:\/\/layer.si\/kaos\/wp-json\/wp\/v2\/umetniki\/6374"}],"collection":[{"href":"https:\/\/layer.si\/kaos\/wp-json\/wp\/v2\/umetniki"}],"about":[{"href":"https:\/\/layer.si\/kaos\/wp-json\/wp\/v2\/types\/umetniki"}],"version-history":[{"count":1,"href":"https:\/\/layer.si\/kaos\/wp-json\/wp\/v2\/umetniki\/6374\/revisions"}],"predecessor-version":[{"id":6376,"href":"https:\/\/layer.si\/kaos\/wp-json\/wp\/v2\/umetniki\/6374\/revisions\/6376"}],"wp:featuredmedia":[{"embeddable":true,"href":"https:\/\/layer.si\/kaos\/wp-json\/wp\/v2\/media\/6375"}],"wp:attachment":[{"href":"https:\/\/layer.si\/kaos\/wp-json\/wp\/v2\/media?parent=6374"}],"wp:term":[{"taxonomy":"leto","embeddable":true,"href":"https:\/\/layer.si\/kaos\/wp-json\/wp\/v2\/leto?post=6374"},{"taxonomy":"jezik","embeddable":true,"href":"https:\/\/layer.si\/kaos\/wp-json\/wp\/v2\/jezik?post=6374"},{"taxonomy":"umetnik-kategorija","embeddable":true,"href":"https:\/\/layer.si\/kaos\/wp-json\/wp\/v2\/umetnik-kategorija?post=6374"}],"curies":[{"name":"wp","href":"https:\/\/api.w.org\/{rel}","templated":true}]}}

Jelena Dejanović

<p>Pod površjem današnjega hitrega življenja je vesolje, kjer govorijo tišina, praznina, kjer slišimo sebe, glas naše duše; to je potovanje do bisera v globini školjke. </p>



<p></p>



<p><strong>Jelena Dejanović </strong>(1987) v svojih kolažih s simboli prikazuje odmeve glasov, ukoreninjene v nezavedno, kot povezavo z izvirno, divjo naravo. Vsak ustvarjen kolaž je še en raziskovalni korak globlje v ozemlje mitološkega, ki obstaja na pragu resničnega, potlačenega in domišljijskega. Simboli in zgodbe v Jeleninem ustvarjalnem svetu niso jasno določeni, ampak so fragment mita, ki se nenehno širi.</p>



<p></p>



<p></p>



<p><em>Artwork: Pogrezanje v Nič</em></p>
