{"id":6434,"date":"2024-07-09T12:48:09","date_gmt":"2024-07-09T12:48:09","guid":{"rendered":"https:\/\/layer.si\/kaos\/?post_type=umetniki&#038;p=6434"},"modified":"2024-07-09T12:48:34","modified_gmt":"2024-07-09T12:48:34","slug":"silvio-severino-3","status":"publish","type":"umetniki","link":"https:\/\/layer.si\/kaos\/umetniki\/silvio-severino-3\/","title":{"rendered":"Silvio Severino"},"content":{"rendered":"\n<p>Delo <em>Ponovno rojen<\/em> je zgodba o izku\u0161nji avtorja kot geja, o tem, koliko ponovnih rojstev je potrebnih v \u017eivljenju geja, da spozna samega sebe in da ga dru\u017eba sprejme. <\/p>\n\n\n\n<p><strong>Silvio Severino<\/strong> je sodobni umetnik in kurator z ve\u010dplastnim pristopom, ki obsega fotografijo, ilustracijo in kola\u017e. Od leta 2014 je pomemben \u010dlan mednarodne kola\u017ene skupnosti in je znan po sodelovanju pri festivalu Collagistas ter organizaciji njegove dublinske izdaje leta 2018. Vodi tudi delavnice kola\u017ea in svoja dela razstavlja po Evropi na samostojnih in skupinskih razstavah.<\/p>\n\n\n\n<p><\/p>\n\n\n\n<p><em>Naslov dela: Ponovno rojen<\/em><\/p>\n\n\n\n<p><\/p>\n","protected":false},"featured_media":6435,"parent":0,"template":"","leto":[528],"jezik":[8],"umetnik-kategorija":[173],"_links":{"self":[{"href":"https:\/\/layer.si\/kaos\/wp-json\/wp\/v2\/umetniki\/6434"}],"collection":[{"href":"https:\/\/layer.si\/kaos\/wp-json\/wp\/v2\/umetniki"}],"about":[{"href":"https:\/\/layer.si\/kaos\/wp-json\/wp\/v2\/types\/umetniki"}],"version-history":[{"count":2,"href":"https:\/\/layer.si\/kaos\/wp-json\/wp\/v2\/umetniki\/6434\/revisions"}],"predecessor-version":[{"id":6437,"href":"https:\/\/layer.si\/kaos\/wp-json\/wp\/v2\/umetniki\/6434\/revisions\/6437"}],"wp:featuredmedia":[{"embeddable":true,"href":"https:\/\/layer.si\/kaos\/wp-json\/wp\/v2\/media\/6435"}],"wp:attachment":[{"href":"https:\/\/layer.si\/kaos\/wp-json\/wp\/v2\/media?parent=6434"}],"wp:term":[{"taxonomy":"leto","embeddable":true,"href":"https:\/\/layer.si\/kaos\/wp-json\/wp\/v2\/leto?post=6434"},{"taxonomy":"jezik","embeddable":true,"href":"https:\/\/layer.si\/kaos\/wp-json\/wp\/v2\/jezik?post=6434"},{"taxonomy":"umetnik-kategorija","embeddable":true,"href":"https:\/\/layer.si\/kaos\/wp-json\/wp\/v2\/umetnik-kategorija?post=6434"}],"curies":[{"name":"wp","href":"https:\/\/api.w.org\/{rel}","templated":true}]}}

<p>Delo <em>Ponovno rojen</em> je zgodba o izkušnji avtorja kot geja, o tem, koliko ponovnih rojstev je potrebnih v življenju geja, da spozna samega sebe in da ga družba sprejme. </p>



<p><strong>Silvio Severino</strong> je sodobni umetnik in kurator z večplastnim pristopom, ki obsega fotografijo, ilustracijo in kolaž. Od leta 2014 je pomemben član mednarodne kolažne skupnosti in je znan po sodelovanju pri festivalu Collagistas ter organizaciji njegove dublinske izdaje leta 2018. Vodi tudi delavnice kolaža in svoja dela razstavlja po Evropi na samostojnih in skupinskih razstavah.</p>



<p></p>



<p><em>Naslov dela: Ponovno rojen</em></p>



<p></p>
