{"id":6440,"date":"2024-07-09T12:53:04","date_gmt":"2024-07-09T12:53:04","guid":{"rendered":"https:\/\/layer.si\/kaos\/?post_type=umetniki&#038;p=6440"},"modified":"2024-07-09T12:53:04","modified_gmt":"2024-07-09T12:53:04","slug":"anna-klos-3","status":"publish","type":"umetniki","link":"https:\/\/layer.si\/kaos\/umetniki\/anna-klos-3\/","title":{"rendered":"Anna K\u0142os"},"content":{"rendered":"\n<p><strong>Anna K\u0142os<\/strong> je grafi\u010dna umetnica, akademska predavateljica in kuratorka razstav. Specializirala se je za tehniko kola\u017ea. Svoja dela je razstavljala na ve\u010d samostojnih in skupinskih razstavah, predvsem v tujini. Od leta 2008 pou\u010duje grafi\u010dno oblikovanje in predava o zgodovini grafi\u010dnega oblikovanja na Akademiji WIT v Var\u0161avi. Bila je \u010dlanica \u017eirij mednarodnih tekmovanj na podro\u010dju grafi\u010dnega oblikovanja. Je ustanoviteljica projekta Retroavangarda, ki zdru\u017euje izobra\u017eevanje in promocijo umetnosti, zlasti na mednarodnem nivoju.<\/p>\n\n\n\n<p><\/p>\n\n\n\n<p><em>Naslov dela: \u00a0\u017div \/ Mit dem Leben<\/em><\/p>\n","protected":false},"featured_media":6441,"parent":0,"template":"","leto":[528],"jezik":[8],"umetnik-kategorija":[173],"_links":{"self":[{"href":"https:\/\/layer.si\/kaos\/wp-json\/wp\/v2\/umetniki\/6440"}],"collection":[{"href":"https:\/\/layer.si\/kaos\/wp-json\/wp\/v2\/umetniki"}],"about":[{"href":"https:\/\/layer.si\/kaos\/wp-json\/wp\/v2\/types\/umetniki"}],"version-history":[{"count":1,"href":"https:\/\/layer.si\/kaos\/wp-json\/wp\/v2\/umetniki\/6440\/revisions"}],"predecessor-version":[{"id":6442,"href":"https:\/\/layer.si\/kaos\/wp-json\/wp\/v2\/umetniki\/6440\/revisions\/6442"}],"wp:featuredmedia":[{"embeddable":true,"href":"https:\/\/layer.si\/kaos\/wp-json\/wp\/v2\/media\/6441"}],"wp:attachment":[{"href":"https:\/\/layer.si\/kaos\/wp-json\/wp\/v2\/media?parent=6440"}],"wp:term":[{"taxonomy":"leto","embeddable":true,"href":"https:\/\/layer.si\/kaos\/wp-json\/wp\/v2\/leto?post=6440"},{"taxonomy":"jezik","embeddable":true,"href":"https:\/\/layer.si\/kaos\/wp-json\/wp\/v2\/jezik?post=6440"},{"taxonomy":"umetnik-kategorija","embeddable":true,"href":"https:\/\/layer.si\/kaos\/wp-json\/wp\/v2\/umetnik-kategorija?post=6440"}],"curies":[{"name":"wp","href":"https:\/\/api.w.org\/{rel}","templated":true}]}}

Anna Kłos

<p><strong>Anna Kłos</strong> je grafična umetnica, akademska predavateljica in kuratorka razstav. Specializirala se je za tehniko kolaža. Svoja dela je razstavljala na več samostojnih in skupinskih razstavah, predvsem v tujini. Od leta 2008 poučuje grafično oblikovanje in predava o zgodovini grafičnega oblikovanja na Akademiji WIT v Varšavi. Bila je članica žirij mednarodnih tekmovanj na področju grafičnega oblikovanja. Je ustanoviteljica projekta Retroavangarda, ki združuje izobraževanje in promocijo umetnosti, zlasti na mednarodnem nivoju.</p>



<p></p>



<p><em>Naslov dela:  Živ / Mit dem Leben</em></p>
