{"id":6458,"date":"2024-07-10T06:58:59","date_gmt":"2024-07-10T06:58:59","guid":{"rendered":"https:\/\/layer.si\/kaos\/?post_type=umetniki&#038;p=6458"},"modified":"2024-07-10T06:59:00","modified_gmt":"2024-07-10T06:59:00","slug":"bagrat-arazyan-3","status":"publish","type":"umetniki","link":"https:\/\/layer.si\/kaos\/umetniki\/bagrat-arazyan-3\/","title":{"rendered":"Bagrat Arazyan"},"content":{"rendered":"\n<p><strong>Bagrat Arazyan<\/strong> (1958) je umetnik, oblikovalec, kurator, glasbenik in filozof. \u017divi in dela v Sloveniji, Rusiji in Litvi. Od leta 1994 je soustanovitelj in kurator v galeriji in oblikovalskem studiu Modius v Moskvi. Deluje na sti\u010di\u0161\u010du razli\u010dnih medijev od tradicionalnih do multimedijskih praktik. Je eden izmed prvih v ruski umetnostni srenji, ki se je za\u010del ukvarjati z monumentalnimi deli, ki so ustvarjena z uporabo digitalnih tehnologij. V svoje delo vklju\u010duje glasbo in besedila, da tako vsaki\u010d ustvari novo ve\u010dkulturno okolje. Od leta 2017 je soustanovitelj in kurator Centra sodobne umetnosti v Pivki.<\/p>\n\n\n\n<p><\/p>\n\n\n\n<p><em>Naslov dela: Naj te vidim<\/em><\/p>\n","protected":false},"featured_media":6459,"parent":0,"template":"","leto":[528],"jezik":[8],"umetnik-kategorija":[324],"_links":{"self":[{"href":"https:\/\/layer.si\/kaos\/wp-json\/wp\/v2\/umetniki\/6458"}],"collection":[{"href":"https:\/\/layer.si\/kaos\/wp-json\/wp\/v2\/umetniki"}],"about":[{"href":"https:\/\/layer.si\/kaos\/wp-json\/wp\/v2\/types\/umetniki"}],"version-history":[{"count":1,"href":"https:\/\/layer.si\/kaos\/wp-json\/wp\/v2\/umetniki\/6458\/revisions"}],"predecessor-version":[{"id":6460,"href":"https:\/\/layer.si\/kaos\/wp-json\/wp\/v2\/umetniki\/6458\/revisions\/6460"}],"wp:featuredmedia":[{"embeddable":true,"href":"https:\/\/layer.si\/kaos\/wp-json\/wp\/v2\/media\/6459"}],"wp:attachment":[{"href":"https:\/\/layer.si\/kaos\/wp-json\/wp\/v2\/media?parent=6458"}],"wp:term":[{"taxonomy":"leto","embeddable":true,"href":"https:\/\/layer.si\/kaos\/wp-json\/wp\/v2\/leto?post=6458"},{"taxonomy":"jezik","embeddable":true,"href":"https:\/\/layer.si\/kaos\/wp-json\/wp\/v2\/jezik?post=6458"},{"taxonomy":"umetnik-kategorija","embeddable":true,"href":"https:\/\/layer.si\/kaos\/wp-json\/wp\/v2\/umetnik-kategorija?post=6458"}],"curies":[{"name":"wp","href":"https:\/\/api.w.org\/{rel}","templated":true}]}}

<p><strong>Bagrat Arazyan</strong> (1958) je umetnik, oblikovalec, kurator, glasbenik in filozof. Živi in dela v Sloveniji, Rusiji in Litvi. Od leta 1994 je soustanovitelj in kurator v galeriji in oblikovalskem studiu Modius v Moskvi. Deluje na stičišču različnih medijev od tradicionalnih do multimedijskih praktik. Je eden izmed prvih v ruski umetnostni srenji, ki se je začel ukvarjati z monumentalnimi deli, ki so ustvarjena z uporabo digitalnih tehnologij. V svoje delo vključuje glasbo in besedila, da tako vsakič ustvari novo večkulturno okolje. Od leta 2017 je soustanovitelj in kurator Centra sodobne umetnosti v Pivki.</p>



<p></p>



<p><em>Naslov dela: Naj te vidim</em></p>
