{"id":6475,"date":"2024-07-10T07:14:48","date_gmt":"2024-07-10T07:14:48","guid":{"rendered":"https:\/\/layer.si\/kaos\/?post_type=umetniki&#038;p=6475"},"modified":"2024-07-10T07:44:05","modified_gmt":"2024-07-10T07:44:05","slug":"iztok-smajs-muni","status":"publish","type":"umetniki","link":"https:\/\/layer.si\/kaos\/umetniki\/iztok-smajs-muni\/","title":{"rendered":"Iztok \u0160majs Muni"},"content":{"rendered":"\n<p><strong>Iztok \u0160majs Muni<\/strong> je diplomiral na Pedago\u0161ki akademiji v Ljubljani. \u0160olal se je tudi v tujini, med drugim na mednarodni univerzi Verbano, Vincaglio v Italiji in po programu ICCP v Santa Barbari v ZDA. V Verbanu je bil kasneje imenovan za \u010dastnega profesorja. Od leta 1980 je samozaposlen v kulturi in deluje na podro\u010dju vizualnih umetnosti, glasbe, filozofije, poezije in fotografije ter umetnostne kritike. Imel je \u0161tevilne razstave tako doma kot v tujini.<\/p>\n\n\n\n<p><\/p>\n\n\n\n<p><em>Naslov dela: Premik ena<\/em><\/p>\n","protected":false},"featured_media":6476,"parent":0,"template":"","leto":[528],"jezik":[8],"umetnik-kategorija":[324],"_links":{"self":[{"href":"https:\/\/layer.si\/kaos\/wp-json\/wp\/v2\/umetniki\/6475"}],"collection":[{"href":"https:\/\/layer.si\/kaos\/wp-json\/wp\/v2\/umetniki"}],"about":[{"href":"https:\/\/layer.si\/kaos\/wp-json\/wp\/v2\/types\/umetniki"}],"version-history":[{"count":1,"href":"https:\/\/layer.si\/kaos\/wp-json\/wp\/v2\/umetniki\/6475\/revisions"}],"predecessor-version":[{"id":6477,"href":"https:\/\/layer.si\/kaos\/wp-json\/wp\/v2\/umetniki\/6475\/revisions\/6477"}],"wp:featuredmedia":[{"embeddable":true,"href":"https:\/\/layer.si\/kaos\/wp-json\/wp\/v2\/media\/6476"}],"wp:attachment":[{"href":"https:\/\/layer.si\/kaos\/wp-json\/wp\/v2\/media?parent=6475"}],"wp:term":[{"taxonomy":"leto","embeddable":true,"href":"https:\/\/layer.si\/kaos\/wp-json\/wp\/v2\/leto?post=6475"},{"taxonomy":"jezik","embeddable":true,"href":"https:\/\/layer.si\/kaos\/wp-json\/wp\/v2\/jezik?post=6475"},{"taxonomy":"umetnik-kategorija","embeddable":true,"href":"https:\/\/layer.si\/kaos\/wp-json\/wp\/v2\/umetnik-kategorija?post=6475"}],"curies":[{"name":"wp","href":"https:\/\/api.w.org\/{rel}","templated":true}]}}

Iztok Šmajs Muni

<p><strong>Iztok Šmajs Muni</strong> je diplomiral na Pedagoški akademiji v Ljubljani. Šolal se je tudi v tujini, med drugim na mednarodni univerzi Verbano, Vincaglio v Italiji in po programu ICCP v Santa Barbari v ZDA. V Verbanu je bil kasneje imenovan za častnega profesorja. Od leta 1980 je samozaposlen v kulturi in deluje na področju vizualnih umetnosti, glasbe, filozofije, poezije in fotografije ter umetnostne kritike. Imel je številne razstave tako doma kot v tujini.</p>



<p></p>



<p><em>Naslov dela: Premik ena</em></p>
