{"id":6492,"date":"2024-07-10T07:26:27","date_gmt":"2024-07-10T07:26:27","guid":{"rendered":"https:\/\/layer.si\/kaos\/?post_type=umetniki&#038;p=6492"},"modified":"2024-07-10T07:26:28","modified_gmt":"2024-07-10T07:26:28","slug":"klementina-golija-3","status":"publish","type":"umetniki","link":"https:\/\/layer.si\/kaos\/umetniki\/klementina-golija-3\/","title":{"rendered":"Klementina Golija"},"content":{"rendered":"\n<p><strong>Klementina Golija<\/strong> je slikarstvo \u0161tudirala na Accademia di Belle Arti di Brera v Milanu, kjer je leta 1990 tudi diplomirala. Magistrski \u0161tudij grafike in slikarstva je zaklju\u010dila na Akademiji za likovno umetnost v Ljubljani. Za njen nadaljnji umetni\u0161ki razvoj sta bili pomembni zlasti \u0161tudijski bivanji v Bostonu in New Yorku v letu 1990 ter dvomese\u010dno bivanje v Cit\u00e9 Internationale des Arts v Parizu jeseni 1995. Svoja dela redno razstavlja na samostojnih in skupinskih razstavah doma in v tujini, za svoje delo je prejela 19 nacionalnih priznanj in tri mednarodne nagrade. \u017divi in dela kot samostojna likovna umetnica v Kranju.<\/p>\n\n\n\n<p><\/p>\n\n\n\n<p><em>Naslov dela: Iz cikla (V)pogled<\/em><\/p>\n","protected":false},"featured_media":6493,"parent":0,"template":"","leto":[528],"jezik":[8],"umetnik-kategorija":[324],"_links":{"self":[{"href":"https:\/\/layer.si\/kaos\/wp-json\/wp\/v2\/umetniki\/6492"}],"collection":[{"href":"https:\/\/layer.si\/kaos\/wp-json\/wp\/v2\/umetniki"}],"about":[{"href":"https:\/\/layer.si\/kaos\/wp-json\/wp\/v2\/types\/umetniki"}],"version-history":[{"count":1,"href":"https:\/\/layer.si\/kaos\/wp-json\/wp\/v2\/umetniki\/6492\/revisions"}],"predecessor-version":[{"id":6494,"href":"https:\/\/layer.si\/kaos\/wp-json\/wp\/v2\/umetniki\/6492\/revisions\/6494"}],"wp:featuredmedia":[{"embeddable":true,"href":"https:\/\/layer.si\/kaos\/wp-json\/wp\/v2\/media\/6493"}],"wp:attachment":[{"href":"https:\/\/layer.si\/kaos\/wp-json\/wp\/v2\/media?parent=6492"}],"wp:term":[{"taxonomy":"leto","embeddable":true,"href":"https:\/\/layer.si\/kaos\/wp-json\/wp\/v2\/leto?post=6492"},{"taxonomy":"jezik","embeddable":true,"href":"https:\/\/layer.si\/kaos\/wp-json\/wp\/v2\/jezik?post=6492"},{"taxonomy":"umetnik-kategorija","embeddable":true,"href":"https:\/\/layer.si\/kaos\/wp-json\/wp\/v2\/umetnik-kategorija?post=6492"}],"curies":[{"name":"wp","href":"https:\/\/api.w.org\/{rel}","templated":true}]}}

<p><strong>Klementina Golija</strong> je slikarstvo študirala na Accademia di Belle Arti di Brera v Milanu, kjer je leta 1990 tudi diplomirala. Magistrski študij grafike in slikarstva je zaključila na Akademiji za likovno umetnost v Ljubljani. Za njen nadaljnji umetniški razvoj sta bili pomembni zlasti študijski bivanji v Bostonu in New Yorku v letu 1990 ter dvomesečno bivanje v Cité Internationale des Arts v Parizu jeseni 1995. Svoja dela redno razstavlja na samostojnih in skupinskih razstavah doma in v tujini, za svoje delo je prejela 19 nacionalnih priznanj in tri mednarodne nagrade. Živi in dela kot samostojna likovna umetnica v Kranju.</p>



<p></p>



<p><em>Naslov dela: Iz cikla (V)pogled</em></p>
