{"id":6497,"date":"2024-07-10T07:35:42","date_gmt":"2024-07-10T07:35:42","guid":{"rendered":"https:\/\/layer.si\/kaos\/?post_type=umetniki&#038;p=6497"},"modified":"2024-07-10T07:35:43","modified_gmt":"2024-07-10T07:35:43","slug":"meta-solar","status":"publish","type":"umetniki","link":"https:\/\/layer.si\/kaos\/umetniki\/meta-solar\/","title":{"rendered":"Meta \u0160olar"},"content":{"rendered":"\n<p><strong>Meta \u0160olar<\/strong> je leta 2014 diplomirala iz slikarstva na Akademiji za likovno umetnost in oblikovanje v Ljubljani. Je \u010dlanica Zveze dru\u0161tev slovenskih likovnih umetnikov in Likovnega dru\u0161tva Kranj. V svojem delu se posve\u010da predvsem zakriti figuraliki, ki meji na nadrealizem. Navdihuje jo sodobna kultura in vpra\u0161anje identitete v digitalni dobi, zato se njeno delo nenehno spreminja in razvija. Razstavljala je po Sloveniji in svetu. Med drugim v Londonu, Tokiju in na Dunaju. Za svoja dela je prejela ve\u010d nagrad.<\/p>\n\n\n\n<p><\/p>\n\n\n\n<p><em>Naslov dela: Mesec<\/em><\/p>\n","protected":false},"featured_media":6498,"parent":0,"template":"","leto":[528],"jezik":[8],"umetnik-kategorija":[324],"_links":{"self":[{"href":"https:\/\/layer.si\/kaos\/wp-json\/wp\/v2\/umetniki\/6497"}],"collection":[{"href":"https:\/\/layer.si\/kaos\/wp-json\/wp\/v2\/umetniki"}],"about":[{"href":"https:\/\/layer.si\/kaos\/wp-json\/wp\/v2\/types\/umetniki"}],"version-history":[{"count":1,"href":"https:\/\/layer.si\/kaos\/wp-json\/wp\/v2\/umetniki\/6497\/revisions"}],"predecessor-version":[{"id":6499,"href":"https:\/\/layer.si\/kaos\/wp-json\/wp\/v2\/umetniki\/6497\/revisions\/6499"}],"wp:featuredmedia":[{"embeddable":true,"href":"https:\/\/layer.si\/kaos\/wp-json\/wp\/v2\/media\/6498"}],"wp:attachment":[{"href":"https:\/\/layer.si\/kaos\/wp-json\/wp\/v2\/media?parent=6497"}],"wp:term":[{"taxonomy":"leto","embeddable":true,"href":"https:\/\/layer.si\/kaos\/wp-json\/wp\/v2\/leto?post=6497"},{"taxonomy":"jezik","embeddable":true,"href":"https:\/\/layer.si\/kaos\/wp-json\/wp\/v2\/jezik?post=6497"},{"taxonomy":"umetnik-kategorija","embeddable":true,"href":"https:\/\/layer.si\/kaos\/wp-json\/wp\/v2\/umetnik-kategorija?post=6497"}],"curies":[{"name":"wp","href":"https:\/\/api.w.org\/{rel}","templated":true}]}}

Meta Šolar

<p><strong>Meta Šolar</strong> je leta 2014 diplomirala iz slikarstva na Akademiji za likovno umetnost in oblikovanje v Ljubljani. Je članica Zveze društev slovenskih likovnih umetnikov in Likovnega društva Kranj. V svojem delu se posveča predvsem zakriti figuraliki, ki meji na nadrealizem. Navdihuje jo sodobna kultura in vprašanje identitete v digitalni dobi, zato se njeno delo nenehno spreminja in razvija. Razstavljala je po Sloveniji in svetu. Med drugim v Londonu, Tokiju in na Dunaju. Za svoja dela je prejela več nagrad.</p>



<p></p>



<p><em>Naslov dela: Mesec</em></p>
