{"id":814,"date":"2019-03-31T02:13:54","date_gmt":"2019-03-31T02:13:54","guid":{"rendered":"https:\/\/layer.si\/kaos\/?post_type=umetniki&#038;p=814"},"modified":"2019-04-03T06:54:34","modified_gmt":"2019-04-03T06:54:34","slug":"eva-mlinar-2","status":"publish","type":"umetniki","link":"https:\/\/layer.si\/kaos\/en\/umetniki\/eva-mlinar-2\/","title":{"rendered":"EVA MLINAR"},"content":{"rendered":"\n<p><strong>Eva Mlinar<\/strong>&nbsp;has graduated from the Faculty of Arts in Ljubljana, where she studied art history, and from the Academy of Fine Arts and Design in Ljubljana, where she studied visual communication design. She has participated in many exhibitions in Slovenia and abroad, among others, in the 12th&nbsp;Biennale of Slovene Book Illustration, in the exhibition&nbsp;<em>Groteska na\u0161ega \u010dasa&nbsp;<\/em>in the Maribor Art Gallery and in the international graphics exhibition in&nbsp;<em>CKM Art Gallery<\/em>&nbsp;in Istanbul. Since 2011, she has been designing Knji\u017enjica Mestnega gledali\u0161\u010da ljubljanskega\u2019s books, since last year she has been designing publications and posters for Slovenska Kinoteka in collaboration with Hana Jesih. With Hana Jesih she also published a book with collage illustrations&nbsp;<em>IMPRESIJE: Ljubljana\/Istanbul (2018),&nbsp;<\/em>which was created as a result of their one year art correspondence.&nbsp;<\/p>\n","protected":false},"featured_media":0,"parent":0,"template":"","leto":[79],"jezik":[9],"umetnik-kategorija":[76],"_links":{"self":[{"href":"https:\/\/layer.si\/kaos\/wp-json\/wp\/v2\/umetniki\/814"}],"collection":[{"href":"https:\/\/layer.si\/kaos\/wp-json\/wp\/v2\/umetniki"}],"about":[{"href":"https:\/\/layer.si\/kaos\/wp-json\/wp\/v2\/types\/umetniki"}],"version-history":[{"count":1,"href":"https:\/\/layer.si\/kaos\/wp-json\/wp\/v2\/umetniki\/814\/revisions"}],"predecessor-version":[{"id":815,"href":"https:\/\/layer.si\/kaos\/wp-json\/wp\/v2\/umetniki\/814\/revisions\/815"}],"wp:attachment":[{"href":"https:\/\/layer.si\/kaos\/wp-json\/wp\/v2\/media?parent=814"}],"wp:term":[{"taxonomy":"leto","embeddable":true,"href":"https:\/\/layer.si\/kaos\/wp-json\/wp\/v2\/leto?post=814"},{"taxonomy":"jezik","embeddable":true,"href":"https:\/\/layer.si\/kaos\/wp-json\/wp\/v2\/jezik?post=814"},{"taxonomy":"umetnik-kategorija","embeddable":true,"href":"https:\/\/layer.si\/kaos\/wp-json\/wp\/v2\/umetnik-kategorija?post=814"}],"curies":[{"name":"wp","href":"https:\/\/api.w.org\/{rel}","templated":true}]}}

<p><strong>Eva Mlinar</strong>&nbsp;has graduated from the Faculty of Arts in Ljubljana, where she studied art history, and from the Academy of Fine Arts and Design in Ljubljana, where she studied visual communication design. She has participated in many exhibitions in Slovenia and abroad, among others, in the 12th&nbsp;Biennale of Slovene Book Illustration, in the exhibition&nbsp;<em>Groteska našega časa&nbsp;</em>in the Maribor Art Gallery and in the international graphics exhibition in&nbsp;<em>CKM Art Gallery</em>&nbsp;in Istanbul. Since 2011, she has been designing Knjižnjica Mestnega gledališča ljubljanskega’s books, since last year she has been designing publications and posters for Slovenska Kinoteka in collaboration with Hana Jesih. With Hana Jesih she also published a book with collage illustrations&nbsp;<em>IMPRESIJE: Ljubljana/Istanbul (2018),&nbsp;</em>which was created as a result of their one year art correspondence.&nbsp;</p>
