{"id":849,"date":"2019-03-31T02:12:46","date_gmt":"2019-03-31T02:12:46","guid":{"rendered":"https:\/\/layer.si\/kaos\/?post_type=umetniki&#038;p=849"},"modified":"2019-04-03T12:41:26","modified_gmt":"2019-04-03T12:41:26","slug":"marusa-racic-2","status":"publish","type":"umetniki","link":"https:\/\/layer.si\/kaos\/en\/umetniki\/marusa-racic-2\/","title":{"rendered":"MARU\u0160A RA\u010cI\u010c"},"content":{"rendered":"\n<p><strong>Maru\u0161a Ra\u010di\u010d<\/strong>&nbsp;(Ljubljana, 1988) is a graphical designer. After graduating from the Faculty of Natural Sciences and Engineering in Ljubljana (where she studied graphic and media technology) she graduated in graphical design in Prague (Teesside University \u2013 Prague College: BA Graphic Design). Her final work of studies was an artist&#8217;s book&nbsp;<em>My dear Omi!<\/em>&nbsp;which received the international award Art Books Wanted (<em>Lidu Edition<\/em>, Prague). Since 2015, she has been working as self-employed in the field of design, illustration and photography. She lives and crates between Ljubljana and Kras. &nbsp;<\/p>\n\n\n\n<p><\/p>\n","protected":false},"featured_media":0,"parent":0,"template":"","leto":[79],"jezik":[9],"umetnik-kategorija":[76],"_links":{"self":[{"href":"https:\/\/layer.si\/kaos\/wp-json\/wp\/v2\/umetniki\/849"}],"collection":[{"href":"https:\/\/layer.si\/kaos\/wp-json\/wp\/v2\/umetniki"}],"about":[{"href":"https:\/\/layer.si\/kaos\/wp-json\/wp\/v2\/types\/umetniki"}],"version-history":[{"count":1,"href":"https:\/\/layer.si\/kaos\/wp-json\/wp\/v2\/umetniki\/849\/revisions"}],"predecessor-version":[{"id":850,"href":"https:\/\/layer.si\/kaos\/wp-json\/wp\/v2\/umetniki\/849\/revisions\/850"}],"wp:attachment":[{"href":"https:\/\/layer.si\/kaos\/wp-json\/wp\/v2\/media?parent=849"}],"wp:term":[{"taxonomy":"leto","embeddable":true,"href":"https:\/\/layer.si\/kaos\/wp-json\/wp\/v2\/leto?post=849"},{"taxonomy":"jezik","embeddable":true,"href":"https:\/\/layer.si\/kaos\/wp-json\/wp\/v2\/jezik?post=849"},{"taxonomy":"umetnik-kategorija","embeddable":true,"href":"https:\/\/layer.si\/kaos\/wp-json\/wp\/v2\/umetnik-kategorija?post=849"}],"curies":[{"name":"wp","href":"https:\/\/api.w.org\/{rel}","templated":true}]}}

MARUŠA RAČIČ

<p><strong>Maruša Račič</strong>&nbsp;(Ljubljana, 1988) is a graphical designer. After graduating from the Faculty of Natural Sciences and Engineering in Ljubljana (where she studied graphic and media technology) she graduated in graphical design in Prague (Teesside University – Prague College: BA Graphic Design). Her final work of studies was an artist&#8217;s book&nbsp;<em>My dear Omi!</em>&nbsp;which received the international award Art Books Wanted (<em>Lidu Edition</em>, Prague). Since 2015, she has been working as self-employed in the field of design, illustration and photography. She lives and crates between Ljubljana and Kras. &nbsp;</p>



<p></p>
