{"id":874,"date":"2019-03-31T02:05:19","date_gmt":"2019-03-31T02:05:19","guid":{"rendered":"https:\/\/layer.si\/kaos\/?post_type=umetniki&#038;p=874"},"modified":"2019-04-03T12:50:46","modified_gmt":"2019-04-03T12:50:46","slug":"several-authors","status":"publish","type":"umetniki","link":"https:\/\/layer.si\/kaos\/en\/umetniki\/several-authors\/","title":{"rendered":"SEVERAL AUTHORS"},"content":{"rendered":"\n<p><strong>\u00bbThe Sickness of Our Days\u00ab&nbsp;<\/strong>is&nbsp;a temporary collective of young female artists coming from different backgrounds; most of them&nbsp;are students of the art academy. They&nbsp;are active as individuals but try to&nbsp;bond together creatively on multiple occasions.&nbsp;<\/p>\n\n\n\n<p>Tisa Ne\u017ea Herlec, Teresa Neppi, Ur\u0161a Godina, Jana Nun\u010di\u010d, Helena Tahir, Matea<\/p>\n\n\n\n<p>Bolezen na\u0161ih dni \/ Sickness of our days is a zine collection of collages, representing our thoughts, interpretations of the question &#8211;&nbsp;<em>what if&#8230;&nbsp;<\/em>the society was aware of its diseases? Authors aim to illustrate this dis-ease that we feel living and reflecting the contemporary world. We are producing a reflection on a micro and macro level and also proposing some solutions and possible ways of curing this present anomalies by presenting it to the public eye and making them visible.<\/p>\n","protected":false},"featured_media":0,"parent":0,"template":"","leto":[79],"jezik":[9],"umetnik-kategorija":[76],"_links":{"self":[{"href":"https:\/\/layer.si\/kaos\/wp-json\/wp\/v2\/umetniki\/874"}],"collection":[{"href":"https:\/\/layer.si\/kaos\/wp-json\/wp\/v2\/umetniki"}],"about":[{"href":"https:\/\/layer.si\/kaos\/wp-json\/wp\/v2\/types\/umetniki"}],"version-history":[{"count":1,"href":"https:\/\/layer.si\/kaos\/wp-json\/wp\/v2\/umetniki\/874\/revisions"}],"predecessor-version":[{"id":875,"href":"https:\/\/layer.si\/kaos\/wp-json\/wp\/v2\/umetniki\/874\/revisions\/875"}],"wp:attachment":[{"href":"https:\/\/layer.si\/kaos\/wp-json\/wp\/v2\/media?parent=874"}],"wp:term":[{"taxonomy":"leto","embeddable":true,"href":"https:\/\/layer.si\/kaos\/wp-json\/wp\/v2\/leto?post=874"},{"taxonomy":"jezik","embeddable":true,"href":"https:\/\/layer.si\/kaos\/wp-json\/wp\/v2\/jezik?post=874"},{"taxonomy":"umetnik-kategorija","embeddable":true,"href":"https:\/\/layer.si\/kaos\/wp-json\/wp\/v2\/umetnik-kategorija?post=874"}],"curies":[{"name":"wp","href":"https:\/\/api.w.org\/{rel}","templated":true}]}}

<p><strong>»The Sickness of Our Days«&nbsp;</strong>is&nbsp;a temporary collective of young female artists coming from different backgrounds; most of them&nbsp;are students of the art academy. They&nbsp;are active as individuals but try to&nbsp;bond together creatively on multiple occasions.&nbsp;</p>



<p>Tisa Neža Herlec, Teresa Neppi, Urša Godina, Jana Nunčič, Helena Tahir, Matea</p>



<p>Bolezen naših dni / Sickness of our days is a zine collection of collages, representing our thoughts, interpretations of the question &#8211;&nbsp;<em>what if&#8230;&nbsp;</em>the society was aware of its diseases? Authors aim to illustrate this dis-ease that we feel living and reflecting the contemporary world. We are producing a reflection on a micro and macro level and also proposing some solutions and possible ways of curing this present anomalies by presenting it to the public eye and making them visible.</p>
